{"id":9900,"date":"2024-03-02T09:22:33","date_gmt":"2024-03-02T09:22:33","guid":{"rendered":"https:\/\/www.historieta.es\/?post_type=product&#038;p=9900"},"modified":"2024-03-02T09:22:41","modified_gmt":"2024-03-02T09:22:41","slug":"a-banda-desenhada-sem-dificuldade","status":"publish","type":"product","link":"https:\/\/www.historieta.es\/?product=a-banda-desenhada-sem-dificuldade","title":{"rendered":"A Banda Desenhada Sem Dificuldade"},"content":{"rendered":"<p>[et_pb_section fb_built=\u00bb1&#8243; _builder_version=\u00bb4.20.2&#8243; custom_margin=\u00bb-44px|0px|-44px|0px|true|true\u00bb custom_padding=\u00bb0px|0px|0px|0px|true|true\u00bb collapsed=\u00bboff\u00bb global_colors_info=\u00bb{}\u00bb theme_builder_area=\u00bbpost_content\u00bb][et_pb_row column_structure=\u00bb2_5,3_5&#8243; _builder_version=\u00bb4.20.2&#8243; background_size=\u00bbinitial\u00bb background_position=\u00bbtop_left\u00bb background_repeat=\u00bbrepeat\u00bb width=\u00bb100%\u00bb custom_margin=\u00bb0px|0px|0px|0px|true|true\u00bb custom_padding=\u00bb0px|0px|0px|0px|true|true\u00bb global_colors_info=\u00bb{}\u00bb theme_builder_area=\u00bbpost_content\u00bb][et_pb_column type=\u00bb2_5&#8243; _builder_version=\u00bb4.16&#8243; custom_padding=\u00bb|||\u00bb global_colors_info=\u00bb{}\u00bb custom_padding__hover=\u00bb|||\u00bb theme_builder_area=\u00bbpost_content\u00bb][et_pb_wc_images _builder_version=\u00bb4.20.2&#8243; box_shadow_style=\u00bbpreset1&#8243; global_colors_info=\u00bb{}\u00bb theme_builder_area=\u00bbpost_content\u00bb][\/et_pb_wc_images][\/et_pb_column][et_pb_column type=\u00bb3_5&#8243; _builder_version=\u00bb4.20.2&#8243; _module_preset=\u00bbdefault\u00bb global_colors_info=\u00bb{}\u00bb theme_builder_area=\u00bbpost_content\u00bb][et_pb_tabs _builder_version=\u00bb4.20.2&#8243; _module_preset=\u00bbdefault\u00bb hover_enabled=\u00bb0&#8243; global_colors_info=\u00bb{}\u00bb theme_builder_area=\u00bbpost_content\u00bb sticky_enabled=\u00bb0&#8243;][et_pb_tab title=\u00bbDatos\u00bb _builder_version=\u00bb4.20.2&#8243; _module_preset=\u00bbdefault\u00bb hover_enabled=\u00bb0&#8243; global_colors_info=\u00bb{}\u00bb theme_builder_area=\u00bbpost_content\u00bb sticky_enabled=\u00bb0&#8243;]<\/p>\n<p>Autor: Christopher Hart<\/p>\n<p>Editorial: Taschen Evergreen<\/p>\n<p>Ciudad: Rio de Janeiro<\/p>\n<p>Pa\u00eds: Brasil<\/p>\n<p>Tama\u00f1o: 23&#215;30<\/p>\n<p>P\u00e1ginas: 144<\/p>\n<p>A\u00f1o: 1998<\/p>\n<p>Dep\u00f3sito legal:<\/p>\n<p>ISBN: 978-3822868423<\/p>\n<p><strong>IDIOMA: Portugu\u00e9s<br \/><\/strong><\/p>\n<p>[\/et_pb_tab][et_pb_tab title=\u00bbDescripci\u00f3n\u00bb _builder_version=\u00bb4.20.2&#8243; _module_preset=\u00bbdefault\u00bb hover_enabled=\u00bb0&#8243; global_colors_info=\u00bb{}\u00bb theme_builder_area=\u00bbpost_content\u00bb sticky_enabled=\u00bb0&#8243;]<\/p>\n<p>Sempre e em toda a parte, o Mal predomina. Quando o Super-Homem apareceu, em 1938, n\u00e3o precisava mais do que uma capa e de um fato aderente ao corpo para defrontar os vil\u00f5es com dignidade e sem piedade. Mas os tempos mudaram, e os her\u00f3is tamb\u00e9m&#8230; O justiceiro dos nossos dias \u00e9 uma m\u00e1quina de matar com os m\u00fasculos bem dessenhados, veste um fato justo fant\u00e1stico ou \u00e9 dono de um porte marcial, manejando com uma destreza terr\u00edfica um arsenal mort\u00edfero &#8211; a menos que ele seja dotado de poderes sobre-humano. Com o objectivo de captar a aten\u00e7\u00e3o do leitor, os grandes desenhadores do g\u00e9nero, os artistas que desenharam o Super-Homem, o Batman, o Homem-Aranha, o Punisher, Conan o B\u00e1rbaro e os Fantastic Four, explicam passo-a-passo, em dez cap\u00edtulos, como \u00abp\u00f4r em cena\u00bb o combate entre o Bem e o Mal. Este livro ensina a: Desenhar a anatomia de um personagem em a\u00e7\u00e3o Desenhar as cenas de combate de maneira convincente Utilizar com precis\u00e3o os efeitos especiais Controlar perfeitamente as t\u00e9cnivas da perspectiva Interpertar um cen\u00e1rio e trat\u00e1-lo com profissionalismo.<br \/>Editora<\/p>\n<p>[\/et_pb_tab][et_pb_tab title=\u00bbBibliograf\u00eda\u00bb _builder_version=\u00bb4.20.2&#8243; _module_preset=\u00bbdefault\u00bb global_colors_info=\u00bb{}\u00bb theme_builder_area=\u00bbpost_content\u00bb][\/et_pb_tab][\/et_pb_tabs][et_pb_wc_title _builder_version=\u00bb4.20.2&#8243; header_font=\u00bb|600|||||||\u00bb header_text_color=\u00bb#0C71C3&#8243; header_font_size=\u00bb25px\u00bb custom_margin=\u00bb0px|0px|0px|0px|true|true\u00bb custom_padding=\u00bb0px|0px|0px|0px|true|true\u00bb global_colors_info=\u00bb{}\u00bb theme_builder_area=\u00bbpost_content\u00bb][\/et_pb_wc_title][\/et_pb_column][\/et_pb_row][\/et_pb_section][et_pb_section fb_built=\u00bb1&#8243; _builder_version=\u00bb4.20.2&#8243; _module_preset=\u00bbdefault\u00bb global_colors_info=\u00bb{}\u00bb theme_builder_area=\u00bbpost_content\u00bb][\/et_pb_section][et_pb_section fb_built=\u00bb1&#8243; _builder_version=\u00bb4.20.2&#8243; _module_preset=\u00bbdefault\u00bb global_colors_info=\u00bb{}\u00bb theme_builder_area=\u00bbpost_content\u00bb][\/et_pb_section]<\/p>\n","protected":false},"excerpt":{"rendered":"<p>A Banda Desenhada Sem Dificuldade, Christopher Hart, Brasil, Portugu\u00e9s, Superh\u00e9roes<\/p>\n","protected":false},"featured_media":9901,"template":"","meta":{"_et_pb_use_builder":"on","_et_pb_old_content":"","_et_gb_content_width":"","_monsterinsights_skip_tracking":false,"_monsterinsights_sitenote_active":false,"_monsterinsights_sitenote_note":"","_monsterinsights_sitenote_category":0},"product_brand":[],"product_cat":[32],"product_tag":[],"class_list":{"0":"post-9900","1":"product","2":"type-product","3":"status-publish","4":"has-post-thumbnail","6":"product_cat-didactica","8":"first","9":"instock","10":"shipping-taxable","11":"product-type-simple"},"yoast_head":"<!-- This site is optimized with the Yoast SEO plugin v27.2 - https:\/\/yoast.com\/product\/yoast-seo-wordpress\/ -->\n<title>A Banda Desenhada Sem Dificuldade<\/title>\n<meta name=\"robots\" content=\"index, follow, max-snippet:-1, max-image-preview:large, max-video-preview:-1\" \/>\n<link rel=\"canonical\" href=\"https:\/\/www.historieta.es\/?product=a-banda-desenhada-sem-dificuldade\" \/>\n<meta property=\"og:locale\" content=\"es_ES\" \/>\n<meta property=\"og:type\" content=\"article\" \/>\n<meta property=\"og:title\" content=\"A Banda Desenhada Sem Dificuldade\" \/>\n<meta property=\"og:description\" content=\"A Banda Desenhada Sem Dificuldade, Christopher Hart, Brasil, Portugu\u00e9s, Superh\u00e9roes\" \/>\n<meta property=\"og:url\" content=\"https:\/\/www.historieta.es\/?product=a-banda-desenhada-sem-dificuldade\" \/>\n<meta property=\"og:site_name\" content=\"historieta\" \/>\n<meta property=\"article:modified_time\" content=\"2024-03-02T09:22:41+00:00\" \/>\n<meta property=\"og:image\" content=\"https:\/\/www.historieta.es\/wp-content\/uploads\/2024\/03\/A-Banda-Desenhada-sem-dificuldade.-Herois-e-Viloes.png\" \/>\n\t<meta property=\"og:image:width\" content=\"600\" \/>\n\t<meta property=\"og:image:height\" content=\"600\" \/>\n\t<meta property=\"og:image:type\" content=\"image\/png\" \/>\n<meta name=\"twitter:card\" content=\"summary_large_image\" \/>\n<meta name=\"twitter:label1\" content=\"Tiempo de lectura\" \/>\n\t<meta name=\"twitter:data1\" content=\"3 minutos\" \/>\n<script type=\"application\/ld+json\" class=\"yoast-schema-graph\">{\"@context\":\"https:\/\/schema.org\",\"@graph\":[{\"@type\":\"WebPage\",\"@id\":\"https:\/\/www.historieta.es\/?product=a-banda-desenhada-sem-dificuldade\",\"url\":\"https:\/\/www.historieta.es\/?product=a-banda-desenhada-sem-dificuldade\",\"name\":\"A Banda Desenhada Sem Dificuldade\",\"isPartOf\":{\"@id\":\"https:\/\/www.historieta.es\/#website\"},\"primaryImageOfPage\":{\"@id\":\"https:\/\/www.historieta.es\/?product=a-banda-desenhada-sem-dificuldade#primaryimage\"},\"image\":{\"@id\":\"https:\/\/www.historieta.es\/?product=a-banda-desenhada-sem-dificuldade#primaryimage\"},\"thumbnailUrl\":\"https:\/\/www.historieta.es\/wp-content\/uploads\/2024\/03\/A-Banda-Desenhada-sem-dificuldade.-Herois-e-Viloes.png\",\"datePublished\":\"2024-03-02T09:22:33+00:00\",\"dateModified\":\"2024-03-02T09:22:41+00:00\",\"breadcrumb\":{\"@id\":\"https:\/\/www.historieta.es\/?product=a-banda-desenhada-sem-dificuldade#breadcrumb\"},\"inLanguage\":\"es\",\"potentialAction\":[{\"@type\":\"ReadAction\",\"target\":[\"https:\/\/www.historieta.es\/?product=a-banda-desenhada-sem-dificuldade\"]}]},{\"@type\":\"ImageObject\",\"inLanguage\":\"es\",\"@id\":\"https:\/\/www.historieta.es\/?product=a-banda-desenhada-sem-dificuldade#primaryimage\",\"url\":\"https:\/\/www.historieta.es\/wp-content\/uploads\/2024\/03\/A-Banda-Desenhada-sem-dificuldade.-Herois-e-Viloes.png\",\"contentUrl\":\"https:\/\/www.historieta.es\/wp-content\/uploads\/2024\/03\/A-Banda-Desenhada-sem-dificuldade.-Herois-e-Viloes.png\",\"width\":600,\"height\":600},{\"@type\":\"BreadcrumbList\",\"@id\":\"https:\/\/www.historieta.es\/?product=a-banda-desenhada-sem-dificuldade#breadcrumb\",\"itemListElement\":[{\"@type\":\"ListItem\",\"position\":1,\"name\":\"Portada\",\"item\":\"https:\/\/www.historieta.es\/\"},{\"@type\":\"ListItem\",\"position\":2,\"name\":\"Productos\",\"item\":\"https:\/\/www.historieta.es\/?post_type=product\"},{\"@type\":\"ListItem\",\"position\":3,\"name\":\"A Banda Desenhada Sem Dificuldade\"}]},{\"@type\":\"WebSite\",\"@id\":\"https:\/\/www.historieta.es\/#website\",\"url\":\"https:\/\/www.historieta.es\/\",\"name\":\"historieta\",\"description\":\"sitio de comic\",\"potentialAction\":[{\"@type\":\"SearchAction\",\"target\":{\"@type\":\"EntryPoint\",\"urlTemplate\":\"https:\/\/www.historieta.es\/?s={search_term_string}\"},\"query-input\":{\"@type\":\"PropertyValueSpecification\",\"valueRequired\":true,\"valueName\":\"search_term_string\"}}],\"inLanguage\":\"es\"}]}<\/script>\n<!-- \/ Yoast SEO plugin. -->","yoast_head_json":{"title":"A Banda Desenhada Sem Dificuldade","robots":{"index":"index","follow":"follow","max-snippet":"max-snippet:-1","max-image-preview":"max-image-preview:large","max-video-preview":"max-video-preview:-1"},"canonical":"https:\/\/www.historieta.es\/?product=a-banda-desenhada-sem-dificuldade","og_locale":"es_ES","og_type":"article","og_title":"A Banda Desenhada Sem Dificuldade","og_description":"A Banda Desenhada Sem Dificuldade, Christopher Hart, Brasil, Portugu\u00e9s, Superh\u00e9roes","og_url":"https:\/\/www.historieta.es\/?product=a-banda-desenhada-sem-dificuldade","og_site_name":"historieta","article_modified_time":"2024-03-02T09:22:41+00:00","og_image":[{"width":600,"height":600,"url":"https:\/\/www.historieta.es\/wp-content\/uploads\/2024\/03\/A-Banda-Desenhada-sem-dificuldade.-Herois-e-Viloes.png","type":"image\/png"}],"twitter_card":"summary_large_image","twitter_misc":{"Tiempo de lectura":"3 minutos"},"schema":{"@context":"https:\/\/schema.org","@graph":[{"@type":"WebPage","@id":"https:\/\/www.historieta.es\/?product=a-banda-desenhada-sem-dificuldade","url":"https:\/\/www.historieta.es\/?product=a-banda-desenhada-sem-dificuldade","name":"A Banda Desenhada Sem Dificuldade","isPartOf":{"@id":"https:\/\/www.historieta.es\/#website"},"primaryImageOfPage":{"@id":"https:\/\/www.historieta.es\/?product=a-banda-desenhada-sem-dificuldade#primaryimage"},"image":{"@id":"https:\/\/www.historieta.es\/?product=a-banda-desenhada-sem-dificuldade#primaryimage"},"thumbnailUrl":"https:\/\/www.historieta.es\/wp-content\/uploads\/2024\/03\/A-Banda-Desenhada-sem-dificuldade.-Herois-e-Viloes.png","datePublished":"2024-03-02T09:22:33+00:00","dateModified":"2024-03-02T09:22:41+00:00","breadcrumb":{"@id":"https:\/\/www.historieta.es\/?product=a-banda-desenhada-sem-dificuldade#breadcrumb"},"inLanguage":"es","potentialAction":[{"@type":"ReadAction","target":["https:\/\/www.historieta.es\/?product=a-banda-desenhada-sem-dificuldade"]}]},{"@type":"ImageObject","inLanguage":"es","@id":"https:\/\/www.historieta.es\/?product=a-banda-desenhada-sem-dificuldade#primaryimage","url":"https:\/\/www.historieta.es\/wp-content\/uploads\/2024\/03\/A-Banda-Desenhada-sem-dificuldade.-Herois-e-Viloes.png","contentUrl":"https:\/\/www.historieta.es\/wp-content\/uploads\/2024\/03\/A-Banda-Desenhada-sem-dificuldade.-Herois-e-Viloes.png","width":600,"height":600},{"@type":"BreadcrumbList","@id":"https:\/\/www.historieta.es\/?product=a-banda-desenhada-sem-dificuldade#breadcrumb","itemListElement":[{"@type":"ListItem","position":1,"name":"Portada","item":"https:\/\/www.historieta.es\/"},{"@type":"ListItem","position":2,"name":"Productos","item":"https:\/\/www.historieta.es\/?post_type=product"},{"@type":"ListItem","position":3,"name":"A Banda Desenhada Sem Dificuldade"}]},{"@type":"WebSite","@id":"https:\/\/www.historieta.es\/#website","url":"https:\/\/www.historieta.es\/","name":"historieta","description":"sitio de comic","potentialAction":[{"@type":"SearchAction","target":{"@type":"EntryPoint","urlTemplate":"https:\/\/www.historieta.es\/?s={search_term_string}"},"query-input":{"@type":"PropertyValueSpecification","valueRequired":true,"valueName":"search_term_string"}}],"inLanguage":"es"}]}},"_links":{"self":[{"href":"https:\/\/www.historieta.es\/index.php?rest_route=\/wp\/v2\/product\/9900","targetHints":{"allow":["GET"]}}],"collection":[{"href":"https:\/\/www.historieta.es\/index.php?rest_route=\/wp\/v2\/product"}],"about":[{"href":"https:\/\/www.historieta.es\/index.php?rest_route=\/wp\/v2\/types\/product"}],"wp:featuredmedia":[{"embeddable":true,"href":"https:\/\/www.historieta.es\/index.php?rest_route=\/wp\/v2\/media\/9901"}],"wp:attachment":[{"href":"https:\/\/www.historieta.es\/index.php?rest_route=%2Fwp%2Fv2%2Fmedia&parent=9900"}],"wp:term":[{"taxonomy":"product_brand","embeddable":true,"href":"https:\/\/www.historieta.es\/index.php?rest_route=%2Fwp%2Fv2%2Fproduct_brand&post=9900"},{"taxonomy":"product_cat","embeddable":true,"href":"https:\/\/www.historieta.es\/index.php?rest_route=%2Fwp%2Fv2%2Fproduct_cat&post=9900"},{"taxonomy":"product_tag","embeddable":true,"href":"https:\/\/www.historieta.es\/index.php?rest_route=%2Fwp%2Fv2%2Fproduct_tag&post=9900"}],"curies":[{"name":"wp","href":"https:\/\/api.w.org\/{rel}","templated":true}]}}