{"id":8645,"date":"2023-12-28T10:18:34","date_gmt":"2023-12-28T10:18:34","guid":{"rendered":"https:\/\/www.historieta.es\/?post_type=product&#038;p=8645"},"modified":"2023-12-28T10:18:52","modified_gmt":"2023-12-28T10:18:52","slug":"el-comic-espanol-de-la-democracia-la-influencia-de-la-historieta-en-la-cultura-contemporanea","status":"publish","type":"product","link":"https:\/\/www.historieta.es\/?product=el-comic-espanol-de-la-democracia-la-influencia-de-la-historieta-en-la-cultura-contemporanea","title":{"rendered":"El c\u00f3mic espa\u00f1ol de la democracia. La influencia de la historieta en la cultura contempor\u00e1nea"},"content":{"rendered":"<p>[et_pb_section fb_built=\u00bb1&#8243; _builder_version=\u00bb4.20.2&#8243; custom_margin=\u00bb-44px|0px|-44px|0px|true|true\u00bb custom_padding=\u00bb0px|0px|0px|0px|true|true\u00bb collapsed=\u00bboff\u00bb global_colors_info=\u00bb{}\u00bb theme_builder_area=\u00bbpost_content\u00bb][et_pb_row column_structure=\u00bb2_5,3_5&#8243; _builder_version=\u00bb4.20.2&#8243; background_size=\u00bbinitial\u00bb background_position=\u00bbtop_left\u00bb background_repeat=\u00bbrepeat\u00bb width=\u00bb100%\u00bb custom_margin=\u00bb0px|0px|0px|0px|true|true\u00bb custom_padding=\u00bb0px|0px|0px|0px|true|true\u00bb global_colors_info=\u00bb{}\u00bb theme_builder_area=\u00bbpost_content\u00bb][et_pb_column type=\u00bb2_5&#8243; _builder_version=\u00bb4.16&#8243; custom_padding=\u00bb|||\u00bb global_colors_info=\u00bb{}\u00bb custom_padding__hover=\u00bb|||\u00bb theme_builder_area=\u00bbpost_content\u00bb][et_pb_wc_images _builder_version=\u00bb4.20.2&#8243; box_shadow_style=\u00bbpreset1&#8243; global_colors_info=\u00bb{}\u00bb theme_builder_area=\u00bbpost_content\u00bb][\/et_pb_wc_images][\/et_pb_column][et_pb_column type=\u00bb3_5&#8243; _builder_version=\u00bb4.20.2&#8243; _module_preset=\u00bbdefault\u00bb global_colors_info=\u00bb{}\u00bb theme_builder_area=\u00bbpost_content\u00bb][et_pb_tabs _builder_version=\u00bb4.20.2&#8243; _module_preset=\u00bbdefault\u00bb hover_enabled=\u00bb0&#8243; global_colors_info=\u00bb{}\u00bb theme_builder_area=\u00bbpost_content\u00bb sticky_enabled=\u00bb0&#8243;][et_pb_tab title=\u00bbDatos\u00bb _builder_version=\u00bb4.20.2&#8243; _module_preset=\u00bbdefault\u00bb hover_enabled=\u00bb0&#8243; global_colors_info=\u00bb{}\u00bb theme_builder_area=\u00bbpost_content\u00bb sticky_enabled=\u00bb0&#8243;]<\/p>\n<p>Autor: Julio A. Gracia Lana<\/p>\n<p>Editorial: Prensas de la Universidad de Zaragoza<\/p>\n<p>Ciudad: Zaragoza<\/p>\n<p>Pa\u00eds: Espa\u00f1a<\/p>\n<p>Tama\u00f1o: 16&#215;23<\/p>\n<p>P\u00e1ginas: 268<\/p>\n<p>A\u00f1o: 2022<\/p>\n<p>Dep\u00f3sito legal:<\/p>\n<p>ISBN: 978-8413404288<\/p>\n<p><strong>IDIOMA: Castellano<br \/><\/strong><\/p>\n<p>[\/et_pb_tab][et_pb_tab title=\u00bbDescripci\u00f3n\u00bb _builder_version=\u00bb4.20.2&#8243; _module_preset=\u00bbdefault\u00bb hover_enabled=\u00bb0&#8243; global_colors_info=\u00bb{}\u00bb theme_builder_area=\u00bbpost_content\u00bb sticky_enabled=\u00bb0&#8243;]<\/p>\n<p>El c\u00f3mic surgido en la Transici\u00f3n y consolidado en el boom de los a\u00f1os ochenta se enfrent\u00f3 en las d\u00e9cadas finales del siglo a una crisis producida por la progresiva desaparici\u00f3n de revistas como Cairo, El V\u00edbora o Zona 84. Este libro analiza las posibles causas de aquel punto de inflexi\u00f3n y revisa las trayectorias de Max, Nazario y Miguelanxo Prado, adem\u00e1s de las de Antonio Altarriba, Be\u00e0, Calpurnio, Montse Clav\u00e9, Luis Garc\u00eda, Keko, Laura, Miguel \u00c1ngel Mart\u00edn, Montesol, Paco Roca o Marika Vila.<br \/>La editorial<\/p>\n<p>Julio Gracia Lana (Zaragoza, 1989) es profesor universitario y doctor en Historia del Arte. Sus l\u00edneas de investigaci\u00f3n se enmarcan en el arte contempor\u00e1neo, con especial inter\u00e9s en el dibujo, la pintura y la novela gr\u00e1fica, as\u00ed como en la interrelaci\u00f3n entre distintos medios. Ha participado en la coordinaci\u00f3n de vol\u00famenes como Nuevas visiones sobre el c\u00f3mic. Un enfoque interdisciplinar y es autor de art\u00edculos, cap\u00edtulos y libros, entre los que se encuentra la obra Las revistas como escuela de vida. Di\u00e1logos sobre el c\u00f3mic adulto (1985-2005), editada por la Universidad de Le\u00f3n y EOLAS Ediciones.<br \/>La editorial<\/p>\n<p>[\/et_pb_tab][et_pb_tab title=\u00bbBibliograf\u00eda\u00bb _builder_version=\u00bb4.20.2&#8243; _module_preset=\u00bbdefault\u00bb global_colors_info=\u00bb{}\u00bb theme_builder_area=\u00bbpost_content\u00bb][\/et_pb_tab][\/et_pb_tabs][et_pb_wc_title _builder_version=\u00bb4.20.2&#8243; header_font=\u00bb|600|||||||\u00bb header_text_color=\u00bb#0C71C3&#8243; header_font_size=\u00bb25px\u00bb custom_margin=\u00bb0px|0px|0px|0px|true|true\u00bb custom_padding=\u00bb0px|0px|0px|0px|true|true\u00bb global_colors_info=\u00bb{}\u00bb theme_builder_area=\u00bbpost_content\u00bb][\/et_pb_wc_title][\/et_pb_column][\/et_pb_row][\/et_pb_section][et_pb_section fb_built=\u00bb1&#8243; _builder_version=\u00bb4.20.2&#8243; _module_preset=\u00bbdefault\u00bb global_colors_info=\u00bb{}\u00bb theme_builder_area=\u00bbpost_content\u00bb][\/et_pb_section][et_pb_section fb_built=\u00bb1&#8243; _builder_version=\u00bb4.20.2&#8243; _module_preset=\u00bbdefault\u00bb global_colors_info=\u00bb{}\u00bb theme_builder_area=\u00bbpost_content\u00bb][\/et_pb_section]<\/p>\n","protected":false},"excerpt":{"rendered":"<p>Julio A. Gracia Lana, Prensas de la Universidad de Zaragoza, Espa\u00f1a, Castellano<\/p>\n","protected":false},"featured_media":8646,"template":"","meta":{"_et_pb_use_builder":"on","_et_pb_old_content":"","_et_gb_content_width":"","_monsterinsights_skip_tracking":false,"_monsterinsights_sitenote_active":false,"_monsterinsights_sitenote_note":"","_monsterinsights_sitenote_category":0},"product_brand":[],"product_cat":[31],"product_tag":[],"class_list":{"0":"post-8645","1":"product","2":"type-product","3":"status-publish","4":"has-post-thumbnail","6":"product_cat-libros","8":"first","9":"instock","10":"shipping-taxable","11":"product-type-simple"},"yoast_head":"<!-- This site is optimized with the Yoast SEO plugin v27.2 - https:\/\/yoast.com\/product\/yoast-seo-wordpress\/ -->\n<title>El c\u00f3mic espa\u00f1ol de la democracia. La influencia de la historieta en la cultura contempor\u00e1nea<\/title>\n<meta name=\"robots\" content=\"index, follow, max-snippet:-1, max-image-preview:large, max-video-preview:-1\" \/>\n<link rel=\"canonical\" href=\"https:\/\/www.historieta.es\/?product=el-comic-espanol-de-la-democracia-la-influencia-de-la-historieta-en-la-cultura-contemporanea\" \/>\n<meta property=\"og:locale\" content=\"es_ES\" \/>\n<meta property=\"og:type\" content=\"article\" \/>\n<meta property=\"og:title\" content=\"El c\u00f3mic espa\u00f1ol de la democracia. La influencia de la historieta en la cultura contempor\u00e1nea\" \/>\n<meta property=\"og:description\" content=\"Julio A. Gracia Lana, Prensas de la Universidad de Zaragoza, Espa\u00f1a, Castellano\" \/>\n<meta property=\"og:url\" content=\"https:\/\/www.historieta.es\/?product=el-comic-espanol-de-la-democracia-la-influencia-de-la-historieta-en-la-cultura-contemporanea\" \/>\n<meta property=\"og:site_name\" content=\"historieta\" \/>\n<meta property=\"article:modified_time\" content=\"2023-12-28T10:18:52+00:00\" \/>\n<meta property=\"og:image\" content=\"https:\/\/www.historieta.es\/wp-content\/uploads\/2023\/12\/El-comic-espanol-de-la-democracia.-La-influencia-de-la-historieta-en-la-cultura-contemporanea.png\" \/>\n\t<meta property=\"og:image:width\" content=\"600\" \/>\n\t<meta property=\"og:image:height\" content=\"600\" \/>\n\t<meta property=\"og:image:type\" content=\"image\/png\" \/>\n<meta name=\"twitter:card\" content=\"summary_large_image\" \/>\n<meta name=\"twitter:label1\" content=\"Tiempo de lectura\" \/>\n\t<meta name=\"twitter:data1\" content=\"3 minutos\" \/>\n<script type=\"application\/ld+json\" class=\"yoast-schema-graph\">{\"@context\":\"https:\/\/schema.org\",\"@graph\":[{\"@type\":\"WebPage\",\"@id\":\"https:\/\/www.historieta.es\/?product=el-comic-espanol-de-la-democracia-la-influencia-de-la-historieta-en-la-cultura-contemporanea\",\"url\":\"https:\/\/www.historieta.es\/?product=el-comic-espanol-de-la-democracia-la-influencia-de-la-historieta-en-la-cultura-contemporanea\",\"name\":\"El c\u00f3mic espa\u00f1ol de la democracia. La influencia de la historieta en la cultura contempor\u00e1nea\",\"isPartOf\":{\"@id\":\"https:\/\/www.historieta.es\/#website\"},\"primaryImageOfPage\":{\"@id\":\"https:\/\/www.historieta.es\/?product=el-comic-espanol-de-la-democracia-la-influencia-de-la-historieta-en-la-cultura-contemporanea#primaryimage\"},\"image\":{\"@id\":\"https:\/\/www.historieta.es\/?product=el-comic-espanol-de-la-democracia-la-influencia-de-la-historieta-en-la-cultura-contemporanea#primaryimage\"},\"thumbnailUrl\":\"https:\/\/www.historieta.es\/wp-content\/uploads\/2023\/12\/El-comic-espanol-de-la-democracia.-La-influencia-de-la-historieta-en-la-cultura-contemporanea.png\",\"datePublished\":\"2023-12-28T10:18:34+00:00\",\"dateModified\":\"2023-12-28T10:18:52+00:00\",\"breadcrumb\":{\"@id\":\"https:\/\/www.historieta.es\/?product=el-comic-espanol-de-la-democracia-la-influencia-de-la-historieta-en-la-cultura-contemporanea#breadcrumb\"},\"inLanguage\":\"es\",\"potentialAction\":[{\"@type\":\"ReadAction\",\"target\":[\"https:\/\/www.historieta.es\/?product=el-comic-espanol-de-la-democracia-la-influencia-de-la-historieta-en-la-cultura-contemporanea\"]}]},{\"@type\":\"ImageObject\",\"inLanguage\":\"es\",\"@id\":\"https:\/\/www.historieta.es\/?product=el-comic-espanol-de-la-democracia-la-influencia-de-la-historieta-en-la-cultura-contemporanea#primaryimage\",\"url\":\"https:\/\/www.historieta.es\/wp-content\/uploads\/2023\/12\/El-comic-espanol-de-la-democracia.-La-influencia-de-la-historieta-en-la-cultura-contemporanea.png\",\"contentUrl\":\"https:\/\/www.historieta.es\/wp-content\/uploads\/2023\/12\/El-comic-espanol-de-la-democracia.-La-influencia-de-la-historieta-en-la-cultura-contemporanea.png\",\"width\":600,\"height\":600},{\"@type\":\"BreadcrumbList\",\"@id\":\"https:\/\/www.historieta.es\/?product=el-comic-espanol-de-la-democracia-la-influencia-de-la-historieta-en-la-cultura-contemporanea#breadcrumb\",\"itemListElement\":[{\"@type\":\"ListItem\",\"position\":1,\"name\":\"Portada\",\"item\":\"https:\/\/www.historieta.es\/\"},{\"@type\":\"ListItem\",\"position\":2,\"name\":\"Productos\",\"item\":\"https:\/\/www.historieta.es\/?post_type=product\"},{\"@type\":\"ListItem\",\"position\":3,\"name\":\"El c\u00f3mic espa\u00f1ol de la democracia. La influencia de la historieta en la cultura contempor\u00e1nea\"}]},{\"@type\":\"WebSite\",\"@id\":\"https:\/\/www.historieta.es\/#website\",\"url\":\"https:\/\/www.historieta.es\/\",\"name\":\"historieta\",\"description\":\"sitio de comic\",\"potentialAction\":[{\"@type\":\"SearchAction\",\"target\":{\"@type\":\"EntryPoint\",\"urlTemplate\":\"https:\/\/www.historieta.es\/?s={search_term_string}\"},\"query-input\":{\"@type\":\"PropertyValueSpecification\",\"valueRequired\":true,\"valueName\":\"search_term_string\"}}],\"inLanguage\":\"es\"}]}<\/script>\n<!-- \/ Yoast SEO plugin. -->","yoast_head_json":{"title":"El c\u00f3mic espa\u00f1ol de la democracia. La influencia de la historieta en la cultura contempor\u00e1nea","robots":{"index":"index","follow":"follow","max-snippet":"max-snippet:-1","max-image-preview":"max-image-preview:large","max-video-preview":"max-video-preview:-1"},"canonical":"https:\/\/www.historieta.es\/?product=el-comic-espanol-de-la-democracia-la-influencia-de-la-historieta-en-la-cultura-contemporanea","og_locale":"es_ES","og_type":"article","og_title":"El c\u00f3mic espa\u00f1ol de la democracia. La influencia de la historieta en la cultura contempor\u00e1nea","og_description":"Julio A. Gracia Lana, Prensas de la Universidad de Zaragoza, Espa\u00f1a, Castellano","og_url":"https:\/\/www.historieta.es\/?product=el-comic-espanol-de-la-democracia-la-influencia-de-la-historieta-en-la-cultura-contemporanea","og_site_name":"historieta","article_modified_time":"2023-12-28T10:18:52+00:00","og_image":[{"width":600,"height":600,"url":"https:\/\/www.historieta.es\/wp-content\/uploads\/2023\/12\/El-comic-espanol-de-la-democracia.-La-influencia-de-la-historieta-en-la-cultura-contemporanea.png","type":"image\/png"}],"twitter_card":"summary_large_image","twitter_misc":{"Tiempo de lectura":"3 minutos"},"schema":{"@context":"https:\/\/schema.org","@graph":[{"@type":"WebPage","@id":"https:\/\/www.historieta.es\/?product=el-comic-espanol-de-la-democracia-la-influencia-de-la-historieta-en-la-cultura-contemporanea","url":"https:\/\/www.historieta.es\/?product=el-comic-espanol-de-la-democracia-la-influencia-de-la-historieta-en-la-cultura-contemporanea","name":"El c\u00f3mic espa\u00f1ol de la democracia. La influencia de la historieta en la cultura contempor\u00e1nea","isPartOf":{"@id":"https:\/\/www.historieta.es\/#website"},"primaryImageOfPage":{"@id":"https:\/\/www.historieta.es\/?product=el-comic-espanol-de-la-democracia-la-influencia-de-la-historieta-en-la-cultura-contemporanea#primaryimage"},"image":{"@id":"https:\/\/www.historieta.es\/?product=el-comic-espanol-de-la-democracia-la-influencia-de-la-historieta-en-la-cultura-contemporanea#primaryimage"},"thumbnailUrl":"https:\/\/www.historieta.es\/wp-content\/uploads\/2023\/12\/El-comic-espanol-de-la-democracia.-La-influencia-de-la-historieta-en-la-cultura-contemporanea.png","datePublished":"2023-12-28T10:18:34+00:00","dateModified":"2023-12-28T10:18:52+00:00","breadcrumb":{"@id":"https:\/\/www.historieta.es\/?product=el-comic-espanol-de-la-democracia-la-influencia-de-la-historieta-en-la-cultura-contemporanea#breadcrumb"},"inLanguage":"es","potentialAction":[{"@type":"ReadAction","target":["https:\/\/www.historieta.es\/?product=el-comic-espanol-de-la-democracia-la-influencia-de-la-historieta-en-la-cultura-contemporanea"]}]},{"@type":"ImageObject","inLanguage":"es","@id":"https:\/\/www.historieta.es\/?product=el-comic-espanol-de-la-democracia-la-influencia-de-la-historieta-en-la-cultura-contemporanea#primaryimage","url":"https:\/\/www.historieta.es\/wp-content\/uploads\/2023\/12\/El-comic-espanol-de-la-democracia.-La-influencia-de-la-historieta-en-la-cultura-contemporanea.png","contentUrl":"https:\/\/www.historieta.es\/wp-content\/uploads\/2023\/12\/El-comic-espanol-de-la-democracia.-La-influencia-de-la-historieta-en-la-cultura-contemporanea.png","width":600,"height":600},{"@type":"BreadcrumbList","@id":"https:\/\/www.historieta.es\/?product=el-comic-espanol-de-la-democracia-la-influencia-de-la-historieta-en-la-cultura-contemporanea#breadcrumb","itemListElement":[{"@type":"ListItem","position":1,"name":"Portada","item":"https:\/\/www.historieta.es\/"},{"@type":"ListItem","position":2,"name":"Productos","item":"https:\/\/www.historieta.es\/?post_type=product"},{"@type":"ListItem","position":3,"name":"El c\u00f3mic espa\u00f1ol de la democracia. La influencia de la historieta en la cultura contempor\u00e1nea"}]},{"@type":"WebSite","@id":"https:\/\/www.historieta.es\/#website","url":"https:\/\/www.historieta.es\/","name":"historieta","description":"sitio de comic","potentialAction":[{"@type":"SearchAction","target":{"@type":"EntryPoint","urlTemplate":"https:\/\/www.historieta.es\/?s={search_term_string}"},"query-input":{"@type":"PropertyValueSpecification","valueRequired":true,"valueName":"search_term_string"}}],"inLanguage":"es"}]}},"_links":{"self":[{"href":"https:\/\/www.historieta.es\/index.php?rest_route=\/wp\/v2\/product\/8645","targetHints":{"allow":["GET"]}}],"collection":[{"href":"https:\/\/www.historieta.es\/index.php?rest_route=\/wp\/v2\/product"}],"about":[{"href":"https:\/\/www.historieta.es\/index.php?rest_route=\/wp\/v2\/types\/product"}],"wp:featuredmedia":[{"embeddable":true,"href":"https:\/\/www.historieta.es\/index.php?rest_route=\/wp\/v2\/media\/8646"}],"wp:attachment":[{"href":"https:\/\/www.historieta.es\/index.php?rest_route=%2Fwp%2Fv2%2Fmedia&parent=8645"}],"wp:term":[{"taxonomy":"product_brand","embeddable":true,"href":"https:\/\/www.historieta.es\/index.php?rest_route=%2Fwp%2Fv2%2Fproduct_brand&post=8645"},{"taxonomy":"product_cat","embeddable":true,"href":"https:\/\/www.historieta.es\/index.php?rest_route=%2Fwp%2Fv2%2Fproduct_cat&post=8645"},{"taxonomy":"product_tag","embeddable":true,"href":"https:\/\/www.historieta.es\/index.php?rest_route=%2Fwp%2Fv2%2Fproduct_tag&post=8645"}],"curies":[{"name":"wp","href":"https:\/\/api.w.org\/{rel}","templated":true}]}}