{"id":6984,"date":"2023-10-31T07:38:30","date_gmt":"2023-10-31T07:38:30","guid":{"rendered":"https:\/\/www.historieta.es\/?post_type=product&#038;p=6984"},"modified":"2024-03-26T08:01:07","modified_gmt":"2024-03-26T08:01:07","slug":"la-caricatura-social-y-politica-hogarth-grosz-bagaria","status":"publish","type":"product","link":"https:\/\/www.historieta.es\/?product=la-caricatura-social-y-politica-hogarth-grosz-bagaria","title":{"rendered":"La caricatura social y pol\u00edtica. Hogarth, Grosz, Bagar\u00eda"},"content":{"rendered":"<p>[et_pb_section fb_built=\u00bb1&#8243; _builder_version=\u00bb4.20.2&#8243; custom_margin=\u00bb-44px|0px|-44px|0px|true|true\u00bb custom_padding=\u00bb0px|0px|0px|0px|true|true\u00bb collapsed=\u00bboff\u00bb global_colors_info=\u00bb{}\u00bb theme_builder_area=\u00bbpost_content\u00bb][et_pb_row column_structure=\u00bb2_5,3_5&#8243; _builder_version=\u00bb4.20.2&#8243; background_size=\u00bbinitial\u00bb background_position=\u00bbtop_left\u00bb background_repeat=\u00bbrepeat\u00bb width=\u00bb100%\u00bb custom_margin=\u00bb0px|0px|0px|0px|true|true\u00bb custom_padding=\u00bb0px|0px|0px|0px|true|true\u00bb global_colors_info=\u00bb{}\u00bb theme_builder_area=\u00bbpost_content\u00bb][et_pb_column type=\u00bb2_5&#8243; _builder_version=\u00bb4.16&#8243; custom_padding=\u00bb|||\u00bb global_colors_info=\u00bb{}\u00bb custom_padding__hover=\u00bb|||\u00bb theme_builder_area=\u00bbpost_content\u00bb][et_pb_wc_images _builder_version=\u00bb4.20.2&#8243; box_shadow_style=\u00bbpreset1&#8243; global_colors_info=\u00bb{}\u00bb theme_builder_area=\u00bbpost_content\u00bb][\/et_pb_wc_images][\/et_pb_column][et_pb_column type=\u00bb3_5&#8243; _builder_version=\u00bb4.20.2&#8243; _module_preset=\u00bbdefault\u00bb global_colors_info=\u00bb{}\u00bb theme_builder_area=\u00bbpost_content\u00bb][et_pb_tabs _builder_version=\u00bb4.20.2&#8243; _module_preset=\u00bbdefault\u00bb hover_enabled=\u00bb0&#8243; global_colors_info=\u00bb{}\u00bb theme_builder_area=\u00bbpost_content\u00bb sticky_enabled=\u00bb0&#8243;][et_pb_tab title=\u00bbDatos\u00bb _builder_version=\u00bb4.20.2&#8243; _module_preset=\u00bbdefault\u00bb hover_enabled=\u00bb0&#8243; global_colors_info=\u00bb{}\u00bb theme_builder_area=\u00bbpost_content\u00bb sticky_enabled=\u00bb0&#8243;]<\/p>\n<p>Autor:<\/p>\n<p>Entidad: MuVim<\/p>\n<p>Ciudad: Valencia<\/p>\n<p>Pa\u00eds: Espa\u00f1a<\/p>\n<p>Tama\u00f1o: 17&#215;24<\/p>\n<p>P\u00e1ginas: 472<\/p>\n<p>A\u00f1o: 2007<\/p>\n<p>Dep\u00f3sito legal:<\/p>\n<p>ISBN: 978-8493584337<\/p>\n<p><strong>IDIOMA: Castellano<br \/><\/strong><\/p>\n<p>[\/et_pb_tab][et_pb_tab title=\u00bbDescripci\u00f3n\u00bb _builder_version=\u00bb4.20.2&#8243; _module_preset=\u00bbdefault\u00bb hover_enabled=\u00bb0&#8243; global_colors_info=\u00bb{}\u00bb theme_builder_area=\u00bbpost_content\u00bb sticky_enabled=\u00bb0&#8243;]<\/p>\n<p>Cat\u00e1logo de la exposici\u00f3n del MuVIM con textos de Christina Kennedy, Vicent Flor, Josep Monter, Georg Christoph Lichtenberg, Carlos P\u00e9rez, G\u00fcnter Anders, Kurt Tucholsky, Emilio Marcos Villalon y Josep Pla.<br \/>William Hogarth (Londres 1697-1764), creador de la caricatura moral y pol\u00edtica, fij\u00f3 las bases de propuestas posteriores, destinadas principalmente a la prensa. George Grosz (Berl\u00edn 1893-1959), figura destacada del arte moderno, sus dibujos y caricaturas de enorme carga sat\u00edrica sacudieron a la burgues\u00eda alemana tras la I Guerra Mundial. Llu\u00eds Bagaria (Barcelona, 1882 &#8211; La Habana, 1940) fue uno de los artistas espa\u00f1oles m\u00e1s relevantes que practic\u00f3 un dibujo de una gran agresividad pol\u00edtica desde el punto de vista del contenido, as\u00ed como de una clara influencia cubista a nivel formal.<br \/>Los tres sufrieron la censura, la persecuci\u00f3n y el exilio por culpa de sus obras.<\/p>\n<p>[\/et_pb_tab][et_pb_tab title=\u00bbBibliograf\u00eda\u00bb _builder_version=\u00bb4.20.2&#8243; _module_preset=\u00bbdefault\u00bb global_colors_info=\u00bb{}\u00bb theme_builder_area=\u00bbpost_content\u00bb][\/et_pb_tab][\/et_pb_tabs][et_pb_wc_title _builder_version=\u00bb4.20.2&#8243; header_font=\u00bb|600|||||||\u00bb header_text_color=\u00bb#0C71C3&#8243; header_font_size=\u00bb25px\u00bb custom_margin=\u00bb0px|0px|0px|0px|true|true\u00bb custom_padding=\u00bb0px|0px|0px|0px|true|true\u00bb global_colors_info=\u00bb{}\u00bb theme_builder_area=\u00bbpost_content\u00bb][\/et_pb_wc_title][\/et_pb_column][\/et_pb_row][\/et_pb_section][et_pb_section fb_built=\u00bb1&#8243; _builder_version=\u00bb4.20.2&#8243; _module_preset=\u00bbdefault\u00bb global_colors_info=\u00bb{}\u00bb theme_builder_area=\u00bbpost_content\u00bb][\/et_pb_section][et_pb_section fb_built=\u00bb1&#8243; _builder_version=\u00bb4.20.2&#8243; _module_preset=\u00bbdefault\u00bb global_colors_info=\u00bb{}\u00bb theme_builder_area=\u00bbpost_content\u00bb][\/et_pb_section]<\/p>\n","protected":false},"excerpt":{"rendered":"<p>Hogarth, Grosz, Bagar\u00eda, Castellano, Valencia, Espa\u00f1a<\/p>\n","protected":false},"featured_media":6985,"template":"","meta":{"_et_pb_use_builder":"on","_et_pb_old_content":"","_et_gb_content_width":"","_monsterinsights_skip_tracking":false,"_monsterinsights_sitenote_active":false,"_monsterinsights_sitenote_note":"","_monsterinsights_sitenote_category":0},"product_brand":[],"product_cat":[33],"product_tag":[],"class_list":{"0":"post-6984","1":"product","2":"type-product","3":"status-publish","4":"has-post-thumbnail","6":"product_cat-catalogos","8":"first","9":"instock","10":"shipping-taxable","11":"product-type-simple"},"yoast_head":"<!-- This site is optimized with the Yoast SEO plugin v27.2 - https:\/\/yoast.com\/product\/yoast-seo-wordpress\/ -->\n<title>La caricatura social y pol\u00edtica. Hogarth, Grosz, Bagar\u00eda<\/title>\n<meta name=\"robots\" content=\"index, follow, max-snippet:-1, max-image-preview:large, max-video-preview:-1\" \/>\n<link rel=\"canonical\" href=\"https:\/\/www.historieta.es\/?product=la-caricatura-social-y-politica-hogarth-grosz-bagaria\" \/>\n<meta property=\"og:locale\" content=\"es_ES\" \/>\n<meta property=\"og:type\" content=\"article\" \/>\n<meta property=\"og:title\" content=\"La caricatura social y pol\u00edtica. Hogarth, Grosz, Bagar\u00eda\" \/>\n<meta property=\"og:description\" content=\"Hogarth, Grosz, Bagar\u00eda, Castellano, Valencia, Espa\u00f1a\" \/>\n<meta property=\"og:url\" content=\"https:\/\/www.historieta.es\/?product=la-caricatura-social-y-politica-hogarth-grosz-bagaria\" \/>\n<meta property=\"og:site_name\" content=\"historieta\" \/>\n<meta property=\"article:modified_time\" content=\"2024-03-26T08:01:07+00:00\" \/>\n<meta property=\"og:image\" content=\"https:\/\/www.historieta.es\/wp-content\/uploads\/2023\/10\/La-caricatura-social-y-politica.-Hogarth-Grosz-Bagaria.png\" \/>\n\t<meta property=\"og:image:width\" content=\"600\" \/>\n\t<meta property=\"og:image:height\" content=\"600\" \/>\n\t<meta property=\"og:image:type\" content=\"image\/png\" \/>\n<meta name=\"twitter:card\" content=\"summary_large_image\" \/>\n<script type=\"application\/ld+json\" class=\"yoast-schema-graph\">{\"@context\":\"https:\/\/schema.org\",\"@graph\":[{\"@type\":\"WebPage\",\"@id\":\"https:\/\/www.historieta.es\/?product=la-caricatura-social-y-politica-hogarth-grosz-bagaria\",\"url\":\"https:\/\/www.historieta.es\/?product=la-caricatura-social-y-politica-hogarth-grosz-bagaria\",\"name\":\"La caricatura social y pol\u00edtica. Hogarth, Grosz, Bagar\u00eda\",\"isPartOf\":{\"@id\":\"https:\/\/www.historieta.es\/#website\"},\"primaryImageOfPage\":{\"@id\":\"https:\/\/www.historieta.es\/?product=la-caricatura-social-y-politica-hogarth-grosz-bagaria#primaryimage\"},\"image\":{\"@id\":\"https:\/\/www.historieta.es\/?product=la-caricatura-social-y-politica-hogarth-grosz-bagaria#primaryimage\"},\"thumbnailUrl\":\"https:\/\/www.historieta.es\/wp-content\/uploads\/2023\/10\/La-caricatura-social-y-politica.-Hogarth-Grosz-Bagaria.png\",\"datePublished\":\"2023-10-31T07:38:30+00:00\",\"dateModified\":\"2024-03-26T08:01:07+00:00\",\"breadcrumb\":{\"@id\":\"https:\/\/www.historieta.es\/?product=la-caricatura-social-y-politica-hogarth-grosz-bagaria#breadcrumb\"},\"inLanguage\":\"es\",\"potentialAction\":[{\"@type\":\"ReadAction\",\"target\":[\"https:\/\/www.historieta.es\/?product=la-caricatura-social-y-politica-hogarth-grosz-bagaria\"]}]},{\"@type\":\"ImageObject\",\"inLanguage\":\"es\",\"@id\":\"https:\/\/www.historieta.es\/?product=la-caricatura-social-y-politica-hogarth-grosz-bagaria#primaryimage\",\"url\":\"https:\/\/www.historieta.es\/wp-content\/uploads\/2023\/10\/La-caricatura-social-y-politica.-Hogarth-Grosz-Bagaria.png\",\"contentUrl\":\"https:\/\/www.historieta.es\/wp-content\/uploads\/2023\/10\/La-caricatura-social-y-politica.-Hogarth-Grosz-Bagaria.png\",\"width\":600,\"height\":600},{\"@type\":\"BreadcrumbList\",\"@id\":\"https:\/\/www.historieta.es\/?product=la-caricatura-social-y-politica-hogarth-grosz-bagaria#breadcrumb\",\"itemListElement\":[{\"@type\":\"ListItem\",\"position\":1,\"name\":\"Portada\",\"item\":\"https:\/\/www.historieta.es\/\"},{\"@type\":\"ListItem\",\"position\":2,\"name\":\"Productos\",\"item\":\"https:\/\/www.historieta.es\/?post_type=product\"},{\"@type\":\"ListItem\",\"position\":3,\"name\":\"La caricatura social y pol\u00edtica. Hogarth, Grosz, Bagar\u00eda\"}]},{\"@type\":\"WebSite\",\"@id\":\"https:\/\/www.historieta.es\/#website\",\"url\":\"https:\/\/www.historieta.es\/\",\"name\":\"historieta\",\"description\":\"sitio de comic\",\"potentialAction\":[{\"@type\":\"SearchAction\",\"target\":{\"@type\":\"EntryPoint\",\"urlTemplate\":\"https:\/\/www.historieta.es\/?s={search_term_string}\"},\"query-input\":{\"@type\":\"PropertyValueSpecification\",\"valueRequired\":true,\"valueName\":\"search_term_string\"}}],\"inLanguage\":\"es\"}]}<\/script>\n<!-- \/ Yoast SEO plugin. -->","yoast_head_json":{"title":"La caricatura social y pol\u00edtica. Hogarth, Grosz, Bagar\u00eda","robots":{"index":"index","follow":"follow","max-snippet":"max-snippet:-1","max-image-preview":"max-image-preview:large","max-video-preview":"max-video-preview:-1"},"canonical":"https:\/\/www.historieta.es\/?product=la-caricatura-social-y-politica-hogarth-grosz-bagaria","og_locale":"es_ES","og_type":"article","og_title":"La caricatura social y pol\u00edtica. Hogarth, Grosz, Bagar\u00eda","og_description":"Hogarth, Grosz, Bagar\u00eda, Castellano, Valencia, Espa\u00f1a","og_url":"https:\/\/www.historieta.es\/?product=la-caricatura-social-y-politica-hogarth-grosz-bagaria","og_site_name":"historieta","article_modified_time":"2024-03-26T08:01:07+00:00","og_image":[{"width":600,"height":600,"url":"https:\/\/www.historieta.es\/wp-content\/uploads\/2023\/10\/La-caricatura-social-y-politica.-Hogarth-Grosz-Bagaria.png","type":"image\/png"}],"twitter_card":"summary_large_image","schema":{"@context":"https:\/\/schema.org","@graph":[{"@type":"WebPage","@id":"https:\/\/www.historieta.es\/?product=la-caricatura-social-y-politica-hogarth-grosz-bagaria","url":"https:\/\/www.historieta.es\/?product=la-caricatura-social-y-politica-hogarth-grosz-bagaria","name":"La caricatura social y pol\u00edtica. Hogarth, Grosz, Bagar\u00eda","isPartOf":{"@id":"https:\/\/www.historieta.es\/#website"},"primaryImageOfPage":{"@id":"https:\/\/www.historieta.es\/?product=la-caricatura-social-y-politica-hogarth-grosz-bagaria#primaryimage"},"image":{"@id":"https:\/\/www.historieta.es\/?product=la-caricatura-social-y-politica-hogarth-grosz-bagaria#primaryimage"},"thumbnailUrl":"https:\/\/www.historieta.es\/wp-content\/uploads\/2023\/10\/La-caricatura-social-y-politica.-Hogarth-Grosz-Bagaria.png","datePublished":"2023-10-31T07:38:30+00:00","dateModified":"2024-03-26T08:01:07+00:00","breadcrumb":{"@id":"https:\/\/www.historieta.es\/?product=la-caricatura-social-y-politica-hogarth-grosz-bagaria#breadcrumb"},"inLanguage":"es","potentialAction":[{"@type":"ReadAction","target":["https:\/\/www.historieta.es\/?product=la-caricatura-social-y-politica-hogarth-grosz-bagaria"]}]},{"@type":"ImageObject","inLanguage":"es","@id":"https:\/\/www.historieta.es\/?product=la-caricatura-social-y-politica-hogarth-grosz-bagaria#primaryimage","url":"https:\/\/www.historieta.es\/wp-content\/uploads\/2023\/10\/La-caricatura-social-y-politica.-Hogarth-Grosz-Bagaria.png","contentUrl":"https:\/\/www.historieta.es\/wp-content\/uploads\/2023\/10\/La-caricatura-social-y-politica.-Hogarth-Grosz-Bagaria.png","width":600,"height":600},{"@type":"BreadcrumbList","@id":"https:\/\/www.historieta.es\/?product=la-caricatura-social-y-politica-hogarth-grosz-bagaria#breadcrumb","itemListElement":[{"@type":"ListItem","position":1,"name":"Portada","item":"https:\/\/www.historieta.es\/"},{"@type":"ListItem","position":2,"name":"Productos","item":"https:\/\/www.historieta.es\/?post_type=product"},{"@type":"ListItem","position":3,"name":"La caricatura social y pol\u00edtica. Hogarth, Grosz, Bagar\u00eda"}]},{"@type":"WebSite","@id":"https:\/\/www.historieta.es\/#website","url":"https:\/\/www.historieta.es\/","name":"historieta","description":"sitio de comic","potentialAction":[{"@type":"SearchAction","target":{"@type":"EntryPoint","urlTemplate":"https:\/\/www.historieta.es\/?s={search_term_string}"},"query-input":{"@type":"PropertyValueSpecification","valueRequired":true,"valueName":"search_term_string"}}],"inLanguage":"es"}]}},"_links":{"self":[{"href":"https:\/\/www.historieta.es\/index.php?rest_route=\/wp\/v2\/product\/6984","targetHints":{"allow":["GET"]}}],"collection":[{"href":"https:\/\/www.historieta.es\/index.php?rest_route=\/wp\/v2\/product"}],"about":[{"href":"https:\/\/www.historieta.es\/index.php?rest_route=\/wp\/v2\/types\/product"}],"wp:featuredmedia":[{"embeddable":true,"href":"https:\/\/www.historieta.es\/index.php?rest_route=\/wp\/v2\/media\/6985"}],"wp:attachment":[{"href":"https:\/\/www.historieta.es\/index.php?rest_route=%2Fwp%2Fv2%2Fmedia&parent=6984"}],"wp:term":[{"taxonomy":"product_brand","embeddable":true,"href":"https:\/\/www.historieta.es\/index.php?rest_route=%2Fwp%2Fv2%2Fproduct_brand&post=6984"},{"taxonomy":"product_cat","embeddable":true,"href":"https:\/\/www.historieta.es\/index.php?rest_route=%2Fwp%2Fv2%2Fproduct_cat&post=6984"},{"taxonomy":"product_tag","embeddable":true,"href":"https:\/\/www.historieta.es\/index.php?rest_route=%2Fwp%2Fv2%2Fproduct_tag&post=6984"}],"curies":[{"name":"wp","href":"https:\/\/api.w.org\/{rel}","templated":true}]}}