{"id":6670,"date":"2023-10-08T07:15:21","date_gmt":"2023-10-08T07:15:21","guid":{"rendered":"https:\/\/www.historieta.es\/?post_type=product&#038;p=6670"},"modified":"2024-08-08T10:13:45","modified_gmt":"2024-08-08T10:13:45","slug":"blueberry-lexperience-secrete","status":"publish","type":"product","link":"https:\/\/www.historieta.es\/?product=blueberry-lexperience-secrete","title":{"rendered":"Blueberry: L&#8217;exp\u00e9rience secr\u00e8te"},"content":{"rendered":"<p>[et_pb_section fb_built=\u00bb1&#8243; _builder_version=\u00bb4.20.2&#8243; custom_margin=\u00bb-44px|0px|-44px|0px|true|true\u00bb custom_padding=\u00bb0px|0px|0px|0px|true|true\u00bb collapsed=\u00bboff\u00bb global_colors_info=\u00bb{}\u00bb theme_builder_area=\u00bbpost_content\u00bb][et_pb_row column_structure=\u00bb2_5,3_5&#8243; _builder_version=\u00bb4.20.2&#8243; background_size=\u00bbinitial\u00bb background_position=\u00bbtop_left\u00bb background_repeat=\u00bbrepeat\u00bb width=\u00bb100%\u00bb custom_margin=\u00bb0px|0px|0px|0px|true|true\u00bb custom_padding=\u00bb0px|0px|0px|0px|true|true\u00bb global_colors_info=\u00bb{}\u00bb theme_builder_area=\u00bbpost_content\u00bb][et_pb_column type=\u00bb2_5&#8243; _builder_version=\u00bb4.20.2&#8243; custom_padding=\u00bb|||\u00bb global_colors_info=\u00bb{}\u00bb custom_padding__hover=\u00bb|||\u00bb theme_builder_area=\u00bbpost_content\u00bb][et_pb_wc_images _builder_version=\u00bb4.20.2&#8243; box_shadow_style=\u00bbpreset1&#8243; global_colors_info=\u00bb{}\u00bb theme_builder_area=\u00bbpost_content\u00bb][\/et_pb_wc_images][\/et_pb_column][et_pb_column type=\u00bb3_5&#8243; _builder_version=\u00bb4.20.2&#8243; _module_preset=\u00bbdefault\u00bb global_colors_info=\u00bb{}\u00bb theme_builder_area=\u00bbpost_content\u00bb][et_pb_tabs _builder_version=\u00bb4.20.2&#8243; _module_preset=\u00bbdefault\u00bb hover_enabled=\u00bb0&#8243; global_colors_info=\u00bb{}\u00bb theme_builder_area=\u00bbpost_content\u00bb sticky_enabled=\u00bb0&#8243;][et_pb_tab title=\u00bbDatos\u00bb _builder_version=\u00bb4.20.2&#8243; _module_preset=\u00bbdefault\u00bb hover_enabled=\u00bb0&#8243; global_colors_info=\u00bb{}\u00bb theme_builder_area=\u00bbpost_content\u00bb sticky_enabled=\u00bb0&#8243;]<\/p>\n<p>T\u00edtulo espa\u00f1ol: Blueberry: La experiencia secreta\u00a0<\/p>\n<p>Direcci\u00f3n: Jan Kounen<\/p>\n<p>Gion: Gerard Brach, Matt Alexander, Jan Kounen<\/p>\n<p>M\u00fasica: Jean-Jacques Hertz, Fran\u00e7ois Roy<\/p>\n<p>Fotograf\u00eda: Color <\/p>\n<p>Pa\u00eds: Francia<\/p>\n<p>Duraci\u00f3n: 120<\/p>\n<p>A\u00f1o: 2004<\/p>\n<p>G\u00e9nero: Oeste<\/p>\n<p>Reparto: Vincent Cassel, Juliette Lewis, Michael Madsen, Temuera Morrison, Ernest Borgnine<\/p>\n<p><strong>HISTORIETA: Luitenant Blueberry<br \/><\/strong><\/p>\n<p>[\/et_pb_tab][et_pb_tab title=\u00bbSinopsis\u00bb _builder_version=\u00bb4.20.2&#8243; _module_preset=\u00bbdefault\u00bb hover_enabled=\u00bb0&#8243; global_colors_info=\u00bb{}\u00bb theme_builder_area=\u00bbpost_content\u00bb sticky_enabled=\u00bb0&#8243;]<\/p>\n<p>Educado por los indios Cajun, Mike Blueberry, el sheriff de Palomito, debe enfrentarse a sus demonios del pasado cuando un viejo enemigo regresa a por los mapas que llevan al oro de los indios.<\/p>\n<p>[\/et_pb_tab][et_pb_tab title=\u00bbDocumentaci\u00f3n\u00bb _builder_version=\u00bb4.20.2&#8243; _module_preset=\u00bbdefault\u00bb hover_enabled=\u00bb0&#8243; global_colors_info=\u00bb{}\u00bb theme_builder_area=\u00bbpost_content\u00bb sticky_enabled=\u00bb0&#8243;]<\/p>\n<p>La pel\u00edcula adapta, libremente, al cine dos \u00e1lbumes del Teniente Blueberry, La mina del alem\u00e1n perdido y El fantasma de las balas de oro. Autores de la historieta: Jean Giraud, Gir y Jean-Michel Charlier.<br \/>Dice jean Kounen: Tras Dobermann, quise hacer una pel\u00edcula sobre el tema de las experiencias m\u00edsticas. No ten\u00eda en la cabeza escribir una historia totalmente original, sino encontrar material que tratara de un modo u otro sobre esta dimensi\u00f3n. Empec\u00e9 a desarrollar la estructura inicial del guion bas\u00e1ndome en el personaje de Fantomas; y es que en mi mente ten\u00eda claro que \u00e9ste iba a ser un film de ciencia ficci\u00f3n. Sin embargo, despu\u00e9s de varios meses trabajando en el guion, me di cuenta de que no funcionaba. Entonces, opt\u00e9 por sumergirme en la esencia de la experiencia m\u00edstica y regres\u00e9 a lo tradicional. Y entre estas tradiciones, el chamanismo fue lo que m\u00e1s me interes\u00f3; probablemente porque es lo que m\u00e1s se aproxima a mi propio estilo cinematogr\u00e1fico: soy m\u00e1s un cineasta barroco que uno contemplativo&#8230;<br \/>Ten\u00eda la sensaci\u00f3n de que el chamanismo era un punto de partida muy s\u00f3lido, y s\u00f3lo hab\u00eda que ligarlo a una historia, preferiblemente una que ya existiera. Fue entonces cuando pens\u00e9 en Blueberry. La verdad es que el chamanismo no aparec\u00eda mucho en las historias de los comics. No obstante, Jean Giraud, m\u00e1s conocido como Moebius, era el ilustrador y eso era algo muy fuerte para m\u00ed. Para m\u00ed, Moebius es un icono viviente, el que me dio la \u201ceducaci\u00f3n m\u00edstica\u201d. Su ejemplo fue mi inspiraci\u00f3n a la hora de decantarme por Bellas Artes\u2014 \u00e9l me enfrent\u00f3 a mundos y visiones que me influenciar\u00edan enormemente como artista. Por todo ello, me pareci\u00f3 l\u00f3gico combinar los universos de Giraud en un \u00fanico film, ya que a m\u00ed tambi\u00e9n me atra\u00eda el mundo del western y nunca se hab\u00eda tratado el g\u00e9nero desde la \u00f3ptica de la m\u00edstica.<br \/>Adem\u00e1s, el western me interesaba por ser un per\u00edodo hist\u00f3rico en el que el chamanismo, las culturas indias, estaba todav\u00eda en armon\u00eda con nuestra cultura occidental. Blueberry muestra el encuentro y la confrontaci\u00f3n entre ambos mundos.\u00bb<\/p>\n<p>[\/et_pb_tab][\/et_pb_tabs][et_pb_wc_title _builder_version=\u00bb4.20.2&#8243; header_font=\u00bb|600|||||||\u00bb header_text_color=\u00bb#0C71C3&#8243; header_font_size=\u00bb25px\u00bb custom_margin=\u00bb0px|0px|0px|0px|true|true\u00bb custom_padding=\u00bb0px|0px|0px|0px|true|true\u00bb global_colors_info=\u00bb{}\u00bb theme_builder_area=\u00bbpost_content\u00bb][\/et_pb_wc_title][\/et_pb_column][\/et_pb_row][et_pb_row column_structure=\u00bb3_5,2_5&#8243; _builder_version=\u00bb4.20.2&#8243; background_size=\u00bbinitial\u00bb background_position=\u00bbtop_left\u00bb background_repeat=\u00bbrepeat\u00bb width=\u00bb100%\u00bb custom_margin=\u00bb0px|0px|0px|0px|true|true\u00bb custom_padding=\u00bb0px|0px|0px|0px|true|true\u00bb global_colors_info=\u00bb{}\u00bb theme_builder_area=\u00bbpost_content\u00bb][et_pb_column type=\u00bb3_5&#8243; _builder_version=\u00bb4.20.2&#8243; _module_preset=\u00bbdefault\u00bb global_colors_info=\u00bb{}\u00bb theme_builder_area=\u00bbpost_content\u00bb][\/et_pb_column][et_pb_column type=\u00bb2_5&#8243; _builder_version=\u00bb4.20.2&#8243; custom_padding=\u00bb|||\u00bb global_colors_info=\u00bb{}\u00bb custom_padding__hover=\u00bb|||\u00bb theme_builder_area=\u00bbpost_content\u00bb][\/et_pb_column][\/et_pb_row][\/et_pb_section][et_pb_section fb_built=\u00bb1&#8243; _builder_version=\u00bb4.20.2&#8243; _module_preset=\u00bbdefault\u00bb custom_margin=\u00bb||9px|||\u00bb custom_padding=\u00bb||14px|||\u00bb global_colors_info=\u00bb{}\u00bb theme_builder_area=\u00bbpost_content\u00bb][et_pb_row column_structure=\u00bb1_3,1_3,1_3&#8243; _builder_version=\u00bb4.20.2&#8243; _module_preset=\u00bbdefault\u00bb global_colors_info=\u00bb{}\u00bb theme_builder_area=\u00bbpost_content\u00bb][et_pb_column type=\u00bb1_3&#8243; _builder_version=\u00bb4.20.2&#8243; _module_preset=\u00bbdefault\u00bb global_colors_info=\u00bb{}\u00bb theme_builder_area=\u00bbpost_content\u00bb][\/et_pb_column][et_pb_column type=\u00bb1_3&#8243; _builder_version=\u00bb4.20.2&#8243; _module_preset=\u00bbdefault\u00bb global_colors_info=\u00bb{}\u00bb theme_builder_area=\u00bbpost_content\u00bb][\/et_pb_column][et_pb_column type=\u00bb1_3&#8243; _builder_version=\u00bb4.20.2&#8243; _module_preset=\u00bbdefault\u00bb global_colors_info=\u00bb{}\u00bb theme_builder_area=\u00bbpost_content\u00bb][et_pb_image src=\u00bbhttps:\/\/www.historieta.es\/wp-content\/uploads\/2023\/10\/Blueberry-1.png\u00bb _builder_version=\u00bb4.20.2&#8243; _module_preset=\u00bbdefault\u00bb theme_builder_area=\u00bbpost_content\u00bb title_text=\u00bbBlueberry-1&#8243; show_in_lightbox=\u00bbon\u00bb hover_enabled=\u00bb0&#8243; sticky_enabled=\u00bb0&#8243;][\/et_pb_image][\/et_pb_column][\/et_pb_row][\/et_pb_section]<\/p>\n","protected":false},"excerpt":{"rendered":"<p>Blueberry: L&#8217;exp\u00e9rience secr\u00e8te, Francia, Teniente Blueberry, Jean Giraud, Gir, Jean-Michel Charlier<\/p>\n","protected":false},"featured_media":6671,"template":"","meta":{"_et_pb_use_builder":"on","_et_pb_old_content":"","_et_gb_content_width":"","_monsterinsights_skip_tracking":false,"_monsterinsights_sitenote_active":false,"_monsterinsights_sitenote_note":"","_monsterinsights_sitenote_category":0},"product_brand":[],"product_cat":[28,60],"product_tag":[],"class_list":{"0":"post-6670","1":"product","2":"type-product","3":"status-publish","4":"has-post-thumbnail","6":"product_cat-peliculas","7":"product_cat-peliculas-historieta-franco-belga","9":"first","10":"instock","11":"shipping-taxable","12":"product-type-simple"},"yoast_head":"<!-- This site is optimized with the Yoast SEO plugin v27.2 - https:\/\/yoast.com\/product\/yoast-seo-wordpress\/ -->\n<title>Blueberry: L&#039;exp\u00e9rience secr\u00e8te<\/title>\n<meta name=\"robots\" content=\"index, follow, max-snippet:-1, max-image-preview:large, max-video-preview:-1\" \/>\n<link rel=\"canonical\" href=\"https:\/\/www.historieta.es\/?product=blueberry-lexperience-secrete\" \/>\n<meta property=\"og:locale\" content=\"es_ES\" \/>\n<meta property=\"og:type\" content=\"article\" \/>\n<meta property=\"og:title\" content=\"Blueberry: L&#039;exp\u00e9rience secr\u00e8te\" \/>\n<meta property=\"og:description\" content=\"Blueberry: L&#039;exp\u00e9rience secr\u00e8te, Francia, Teniente Blueberry, Jean Giraud, Gir, Jean-Michel Charlier\" \/>\n<meta property=\"og:url\" content=\"https:\/\/www.historieta.es\/?product=blueberry-lexperience-secrete\" \/>\n<meta property=\"og:site_name\" content=\"historieta\" \/>\n<meta property=\"article:modified_time\" content=\"2024-08-08T10:13:45+00:00\" \/>\n<meta property=\"og:image\" content=\"https:\/\/www.historieta.es\/wp-content\/uploads\/2023\/10\/Blueberry-l\u00b4experience-secrete.png\" \/>\n\t<meta property=\"og:image:width\" content=\"600\" \/>\n\t<meta property=\"og:image:height\" content=\"600\" \/>\n\t<meta property=\"og:image:type\" content=\"image\/png\" \/>\n<meta name=\"twitter:card\" content=\"summary_large_image\" \/>\n<script type=\"application\/ld+json\" class=\"yoast-schema-graph\">{\"@context\":\"https:\/\/schema.org\",\"@graph\":[{\"@type\":\"WebPage\",\"@id\":\"https:\/\/www.historieta.es\/?product=blueberry-lexperience-secrete\",\"url\":\"https:\/\/www.historieta.es\/?product=blueberry-lexperience-secrete\",\"name\":\"Blueberry: L'exp\u00e9rience secr\u00e8te\",\"isPartOf\":{\"@id\":\"https:\/\/www.historieta.es\/#website\"},\"primaryImageOfPage\":{\"@id\":\"https:\/\/www.historieta.es\/?product=blueberry-lexperience-secrete#primaryimage\"},\"image\":{\"@id\":\"https:\/\/www.historieta.es\/?product=blueberry-lexperience-secrete#primaryimage\"},\"thumbnailUrl\":\"https:\/\/www.historieta.es\/wp-content\/uploads\/2023\/10\/Blueberry-l\u00b4experience-secrete.png\",\"datePublished\":\"2023-10-08T07:15:21+00:00\",\"dateModified\":\"2024-08-08T10:13:45+00:00\",\"breadcrumb\":{\"@id\":\"https:\/\/www.historieta.es\/?product=blueberry-lexperience-secrete#breadcrumb\"},\"inLanguage\":\"es\",\"potentialAction\":[{\"@type\":\"ReadAction\",\"target\":[\"https:\/\/www.historieta.es\/?product=blueberry-lexperience-secrete\"]}]},{\"@type\":\"ImageObject\",\"inLanguage\":\"es\",\"@id\":\"https:\/\/www.historieta.es\/?product=blueberry-lexperience-secrete#primaryimage\",\"url\":\"https:\/\/www.historieta.es\/wp-content\/uploads\/2023\/10\/Blueberry-l\u00b4experience-secrete.png\",\"contentUrl\":\"https:\/\/www.historieta.es\/wp-content\/uploads\/2023\/10\/Blueberry-l\u00b4experience-secrete.png\",\"width\":600,\"height\":600},{\"@type\":\"BreadcrumbList\",\"@id\":\"https:\/\/www.historieta.es\/?product=blueberry-lexperience-secrete#breadcrumb\",\"itemListElement\":[{\"@type\":\"ListItem\",\"position\":1,\"name\":\"Portada\",\"item\":\"https:\/\/www.historieta.es\/\"},{\"@type\":\"ListItem\",\"position\":2,\"name\":\"Productos\",\"item\":\"https:\/\/www.historieta.es\/?post_type=product\"},{\"@type\":\"ListItem\",\"position\":3,\"name\":\"Blueberry: L&#8217;exp\u00e9rience secr\u00e8te\"}]},{\"@type\":\"WebSite\",\"@id\":\"https:\/\/www.historieta.es\/#website\",\"url\":\"https:\/\/www.historieta.es\/\",\"name\":\"historieta\",\"description\":\"sitio de comic\",\"potentialAction\":[{\"@type\":\"SearchAction\",\"target\":{\"@type\":\"EntryPoint\",\"urlTemplate\":\"https:\/\/www.historieta.es\/?s={search_term_string}\"},\"query-input\":{\"@type\":\"PropertyValueSpecification\",\"valueRequired\":true,\"valueName\":\"search_term_string\"}}],\"inLanguage\":\"es\"}]}<\/script>\n<!-- \/ Yoast SEO plugin. -->","yoast_head_json":{"title":"Blueberry: L'exp\u00e9rience secr\u00e8te","robots":{"index":"index","follow":"follow","max-snippet":"max-snippet:-1","max-image-preview":"max-image-preview:large","max-video-preview":"max-video-preview:-1"},"canonical":"https:\/\/www.historieta.es\/?product=blueberry-lexperience-secrete","og_locale":"es_ES","og_type":"article","og_title":"Blueberry: L'exp\u00e9rience secr\u00e8te","og_description":"Blueberry: L'exp\u00e9rience secr\u00e8te, Francia, Teniente Blueberry, Jean Giraud, Gir, Jean-Michel Charlier","og_url":"https:\/\/www.historieta.es\/?product=blueberry-lexperience-secrete","og_site_name":"historieta","article_modified_time":"2024-08-08T10:13:45+00:00","og_image":[{"width":600,"height":600,"url":"https:\/\/www.historieta.es\/wp-content\/uploads\/2023\/10\/Blueberry-l\u00b4experience-secrete.png","type":"image\/png"}],"twitter_card":"summary_large_image","schema":{"@context":"https:\/\/schema.org","@graph":[{"@type":"WebPage","@id":"https:\/\/www.historieta.es\/?product=blueberry-lexperience-secrete","url":"https:\/\/www.historieta.es\/?product=blueberry-lexperience-secrete","name":"Blueberry: L'exp\u00e9rience secr\u00e8te","isPartOf":{"@id":"https:\/\/www.historieta.es\/#website"},"primaryImageOfPage":{"@id":"https:\/\/www.historieta.es\/?product=blueberry-lexperience-secrete#primaryimage"},"image":{"@id":"https:\/\/www.historieta.es\/?product=blueberry-lexperience-secrete#primaryimage"},"thumbnailUrl":"https:\/\/www.historieta.es\/wp-content\/uploads\/2023\/10\/Blueberry-l\u00b4experience-secrete.png","datePublished":"2023-10-08T07:15:21+00:00","dateModified":"2024-08-08T10:13:45+00:00","breadcrumb":{"@id":"https:\/\/www.historieta.es\/?product=blueberry-lexperience-secrete#breadcrumb"},"inLanguage":"es","potentialAction":[{"@type":"ReadAction","target":["https:\/\/www.historieta.es\/?product=blueberry-lexperience-secrete"]}]},{"@type":"ImageObject","inLanguage":"es","@id":"https:\/\/www.historieta.es\/?product=blueberry-lexperience-secrete#primaryimage","url":"https:\/\/www.historieta.es\/wp-content\/uploads\/2023\/10\/Blueberry-l\u00b4experience-secrete.png","contentUrl":"https:\/\/www.historieta.es\/wp-content\/uploads\/2023\/10\/Blueberry-l\u00b4experience-secrete.png","width":600,"height":600},{"@type":"BreadcrumbList","@id":"https:\/\/www.historieta.es\/?product=blueberry-lexperience-secrete#breadcrumb","itemListElement":[{"@type":"ListItem","position":1,"name":"Portada","item":"https:\/\/www.historieta.es\/"},{"@type":"ListItem","position":2,"name":"Productos","item":"https:\/\/www.historieta.es\/?post_type=product"},{"@type":"ListItem","position":3,"name":"Blueberry: L&#8217;exp\u00e9rience secr\u00e8te"}]},{"@type":"WebSite","@id":"https:\/\/www.historieta.es\/#website","url":"https:\/\/www.historieta.es\/","name":"historieta","description":"sitio de comic","potentialAction":[{"@type":"SearchAction","target":{"@type":"EntryPoint","urlTemplate":"https:\/\/www.historieta.es\/?s={search_term_string}"},"query-input":{"@type":"PropertyValueSpecification","valueRequired":true,"valueName":"search_term_string"}}],"inLanguage":"es"}]}},"_links":{"self":[{"href":"https:\/\/www.historieta.es\/index.php?rest_route=\/wp\/v2\/product\/6670","targetHints":{"allow":["GET"]}}],"collection":[{"href":"https:\/\/www.historieta.es\/index.php?rest_route=\/wp\/v2\/product"}],"about":[{"href":"https:\/\/www.historieta.es\/index.php?rest_route=\/wp\/v2\/types\/product"}],"wp:featuredmedia":[{"embeddable":true,"href":"https:\/\/www.historieta.es\/index.php?rest_route=\/wp\/v2\/media\/6671"}],"wp:attachment":[{"href":"https:\/\/www.historieta.es\/index.php?rest_route=%2Fwp%2Fv2%2Fmedia&parent=6670"}],"wp:term":[{"taxonomy":"product_brand","embeddable":true,"href":"https:\/\/www.historieta.es\/index.php?rest_route=%2Fwp%2Fv2%2Fproduct_brand&post=6670"},{"taxonomy":"product_cat","embeddable":true,"href":"https:\/\/www.historieta.es\/index.php?rest_route=%2Fwp%2Fv2%2Fproduct_cat&post=6670"},{"taxonomy":"product_tag","embeddable":true,"href":"https:\/\/www.historieta.es\/index.php?rest_route=%2Fwp%2Fv2%2Fproduct_tag&post=6670"}],"curies":[{"name":"wp","href":"https:\/\/api.w.org\/{rel}","templated":true}]}}