{"id":4872,"date":"2023-06-25T15:08:50","date_gmt":"2023-06-25T15:08:50","guid":{"rendered":"https:\/\/www.historieta.es\/?post_type=product&#038;p=4872"},"modified":"2023-07-31T19:08:31","modified_gmt":"2023-07-31T19:08:31","slug":"comics-manual-de-instrucciones","status":"publish","type":"product","link":"https:\/\/www.historieta.es\/?product=comics-manual-de-instrucciones","title":{"rendered":"C\u00f3mics: manual de instrucciones"},"content":{"rendered":"<p>[et_pb_section fb_built=\u00bb1&#8243; _builder_version=\u00bb4.20.2&#8243; custom_margin=\u00bb-44px|0px|-44px|0px|true|true\u00bb custom_padding=\u00bb0px|0px|0px|0px|true|true\u00bb collapsed=\u00bboff\u00bb global_colors_info=\u00bb{}\u00bb][et_pb_row column_structure=\u00bb2_5,3_5&#8243; _builder_version=\u00bb4.20.2&#8243; background_size=\u00bbinitial\u00bb background_position=\u00bbtop_left\u00bb background_repeat=\u00bbrepeat\u00bb width=\u00bb100%\u00bb custom_margin=\u00bb0px|0px|0px|0px|true|true\u00bb custom_padding=\u00bb0px|0px|0px|0px|true|true\u00bb global_colors_info=\u00bb{}\u00bb][et_pb_column type=\u00bb2_5&#8243; _builder_version=\u00bb4.16&#8243; custom_padding=\u00bb|||\u00bb global_colors_info=\u00bb{}\u00bb custom_padding__hover=\u00bb|||\u00bb][et_pb_wc_images _builder_version=\u00bb4.20.2&#8243; box_shadow_style=\u00bbpreset1&#8243; global_colors_info=\u00bb{}\u00bb][\/et_pb_wc_images][\/et_pb_column][et_pb_column type=\u00bb3_5&#8243; _builder_version=\u00bb4.20.2&#8243; _module_preset=\u00bbdefault\u00bb global_colors_info=\u00bb{}\u00bb][et_pb_tabs _builder_version=\u00bb4.20.2&#8243; _module_preset=\u00bbdefault\u00bb global_colors_info=\u00bb{}\u00bb][et_pb_tab title=\u00bbDatos\u00bb _builder_version=\u00bb4.20.2&#8243; _module_preset=\u00bbdefault\u00bb global_colors_info=\u00bb{}\u00bb]<\/p>\n<p>Autor: Roberto Bergado y otros<\/p>\n<p>Editorial: Astiberri<\/p>\n<p>Ciudad: Bilbao<\/p>\n<p>Pa\u00eds: Espa\u00f1a<\/p>\n<p>Tama\u00f1o: 14&#215;18<\/p>\n<p>P\u00e1ginas: 320<\/p>\n<p>A\u00f1o: 2016<\/p>\n<p>Dep\u00f3sito legal:<\/p>\n<p>ISBN: 978-8415685999\u00a0<\/p>\n<p><strong>IDIOMA: Castellano<br \/><\/strong><\/p>\n<p>[\/et_pb_tab][et_pb_tab title=\u00bbDescripci\u00f3n\u00bb _builder_version=\u00bb4.20.2&#8243; _module_preset=\u00bbdefault\u00bb global_colors_info=\u00bb{}\u00bb]<\/p>\n<p>Cuando hacemos un c\u00f3mic, \u00bfpor d\u00f3nde se empieza? \u00bfEl texto de los bocadillos se rellena antes o despu\u00e9s? \u00bfC\u00f3mo se hacen las fuentes para una rotulaci\u00f3n espec\u00edfica? Para presentar un proyecto a una editorial, \u00bfes mejor hacer toda la obra o basta con 6 p\u00e1ginas? \u00bfCu\u00e1ntos programas espec\u00edficos hay para el color digital? Hay muchas preguntas (b\u00e1sicas algunas, m\u00e1s refinadas y espec\u00edficas otras) que cualquier persona puede hacerse con respecto a c\u00f3mo se hacen los c\u00f3mics. Este libro pretende aclararlas. C\u00f3mics: manual de instrucciones explica brevemente la historia del c\u00f3mic para, a continuaci\u00f3n, centrarse paso a paso en todos aquellos elementos que componen su realizaci\u00f3n, desde el gui\u00f3n hasta que el c\u00f3mic est\u00e1 en la calle. Es decir, el gui\u00f3n, el dibujo a l\u00e1piz y a tinta, el dibujo digital, el color, la rotulaci\u00f3n, las onomatopeyas e, incluso, c\u00f3mo presentar un proyecto a una editorial. Igualmente se explican detalles de la t\u00e9cnica de la impresi\u00f3n y de la historieta digital, as\u00ed como de la distribuci\u00f3n y de la venta. Si no todo, casi todo lo que implica hacer una historieta incorpora este C\u00f3mics: manual de instrucciones realizado a ocho manos por experimentados te\u00f3ricos, guionistas y dibujantes del medio: Roberto Bergado, Pepe G\u00e1lvez, Antoni Guiral y Jes\u00fas Redondo. Asimismo, se habla tambi\u00e9n de la forma en que debe presentarse un proyecto a un editor espa\u00f1ol, de los contratos actuales, e incluye adem\u00e1s entrevistas a un guionista (Antonio Altarriba), un dibujante (Rub\u00e9n Pellejero) y un editor (\u00d3scar Valiente, de Norma Editorial). Una obra, en definitiva, que aporta una informaci\u00f3n determinante sobre los aspectos m\u00e1s importantes que rodean el arte y la industria del c\u00f3mic.<br \/>La editorial<\/p>\n<p>[\/et_pb_tab][et_pb_tab title=\u00bbBibliograf\u00eda\u00bb _builder_version=\u00bb4.20.2&#8243; _module_preset=\u00bbdefault\u00bb global_colors_info=\u00bb{}\u00bb][\/et_pb_tab][\/et_pb_tabs][et_pb_wc_title _builder_version=\u00bb4.20.2&#8243; header_font=\u00bb|600|||||||\u00bb header_text_color=\u00bb#0C71C3&#8243; header_font_size=\u00bb25px\u00bb custom_margin=\u00bb0px|0px|0px|0px|true|true\u00bb custom_padding=\u00bb0px|0px|0px|0px|true|true\u00bb global_colors_info=\u00bb{}\u00bb][\/et_pb_wc_title][\/et_pb_column][\/et_pb_row][\/et_pb_section][et_pb_section fb_built=\u00bb1&#8243; _builder_version=\u00bb4.20.2&#8243; _module_preset=\u00bbdefault\u00bb global_colors_info=\u00bb{}\u00bb][\/et_pb_section][et_pb_section fb_built=\u00bb1&#8243; _builder_version=\u00bb4.20.2&#8243; _module_preset=\u00bbdefault\u00bb global_colors_info=\u00bb{}\u00bb][\/et_pb_section]<\/p>\n","protected":false},"excerpt":{"rendered":"<p>C\u00f3mics: manual de instrucciones, Castellano, Roberto Bergado, Astiberri, Espa\u00f1a, 2016<\/p>\n","protected":false},"featured_media":4873,"template":"","meta":{"_et_pb_use_builder":"on","_et_pb_old_content":"","_et_gb_content_width":"","_monsterinsights_skip_tracking":false,"_monsterinsights_sitenote_active":false,"_monsterinsights_sitenote_note":"","_monsterinsights_sitenote_category":0},"product_brand":[],"product_cat":[32],"product_tag":[],"class_list":{"0":"post-4872","1":"product","2":"type-product","3":"status-publish","4":"has-post-thumbnail","6":"product_cat-didactica","8":"first","9":"instock","10":"shipping-taxable","11":"product-type-simple"},"yoast_head":"<!-- This site is optimized with the Yoast SEO plugin v27.2 - https:\/\/yoast.com\/product\/yoast-seo-wordpress\/ -->\n<title>C\u00f3mics: manual de instrucciones<\/title>\n<meta name=\"robots\" content=\"index, follow, max-snippet:-1, max-image-preview:large, max-video-preview:-1\" \/>\n<link rel=\"canonical\" href=\"https:\/\/www.historieta.es\/?product=comics-manual-de-instrucciones\" \/>\n<meta property=\"og:locale\" content=\"es_ES\" \/>\n<meta property=\"og:type\" content=\"article\" \/>\n<meta property=\"og:title\" content=\"C\u00f3mics: manual de instrucciones\" \/>\n<meta property=\"og:description\" content=\"C\u00f3mics: manual de instrucciones, Castellano, Roberto Bergado, Astiberri, Espa\u00f1a, 2016\" \/>\n<meta property=\"og:url\" content=\"https:\/\/www.historieta.es\/?product=comics-manual-de-instrucciones\" \/>\n<meta property=\"og:site_name\" content=\"historieta\" \/>\n<meta property=\"article:modified_time\" content=\"2023-07-31T19:08:31+00:00\" \/>\n<meta property=\"og:image\" content=\"https:\/\/www.historieta.es\/wp-content\/uploads\/2023\/06\/comics-manual-de-instrucciones.png\" \/>\n\t<meta property=\"og:image:width\" content=\"600\" \/>\n\t<meta property=\"og:image:height\" content=\"600\" \/>\n\t<meta property=\"og:image:type\" content=\"image\/png\" \/>\n<meta name=\"twitter:card\" content=\"summary_large_image\" \/>\n<meta name=\"twitter:label1\" content=\"Tiempo de lectura\" \/>\n\t<meta name=\"twitter:data1\" content=\"2 minutos\" \/>\n<script type=\"application\/ld+json\" class=\"yoast-schema-graph\">{\"@context\":\"https:\/\/schema.org\",\"@graph\":[{\"@type\":\"WebPage\",\"@id\":\"https:\/\/www.historieta.es\/?product=comics-manual-de-instrucciones\",\"url\":\"https:\/\/www.historieta.es\/?product=comics-manual-de-instrucciones\",\"name\":\"C\u00f3mics: manual de instrucciones\",\"isPartOf\":{\"@id\":\"https:\/\/www.historieta.es\/#website\"},\"primaryImageOfPage\":{\"@id\":\"https:\/\/www.historieta.es\/?product=comics-manual-de-instrucciones#primaryimage\"},\"image\":{\"@id\":\"https:\/\/www.historieta.es\/?product=comics-manual-de-instrucciones#primaryimage\"},\"thumbnailUrl\":\"https:\/\/www.historieta.es\/wp-content\/uploads\/2023\/06\/comics-manual-de-instrucciones.png\",\"datePublished\":\"2023-06-25T15:08:50+00:00\",\"dateModified\":\"2023-07-31T19:08:31+00:00\",\"breadcrumb\":{\"@id\":\"https:\/\/www.historieta.es\/?product=comics-manual-de-instrucciones#breadcrumb\"},\"inLanguage\":\"es\",\"potentialAction\":[{\"@type\":\"ReadAction\",\"target\":[\"https:\/\/www.historieta.es\/?product=comics-manual-de-instrucciones\"]}]},{\"@type\":\"ImageObject\",\"inLanguage\":\"es\",\"@id\":\"https:\/\/www.historieta.es\/?product=comics-manual-de-instrucciones#primaryimage\",\"url\":\"https:\/\/www.historieta.es\/wp-content\/uploads\/2023\/06\/comics-manual-de-instrucciones.png\",\"contentUrl\":\"https:\/\/www.historieta.es\/wp-content\/uploads\/2023\/06\/comics-manual-de-instrucciones.png\",\"width\":600,\"height\":600},{\"@type\":\"BreadcrumbList\",\"@id\":\"https:\/\/www.historieta.es\/?product=comics-manual-de-instrucciones#breadcrumb\",\"itemListElement\":[{\"@type\":\"ListItem\",\"position\":1,\"name\":\"Portada\",\"item\":\"https:\/\/www.historieta.es\/\"},{\"@type\":\"ListItem\",\"position\":2,\"name\":\"Productos\",\"item\":\"https:\/\/www.historieta.es\/?post_type=product\"},{\"@type\":\"ListItem\",\"position\":3,\"name\":\"C\u00f3mics: manual de instrucciones\"}]},{\"@type\":\"WebSite\",\"@id\":\"https:\/\/www.historieta.es\/#website\",\"url\":\"https:\/\/www.historieta.es\/\",\"name\":\"historieta\",\"description\":\"sitio de comic\",\"potentialAction\":[{\"@type\":\"SearchAction\",\"target\":{\"@type\":\"EntryPoint\",\"urlTemplate\":\"https:\/\/www.historieta.es\/?s={search_term_string}\"},\"query-input\":{\"@type\":\"PropertyValueSpecification\",\"valueRequired\":true,\"valueName\":\"search_term_string\"}}],\"inLanguage\":\"es\"}]}<\/script>\n<!-- \/ Yoast SEO plugin. -->","yoast_head_json":{"title":"C\u00f3mics: manual de instrucciones","robots":{"index":"index","follow":"follow","max-snippet":"max-snippet:-1","max-image-preview":"max-image-preview:large","max-video-preview":"max-video-preview:-1"},"canonical":"https:\/\/www.historieta.es\/?product=comics-manual-de-instrucciones","og_locale":"es_ES","og_type":"article","og_title":"C\u00f3mics: manual de instrucciones","og_description":"C\u00f3mics: manual de instrucciones, Castellano, Roberto Bergado, Astiberri, Espa\u00f1a, 2016","og_url":"https:\/\/www.historieta.es\/?product=comics-manual-de-instrucciones","og_site_name":"historieta","article_modified_time":"2023-07-31T19:08:31+00:00","og_image":[{"width":600,"height":600,"url":"https:\/\/www.historieta.es\/wp-content\/uploads\/2023\/06\/comics-manual-de-instrucciones.png","type":"image\/png"}],"twitter_card":"summary_large_image","twitter_misc":{"Tiempo de lectura":"2 minutos"},"schema":{"@context":"https:\/\/schema.org","@graph":[{"@type":"WebPage","@id":"https:\/\/www.historieta.es\/?product=comics-manual-de-instrucciones","url":"https:\/\/www.historieta.es\/?product=comics-manual-de-instrucciones","name":"C\u00f3mics: manual de instrucciones","isPartOf":{"@id":"https:\/\/www.historieta.es\/#website"},"primaryImageOfPage":{"@id":"https:\/\/www.historieta.es\/?product=comics-manual-de-instrucciones#primaryimage"},"image":{"@id":"https:\/\/www.historieta.es\/?product=comics-manual-de-instrucciones#primaryimage"},"thumbnailUrl":"https:\/\/www.historieta.es\/wp-content\/uploads\/2023\/06\/comics-manual-de-instrucciones.png","datePublished":"2023-06-25T15:08:50+00:00","dateModified":"2023-07-31T19:08:31+00:00","breadcrumb":{"@id":"https:\/\/www.historieta.es\/?product=comics-manual-de-instrucciones#breadcrumb"},"inLanguage":"es","potentialAction":[{"@type":"ReadAction","target":["https:\/\/www.historieta.es\/?product=comics-manual-de-instrucciones"]}]},{"@type":"ImageObject","inLanguage":"es","@id":"https:\/\/www.historieta.es\/?product=comics-manual-de-instrucciones#primaryimage","url":"https:\/\/www.historieta.es\/wp-content\/uploads\/2023\/06\/comics-manual-de-instrucciones.png","contentUrl":"https:\/\/www.historieta.es\/wp-content\/uploads\/2023\/06\/comics-manual-de-instrucciones.png","width":600,"height":600},{"@type":"BreadcrumbList","@id":"https:\/\/www.historieta.es\/?product=comics-manual-de-instrucciones#breadcrumb","itemListElement":[{"@type":"ListItem","position":1,"name":"Portada","item":"https:\/\/www.historieta.es\/"},{"@type":"ListItem","position":2,"name":"Productos","item":"https:\/\/www.historieta.es\/?post_type=product"},{"@type":"ListItem","position":3,"name":"C\u00f3mics: manual de instrucciones"}]},{"@type":"WebSite","@id":"https:\/\/www.historieta.es\/#website","url":"https:\/\/www.historieta.es\/","name":"historieta","description":"sitio de comic","potentialAction":[{"@type":"SearchAction","target":{"@type":"EntryPoint","urlTemplate":"https:\/\/www.historieta.es\/?s={search_term_string}"},"query-input":{"@type":"PropertyValueSpecification","valueRequired":true,"valueName":"search_term_string"}}],"inLanguage":"es"}]}},"_links":{"self":[{"href":"https:\/\/www.historieta.es\/index.php?rest_route=\/wp\/v2\/product\/4872","targetHints":{"allow":["GET"]}}],"collection":[{"href":"https:\/\/www.historieta.es\/index.php?rest_route=\/wp\/v2\/product"}],"about":[{"href":"https:\/\/www.historieta.es\/index.php?rest_route=\/wp\/v2\/types\/product"}],"wp:featuredmedia":[{"embeddable":true,"href":"https:\/\/www.historieta.es\/index.php?rest_route=\/wp\/v2\/media\/4873"}],"wp:attachment":[{"href":"https:\/\/www.historieta.es\/index.php?rest_route=%2Fwp%2Fv2%2Fmedia&parent=4872"}],"wp:term":[{"taxonomy":"product_brand","embeddable":true,"href":"https:\/\/www.historieta.es\/index.php?rest_route=%2Fwp%2Fv2%2Fproduct_brand&post=4872"},{"taxonomy":"product_cat","embeddable":true,"href":"https:\/\/www.historieta.es\/index.php?rest_route=%2Fwp%2Fv2%2Fproduct_cat&post=4872"},{"taxonomy":"product_tag","embeddable":true,"href":"https:\/\/www.historieta.es\/index.php?rest_route=%2Fwp%2Fv2%2Fproduct_tag&post=4872"}],"curies":[{"name":"wp","href":"https:\/\/api.w.org\/{rel}","templated":true}]}}