{"id":4339,"date":"2023-06-15T09:04:19","date_gmt":"2023-06-15T09:04:19","guid":{"rendered":"https:\/\/www.historieta.es\/?post_type=product&#038;p=4339"},"modified":"2024-01-19T10:30:09","modified_gmt":"2024-01-19T10:30:09","slug":"los-tebeos-de-la-e-g-b-de-mortadelo-a-batman","status":"publish","type":"product","link":"https:\/\/www.historieta.es\/?product=los-tebeos-de-la-e-g-b-de-mortadelo-a-batman","title":{"rendered":"Los tebeos de la E.G.B. De Mortadelo a Batman"},"content":{"rendered":"<p>[et_pb_section fb_built=\u00bb1&#8243; _builder_version=\u00bb4.20.2&#8243; custom_margin=\u00bb-44px|0px|-44px|0px|true|true\u00bb custom_padding=\u00bb0px|0px|0px|0px|true|true\u00bb collapsed=\u00bboff\u00bb global_colors_info=\u00bb{}\u00bb][et_pb_row column_structure=\u00bb2_5,3_5&#8243; _builder_version=\u00bb4.20.2&#8243; background_size=\u00bbinitial\u00bb background_position=\u00bbtop_left\u00bb background_repeat=\u00bbrepeat\u00bb width=\u00bb100%\u00bb custom_margin=\u00bb0px|0px|0px|0px|true|true\u00bb custom_padding=\u00bb0px|0px|0px|0px|true|true\u00bb global_colors_info=\u00bb{}\u00bb][et_pb_column type=\u00bb2_5&#8243; _builder_version=\u00bb4.16&#8243; custom_padding=\u00bb|||\u00bb global_colors_info=\u00bb{}\u00bb custom_padding__hover=\u00bb|||\u00bb][et_pb_wc_images _builder_version=\u00bb4.20.2&#8243; box_shadow_style=\u00bbpreset1&#8243; global_colors_info=\u00bb{}\u00bb][\/et_pb_wc_images][\/et_pb_column][et_pb_column type=\u00bb3_5&#8243; _builder_version=\u00bb4.20.2&#8243; _module_preset=\u00bbdefault\u00bb global_colors_info=\u00bb{}\u00bb][et_pb_tabs _builder_version=\u00bb4.20.2&#8243; _module_preset=\u00bbdefault\u00bb global_colors_info=\u00bb{}\u00bb][et_pb_tab title=\u00bbDatos\u00bb _builder_version=\u00bb4.20.2&#8243; _module_preset=\u00bbdefault\u00bb global_colors_info=\u00bb{}\u00bb]<\/p>\n<p>Autor: Salvador Molina\u00a0<\/p>\n<p>Editorial: Heras Book<\/p>\n<p>Ciudad: Granada<\/p>\n<p>Pa\u00eds: Espa\u00f1a<\/p>\n<p>Tama\u00f1o: 15,24 x 22,86<\/p>\n<p>P\u00e1ginas: 156<\/p>\n<p>A\u00f1o: 2019<\/p>\n<p>Dep\u00f3sito legal:<\/p>\n<p>ISBN: 978-1796425635<\/p>\n<p><strong>IDIOMA: Castellano<br \/><\/strong><\/p>\n<p>[\/et_pb_tab][et_pb_tab title=\u00bbDescripci\u00f3n\u00bb _builder_version=\u00bb4.20.2&#8243; _module_preset=\u00bbdefault\u00bb global_colors_info=\u00bb{}\u00bb]<\/p>\n<p>Edici\u00f3n en papel: interior en blanco y negro.Los a\u00f1os en los que se estudiaba en Espa\u00f1a la E.G.B. -Educaci\u00f3n general B\u00e1sica, vigente de 1970 a 1997-, fueron un periodo de esplendor para el c\u00f3mic en nuestro pa\u00eds. A los cl\u00e1sicos nacionales, de Mortadelo al Capit\u00e1n Trueno, pasando por Esther, Lily o El Guerrero del Antifaz, por citar unos pocos, se les unieron los c\u00f3mics americanos, que llegaron de forma masiva, ya fuesen los de superh\u00e9roes (Marvel primero, con V\u00e9rtice, Bruguera y Forum, y DC despu\u00e9s, de la mano de Zinco) como los de la editorial Warren, que aqu\u00ed edit\u00f3 Garbo y luego Toutain. Sin olvidar, ya en los \u00faltimos tiempos, la irrupci\u00f3n del manga.Y eso son s\u00f3lo algunos de los c\u00f3mics y editoriales de los que se hablan en este libro, un muy bien documentado y entretenido viaje a nuestra memoria reciente y a una \u00e9poca, el \u00faltimo cuarto del siglo XX, inolvidable.<br \/>La editorial<\/p>\n<p>[\/et_pb_tab][et_pb_tab title=\u00bbBibliograf\u00eda\u00bb _builder_version=\u00bb4.20.2&#8243; _module_preset=\u00bbdefault\u00bb global_colors_info=\u00bb{}\u00bb][\/et_pb_tab][\/et_pb_tabs][et_pb_wc_title _builder_version=\u00bb4.20.2&#8243; header_font=\u00bb|600|||||||\u00bb header_text_color=\u00bb#0C71C3&#8243; header_font_size=\u00bb25px\u00bb custom_margin=\u00bb0px|0px|0px|0px|true|true\u00bb custom_padding=\u00bb0px|0px|0px|0px|true|true\u00bb global_colors_info=\u00bb{}\u00bb][\/et_pb_wc_title][\/et_pb_column][\/et_pb_row][\/et_pb_section][et_pb_section fb_built=\u00bb1&#8243; _builder_version=\u00bb4.20.2&#8243; _module_preset=\u00bbdefault\u00bb global_colors_info=\u00bb{}\u00bb][\/et_pb_section][et_pb_section fb_built=\u00bb1&#8243; _builder_version=\u00bb4.20.2&#8243; _module_preset=\u00bbdefault\u00bb global_colors_info=\u00bb{}\u00bb][\/et_pb_section]<\/p>\n","protected":false},"excerpt":{"rendered":"<p>Los tebeos de la E.G.B. De Mortadelo a Batman, Espa\u00f1a, Castellano, Salvador Molina, Mortadelo, Capit\u00e1n Trueno, Esther, Lily, El Guerrero del Antifaz, superh\u00e9roes, Marvel, V\u00e9rtice, Bruguera, Forum, DC, Zinco, Warren, Garbo, Toutain<\/p>\n","protected":false},"featured_media":4340,"template":"","meta":{"_et_pb_use_builder":"on","_et_pb_old_content":"","_et_gb_content_width":"","_monsterinsights_skip_tracking":false,"_monsterinsights_sitenote_active":false,"_monsterinsights_sitenote_note":"","_monsterinsights_sitenote_category":0},"product_brand":[],"product_cat":[31],"product_tag":[],"class_list":{"0":"post-4339","1":"product","2":"type-product","3":"status-publish","4":"has-post-thumbnail","6":"product_cat-libros","8":"first","9":"instock","10":"shipping-taxable","11":"product-type-simple"},"yoast_head":"<!-- This site is optimized with the Yoast SEO plugin v27.2 - https:\/\/yoast.com\/product\/yoast-seo-wordpress\/ -->\n<title>Los tebeos de la E.G.B. De Mortadelo a Batman<\/title>\n<meta name=\"robots\" content=\"index, follow, max-snippet:-1, max-image-preview:large, max-video-preview:-1\" \/>\n<link rel=\"canonical\" href=\"https:\/\/www.historieta.es\/?product=los-tebeos-de-la-e-g-b-de-mortadelo-a-batman\" \/>\n<meta property=\"og:locale\" content=\"es_ES\" \/>\n<meta property=\"og:type\" content=\"article\" \/>\n<meta property=\"og:title\" content=\"Los tebeos de la E.G.B. De Mortadelo a Batman\" \/>\n<meta property=\"og:description\" content=\"Los tebeos de la E.G.B. De Mortadelo a Batman, Espa\u00f1a, Castellano, Salvador Molina, Mortadelo, Capit\u00e1n Trueno, Esther, Lily, El Guerrero del Antifaz, superh\u00e9roes, Marvel, V\u00e9rtice, Bruguera, Forum, DC, Zinco, Warren, Garbo, Toutain\" \/>\n<meta property=\"og:url\" content=\"https:\/\/www.historieta.es\/?product=los-tebeos-de-la-e-g-b-de-mortadelo-a-batman\" \/>\n<meta property=\"og:site_name\" content=\"historieta\" \/>\n<meta property=\"article:modified_time\" content=\"2024-01-19T10:30:09+00:00\" \/>\n<meta property=\"og:image\" content=\"https:\/\/www.historieta.es\/wp-content\/uploads\/2023\/06\/Los-tebeos-de-la-E.G.B.-de-Mortadelo-a-Batman.png\" \/>\n\t<meta property=\"og:image:width\" content=\"600\" \/>\n\t<meta property=\"og:image:height\" content=\"600\" \/>\n\t<meta property=\"og:image:type\" content=\"image\/png\" \/>\n<meta name=\"twitter:card\" content=\"summary_large_image\" \/>\n<meta name=\"twitter:label1\" content=\"Tiempo de lectura\" \/>\n\t<meta name=\"twitter:data1\" content=\"2 minutos\" \/>\n<script type=\"application\/ld+json\" class=\"yoast-schema-graph\">{\"@context\":\"https:\/\/schema.org\",\"@graph\":[{\"@type\":\"WebPage\",\"@id\":\"https:\/\/www.historieta.es\/?product=los-tebeos-de-la-e-g-b-de-mortadelo-a-batman\",\"url\":\"https:\/\/www.historieta.es\/?product=los-tebeos-de-la-e-g-b-de-mortadelo-a-batman\",\"name\":\"Los tebeos de la E.G.B. De Mortadelo a Batman\",\"isPartOf\":{\"@id\":\"https:\/\/www.historieta.es\/#website\"},\"primaryImageOfPage\":{\"@id\":\"https:\/\/www.historieta.es\/?product=los-tebeos-de-la-e-g-b-de-mortadelo-a-batman#primaryimage\"},\"image\":{\"@id\":\"https:\/\/www.historieta.es\/?product=los-tebeos-de-la-e-g-b-de-mortadelo-a-batman#primaryimage\"},\"thumbnailUrl\":\"https:\/\/www.historieta.es\/wp-content\/uploads\/2023\/06\/Los-tebeos-de-la-E.G.B.-de-Mortadelo-a-Batman.png\",\"datePublished\":\"2023-06-15T09:04:19+00:00\",\"dateModified\":\"2024-01-19T10:30:09+00:00\",\"breadcrumb\":{\"@id\":\"https:\/\/www.historieta.es\/?product=los-tebeos-de-la-e-g-b-de-mortadelo-a-batman#breadcrumb\"},\"inLanguage\":\"es\",\"potentialAction\":[{\"@type\":\"ReadAction\",\"target\":[\"https:\/\/www.historieta.es\/?product=los-tebeos-de-la-e-g-b-de-mortadelo-a-batman\"]}]},{\"@type\":\"ImageObject\",\"inLanguage\":\"es\",\"@id\":\"https:\/\/www.historieta.es\/?product=los-tebeos-de-la-e-g-b-de-mortadelo-a-batman#primaryimage\",\"url\":\"https:\/\/www.historieta.es\/wp-content\/uploads\/2023\/06\/Los-tebeos-de-la-E.G.B.-de-Mortadelo-a-Batman.png\",\"contentUrl\":\"https:\/\/www.historieta.es\/wp-content\/uploads\/2023\/06\/Los-tebeos-de-la-E.G.B.-de-Mortadelo-a-Batman.png\",\"width\":600,\"height\":600},{\"@type\":\"BreadcrumbList\",\"@id\":\"https:\/\/www.historieta.es\/?product=los-tebeos-de-la-e-g-b-de-mortadelo-a-batman#breadcrumb\",\"itemListElement\":[{\"@type\":\"ListItem\",\"position\":1,\"name\":\"Portada\",\"item\":\"https:\/\/www.historieta.es\/\"},{\"@type\":\"ListItem\",\"position\":2,\"name\":\"Productos\",\"item\":\"https:\/\/www.historieta.es\/?post_type=product\"},{\"@type\":\"ListItem\",\"position\":3,\"name\":\"Los tebeos de la E.G.B. De Mortadelo a Batman\"}]},{\"@type\":\"WebSite\",\"@id\":\"https:\/\/www.historieta.es\/#website\",\"url\":\"https:\/\/www.historieta.es\/\",\"name\":\"historieta\",\"description\":\"sitio de comic\",\"potentialAction\":[{\"@type\":\"SearchAction\",\"target\":{\"@type\":\"EntryPoint\",\"urlTemplate\":\"https:\/\/www.historieta.es\/?s={search_term_string}\"},\"query-input\":{\"@type\":\"PropertyValueSpecification\",\"valueRequired\":true,\"valueName\":\"search_term_string\"}}],\"inLanguage\":\"es\"}]}<\/script>\n<!-- \/ Yoast SEO plugin. -->","yoast_head_json":{"title":"Los tebeos de la E.G.B. De Mortadelo a Batman","robots":{"index":"index","follow":"follow","max-snippet":"max-snippet:-1","max-image-preview":"max-image-preview:large","max-video-preview":"max-video-preview:-1"},"canonical":"https:\/\/www.historieta.es\/?product=los-tebeos-de-la-e-g-b-de-mortadelo-a-batman","og_locale":"es_ES","og_type":"article","og_title":"Los tebeos de la E.G.B. De Mortadelo a Batman","og_description":"Los tebeos de la E.G.B. De Mortadelo a Batman, Espa\u00f1a, Castellano, Salvador Molina, Mortadelo, Capit\u00e1n Trueno, Esther, Lily, El Guerrero del Antifaz, superh\u00e9roes, Marvel, V\u00e9rtice, Bruguera, Forum, DC, Zinco, Warren, Garbo, Toutain","og_url":"https:\/\/www.historieta.es\/?product=los-tebeos-de-la-e-g-b-de-mortadelo-a-batman","og_site_name":"historieta","article_modified_time":"2024-01-19T10:30:09+00:00","og_image":[{"width":600,"height":600,"url":"https:\/\/www.historieta.es\/wp-content\/uploads\/2023\/06\/Los-tebeos-de-la-E.G.B.-de-Mortadelo-a-Batman.png","type":"image\/png"}],"twitter_card":"summary_large_image","twitter_misc":{"Tiempo de lectura":"2 minutos"},"schema":{"@context":"https:\/\/schema.org","@graph":[{"@type":"WebPage","@id":"https:\/\/www.historieta.es\/?product=los-tebeos-de-la-e-g-b-de-mortadelo-a-batman","url":"https:\/\/www.historieta.es\/?product=los-tebeos-de-la-e-g-b-de-mortadelo-a-batman","name":"Los tebeos de la E.G.B. De Mortadelo a Batman","isPartOf":{"@id":"https:\/\/www.historieta.es\/#website"},"primaryImageOfPage":{"@id":"https:\/\/www.historieta.es\/?product=los-tebeos-de-la-e-g-b-de-mortadelo-a-batman#primaryimage"},"image":{"@id":"https:\/\/www.historieta.es\/?product=los-tebeos-de-la-e-g-b-de-mortadelo-a-batman#primaryimage"},"thumbnailUrl":"https:\/\/www.historieta.es\/wp-content\/uploads\/2023\/06\/Los-tebeos-de-la-E.G.B.-de-Mortadelo-a-Batman.png","datePublished":"2023-06-15T09:04:19+00:00","dateModified":"2024-01-19T10:30:09+00:00","breadcrumb":{"@id":"https:\/\/www.historieta.es\/?product=los-tebeos-de-la-e-g-b-de-mortadelo-a-batman#breadcrumb"},"inLanguage":"es","potentialAction":[{"@type":"ReadAction","target":["https:\/\/www.historieta.es\/?product=los-tebeos-de-la-e-g-b-de-mortadelo-a-batman"]}]},{"@type":"ImageObject","inLanguage":"es","@id":"https:\/\/www.historieta.es\/?product=los-tebeos-de-la-e-g-b-de-mortadelo-a-batman#primaryimage","url":"https:\/\/www.historieta.es\/wp-content\/uploads\/2023\/06\/Los-tebeos-de-la-E.G.B.-de-Mortadelo-a-Batman.png","contentUrl":"https:\/\/www.historieta.es\/wp-content\/uploads\/2023\/06\/Los-tebeos-de-la-E.G.B.-de-Mortadelo-a-Batman.png","width":600,"height":600},{"@type":"BreadcrumbList","@id":"https:\/\/www.historieta.es\/?product=los-tebeos-de-la-e-g-b-de-mortadelo-a-batman#breadcrumb","itemListElement":[{"@type":"ListItem","position":1,"name":"Portada","item":"https:\/\/www.historieta.es\/"},{"@type":"ListItem","position":2,"name":"Productos","item":"https:\/\/www.historieta.es\/?post_type=product"},{"@type":"ListItem","position":3,"name":"Los tebeos de la E.G.B. De Mortadelo a Batman"}]},{"@type":"WebSite","@id":"https:\/\/www.historieta.es\/#website","url":"https:\/\/www.historieta.es\/","name":"historieta","description":"sitio de comic","potentialAction":[{"@type":"SearchAction","target":{"@type":"EntryPoint","urlTemplate":"https:\/\/www.historieta.es\/?s={search_term_string}"},"query-input":{"@type":"PropertyValueSpecification","valueRequired":true,"valueName":"search_term_string"}}],"inLanguage":"es"}]}},"_links":{"self":[{"href":"https:\/\/www.historieta.es\/index.php?rest_route=\/wp\/v2\/product\/4339","targetHints":{"allow":["GET"]}}],"collection":[{"href":"https:\/\/www.historieta.es\/index.php?rest_route=\/wp\/v2\/product"}],"about":[{"href":"https:\/\/www.historieta.es\/index.php?rest_route=\/wp\/v2\/types\/product"}],"wp:featuredmedia":[{"embeddable":true,"href":"https:\/\/www.historieta.es\/index.php?rest_route=\/wp\/v2\/media\/4340"}],"wp:attachment":[{"href":"https:\/\/www.historieta.es\/index.php?rest_route=%2Fwp%2Fv2%2Fmedia&parent=4339"}],"wp:term":[{"taxonomy":"product_brand","embeddable":true,"href":"https:\/\/www.historieta.es\/index.php?rest_route=%2Fwp%2Fv2%2Fproduct_brand&post=4339"},{"taxonomy":"product_cat","embeddable":true,"href":"https:\/\/www.historieta.es\/index.php?rest_route=%2Fwp%2Fv2%2Fproduct_cat&post=4339"},{"taxonomy":"product_tag","embeddable":true,"href":"https:\/\/www.historieta.es\/index.php?rest_route=%2Fwp%2Fv2%2Fproduct_tag&post=4339"}],"curies":[{"name":"wp","href":"https:\/\/api.w.org\/{rel}","templated":true}]}}