{"id":4330,"date":"2023-06-15T08:42:33","date_gmt":"2023-06-15T08:42:33","guid":{"rendered":"https:\/\/www.historieta.es\/?post_type=product&#038;p=4330"},"modified":"2024-05-03T09:08:45","modified_gmt":"2024-05-03T09:08:45","slug":"manga-arcades-y-karaokes-como-la-cultura-japonesa-reinvento-el-mundo","status":"publish","type":"product","link":"https:\/\/www.historieta.es\/?product=manga-arcades-y-karaokes-como-la-cultura-japonesa-reinvento-el-mundo","title":{"rendered":"Manga, arcades y karaokes. C\u00f3mo la cultura japonesa reinvent\u00f3 el mundo"},"content":{"rendered":"<p>[et_pb_section fb_built=\u00bb1&#8243; _builder_version=\u00bb4.20.2&#8243; custom_margin=\u00bb-44px|0px|-44px|0px|true|true\u00bb custom_padding=\u00bb0px|0px|0px|0px|true|true\u00bb collapsed=\u00bboff\u00bb global_colors_info=\u00bb{}\u00bb][et_pb_row column_structure=\u00bb2_5,3_5&#8243; _builder_version=\u00bb4.20.2&#8243; background_size=\u00bbinitial\u00bb background_position=\u00bbtop_left\u00bb background_repeat=\u00bbrepeat\u00bb width=\u00bb100%\u00bb custom_margin=\u00bb0px|0px|0px|0px|true|true\u00bb custom_padding=\u00bb0px|0px|0px|0px|true|true\u00bb global_colors_info=\u00bb{}\u00bb][et_pb_column type=\u00bb2_5&#8243; _builder_version=\u00bb4.16&#8243; custom_padding=\u00bb|||\u00bb global_colors_info=\u00bb{}\u00bb custom_padding__hover=\u00bb|||\u00bb][et_pb_wc_images _builder_version=\u00bb4.20.2&#8243; box_shadow_style=\u00bbpreset1&#8243; global_colors_info=\u00bb{}\u00bb][\/et_pb_wc_images][\/et_pb_column][et_pb_column type=\u00bb3_5&#8243; _builder_version=\u00bb4.20.2&#8243; _module_preset=\u00bbdefault\u00bb global_colors_info=\u00bb{}\u00bb][et_pb_tabs _builder_version=\u00bb4.20.2&#8243; _module_preset=\u00bbdefault\u00bb global_colors_info=\u00bb{}\u00bb][et_pb_tab title=\u00bbDatos\u00bb _builder_version=\u00bb4.20.2&#8243; _module_preset=\u00bbdefault\u00bb global_colors_info=\u00bb{}\u00bb]<\/p>\n<p>Autor: Matt Alt<\/p>\n<p>Editorial: Ediciones Pen\u00ednsula &#8211; Grupo Planeta<\/p>\n<p>Ciudad: Barcelona<\/p>\n<p>Pa\u00eds: Espa\u00f1a<\/p>\n<p>Tama\u00f1o: 14&#215;22<\/p>\n<p>P\u00e1ginas: 472<\/p>\n<p>A\u00f1o: 2022<\/p>\n<p>Dep\u00f3sito legal:<\/p>\n<p>ISBN: 978-8411000505<\/p>\n<p><strong>IDIOMA: Castellano<br \/><\/strong><\/p>\n<p>[\/et_pb_tab][et_pb_tab title=\u00bbDescripci\u00f3n\u00bb _builder_version=\u00bb4.20.2&#8243; _module_preset=\u00bbdefault\u00bb global_colors_info=\u00bb{}\u00bb]<\/p>\n<p>\u00bfQu\u00e9 habr\u00eda sido de nuestra juventud sin el Walkman o Pac-Man? \u00bfQu\u00e9 ser\u00eda de nuestros mensajes de texto sin emojis? \u00bfY de las celebraciones con amigos sin karaoke? Todas estas innovaciones se las debemos a los japoneses. Matt Alt desvela la historia detr\u00e1s de las principales creaciones niponas que han conquistado el planeta. Art\u00edsticamente empaquetadas, peligrosamente tiernas e inmensamente divertidas, exportaciones como Hello Kitty y Nintendo no se limitaron solo a entretener a generaciones de ni\u00f1os, sino que tambi\u00e9n transformaron profundamente nuestra forma de vivir.<br \/>La editorial<\/p>\n<p>[\/et_pb_tab][et_pb_tab title=\u00bbBibliograf\u00eda\u00bb _builder_version=\u00bb4.20.2&#8243; _module_preset=\u00bbdefault\u00bb global_colors_info=\u00bb{}\u00bb][\/et_pb_tab][\/et_pb_tabs][et_pb_wc_title _builder_version=\u00bb4.20.2&#8243; header_font=\u00bb|600|||||||\u00bb header_text_color=\u00bb#0C71C3&#8243; header_font_size=\u00bb25px\u00bb custom_margin=\u00bb0px|0px|0px|0px|true|true\u00bb custom_padding=\u00bb0px|0px|0px|0px|true|true\u00bb global_colors_info=\u00bb{}\u00bb][\/et_pb_wc_title][\/et_pb_column][\/et_pb_row][\/et_pb_section][et_pb_section fb_built=\u00bb1&#8243; _builder_version=\u00bb4.20.2&#8243; _module_preset=\u00bbdefault\u00bb global_colors_info=\u00bb{}\u00bb][\/et_pb_section][et_pb_section fb_built=\u00bb1&#8243; _builder_version=\u00bb4.20.2&#8243; _module_preset=\u00bbdefault\u00bb global_colors_info=\u00bb{}\u00bb][\/et_pb_section]<\/p>\n","protected":false},"excerpt":{"rendered":"<p>Manga, arcades y karaokes. C\u00f3mo la cultura japonesa reinvent\u00f3 el mundo, Espa\u00f1a, Castellano, Matt Alt<\/p>\n","protected":false},"featured_media":4331,"template":"","meta":{"_et_pb_use_builder":"on","_et_pb_old_content":"","_et_gb_content_width":"","_monsterinsights_skip_tracking":false,"_monsterinsights_sitenote_active":false,"_monsterinsights_sitenote_note":"","_monsterinsights_sitenote_category":0},"product_brand":[],"product_cat":[31,54,56],"product_tag":[],"class_list":{"0":"post-4330","1":"product","2":"type-product","3":"status-publish","4":"has-post-thumbnail","6":"product_cat-libros","7":"product_cat-tema-animacion-y-anime","8":"product_cat-tema-manga","10":"first","11":"instock","12":"shipping-taxable","13":"product-type-simple"},"yoast_head":"<!-- This site is optimized with the Yoast SEO plugin v27.2 - https:\/\/yoast.com\/product\/yoast-seo-wordpress\/ -->\n<title>Manga, arcades y karaokes. C\u00f3mo la cultura japonesa reinvent\u00f3 el mundo<\/title>\n<meta name=\"robots\" content=\"index, follow, max-snippet:-1, max-image-preview:large, max-video-preview:-1\" \/>\n<link rel=\"canonical\" href=\"https:\/\/www.historieta.es\/?product=manga-arcades-y-karaokes-como-la-cultura-japonesa-reinvento-el-mundo\" \/>\n<meta property=\"og:locale\" content=\"es_ES\" \/>\n<meta property=\"og:type\" content=\"article\" \/>\n<meta property=\"og:title\" content=\"Manga, arcades y karaokes. C\u00f3mo la cultura japonesa reinvent\u00f3 el mundo\" \/>\n<meta property=\"og:description\" content=\"Manga, arcades y karaokes. C\u00f3mo la cultura japonesa reinvent\u00f3 el mundo, Espa\u00f1a, Castellano, Matt Alt\" \/>\n<meta property=\"og:url\" content=\"https:\/\/www.historieta.es\/?product=manga-arcades-y-karaokes-como-la-cultura-japonesa-reinvento-el-mundo\" \/>\n<meta property=\"og:site_name\" content=\"historieta\" \/>\n<meta property=\"article:modified_time\" content=\"2024-05-03T09:08:45+00:00\" \/>\n<meta property=\"og:image\" content=\"https:\/\/www.historieta.es\/wp-content\/uploads\/2023\/06\/Manga-arcades-y-karaokes.png\" \/>\n\t<meta property=\"og:image:width\" content=\"600\" \/>\n\t<meta property=\"og:image:height\" content=\"600\" \/>\n\t<meta property=\"og:image:type\" content=\"image\/png\" \/>\n<meta name=\"twitter:card\" content=\"summary_large_image\" \/>\n<meta name=\"twitter:label1\" content=\"Tiempo de lectura\" \/>\n\t<meta name=\"twitter:data1\" content=\"1 minuto\" \/>\n<script type=\"application\/ld+json\" class=\"yoast-schema-graph\">{\"@context\":\"https:\/\/schema.org\",\"@graph\":[{\"@type\":\"WebPage\",\"@id\":\"https:\/\/www.historieta.es\/?product=manga-arcades-y-karaokes-como-la-cultura-japonesa-reinvento-el-mundo\",\"url\":\"https:\/\/www.historieta.es\/?product=manga-arcades-y-karaokes-como-la-cultura-japonesa-reinvento-el-mundo\",\"name\":\"Manga, arcades y karaokes. C\u00f3mo la cultura japonesa reinvent\u00f3 el mundo\",\"isPartOf\":{\"@id\":\"https:\/\/www.historieta.es\/#website\"},\"primaryImageOfPage\":{\"@id\":\"https:\/\/www.historieta.es\/?product=manga-arcades-y-karaokes-como-la-cultura-japonesa-reinvento-el-mundo#primaryimage\"},\"image\":{\"@id\":\"https:\/\/www.historieta.es\/?product=manga-arcades-y-karaokes-como-la-cultura-japonesa-reinvento-el-mundo#primaryimage\"},\"thumbnailUrl\":\"https:\/\/www.historieta.es\/wp-content\/uploads\/2023\/06\/Manga-arcades-y-karaokes.png\",\"datePublished\":\"2023-06-15T08:42:33+00:00\",\"dateModified\":\"2024-05-03T09:08:45+00:00\",\"breadcrumb\":{\"@id\":\"https:\/\/www.historieta.es\/?product=manga-arcades-y-karaokes-como-la-cultura-japonesa-reinvento-el-mundo#breadcrumb\"},\"inLanguage\":\"es\",\"potentialAction\":[{\"@type\":\"ReadAction\",\"target\":[\"https:\/\/www.historieta.es\/?product=manga-arcades-y-karaokes-como-la-cultura-japonesa-reinvento-el-mundo\"]}]},{\"@type\":\"ImageObject\",\"inLanguage\":\"es\",\"@id\":\"https:\/\/www.historieta.es\/?product=manga-arcades-y-karaokes-como-la-cultura-japonesa-reinvento-el-mundo#primaryimage\",\"url\":\"https:\/\/www.historieta.es\/wp-content\/uploads\/2023\/06\/Manga-arcades-y-karaokes.png\",\"contentUrl\":\"https:\/\/www.historieta.es\/wp-content\/uploads\/2023\/06\/Manga-arcades-y-karaokes.png\",\"width\":600,\"height\":600},{\"@type\":\"BreadcrumbList\",\"@id\":\"https:\/\/www.historieta.es\/?product=manga-arcades-y-karaokes-como-la-cultura-japonesa-reinvento-el-mundo#breadcrumb\",\"itemListElement\":[{\"@type\":\"ListItem\",\"position\":1,\"name\":\"Portada\",\"item\":\"https:\/\/www.historieta.es\/\"},{\"@type\":\"ListItem\",\"position\":2,\"name\":\"Productos\",\"item\":\"https:\/\/www.historieta.es\/?post_type=product\"},{\"@type\":\"ListItem\",\"position\":3,\"name\":\"Manga, arcades y karaokes. C\u00f3mo la cultura japonesa reinvent\u00f3 el mundo\"}]},{\"@type\":\"WebSite\",\"@id\":\"https:\/\/www.historieta.es\/#website\",\"url\":\"https:\/\/www.historieta.es\/\",\"name\":\"historieta\",\"description\":\"sitio de comic\",\"potentialAction\":[{\"@type\":\"SearchAction\",\"target\":{\"@type\":\"EntryPoint\",\"urlTemplate\":\"https:\/\/www.historieta.es\/?s={search_term_string}\"},\"query-input\":{\"@type\":\"PropertyValueSpecification\",\"valueRequired\":true,\"valueName\":\"search_term_string\"}}],\"inLanguage\":\"es\"}]}<\/script>\n<!-- \/ Yoast SEO plugin. -->","yoast_head_json":{"title":"Manga, arcades y karaokes. C\u00f3mo la cultura japonesa reinvent\u00f3 el mundo","robots":{"index":"index","follow":"follow","max-snippet":"max-snippet:-1","max-image-preview":"max-image-preview:large","max-video-preview":"max-video-preview:-1"},"canonical":"https:\/\/www.historieta.es\/?product=manga-arcades-y-karaokes-como-la-cultura-japonesa-reinvento-el-mundo","og_locale":"es_ES","og_type":"article","og_title":"Manga, arcades y karaokes. C\u00f3mo la cultura japonesa reinvent\u00f3 el mundo","og_description":"Manga, arcades y karaokes. C\u00f3mo la cultura japonesa reinvent\u00f3 el mundo, Espa\u00f1a, Castellano, Matt Alt","og_url":"https:\/\/www.historieta.es\/?product=manga-arcades-y-karaokes-como-la-cultura-japonesa-reinvento-el-mundo","og_site_name":"historieta","article_modified_time":"2024-05-03T09:08:45+00:00","og_image":[{"width":600,"height":600,"url":"https:\/\/www.historieta.es\/wp-content\/uploads\/2023\/06\/Manga-arcades-y-karaokes.png","type":"image\/png"}],"twitter_card":"summary_large_image","twitter_misc":{"Tiempo de lectura":"1 minuto"},"schema":{"@context":"https:\/\/schema.org","@graph":[{"@type":"WebPage","@id":"https:\/\/www.historieta.es\/?product=manga-arcades-y-karaokes-como-la-cultura-japonesa-reinvento-el-mundo","url":"https:\/\/www.historieta.es\/?product=manga-arcades-y-karaokes-como-la-cultura-japonesa-reinvento-el-mundo","name":"Manga, arcades y karaokes. C\u00f3mo la cultura japonesa reinvent\u00f3 el mundo","isPartOf":{"@id":"https:\/\/www.historieta.es\/#website"},"primaryImageOfPage":{"@id":"https:\/\/www.historieta.es\/?product=manga-arcades-y-karaokes-como-la-cultura-japonesa-reinvento-el-mundo#primaryimage"},"image":{"@id":"https:\/\/www.historieta.es\/?product=manga-arcades-y-karaokes-como-la-cultura-japonesa-reinvento-el-mundo#primaryimage"},"thumbnailUrl":"https:\/\/www.historieta.es\/wp-content\/uploads\/2023\/06\/Manga-arcades-y-karaokes.png","datePublished":"2023-06-15T08:42:33+00:00","dateModified":"2024-05-03T09:08:45+00:00","breadcrumb":{"@id":"https:\/\/www.historieta.es\/?product=manga-arcades-y-karaokes-como-la-cultura-japonesa-reinvento-el-mundo#breadcrumb"},"inLanguage":"es","potentialAction":[{"@type":"ReadAction","target":["https:\/\/www.historieta.es\/?product=manga-arcades-y-karaokes-como-la-cultura-japonesa-reinvento-el-mundo"]}]},{"@type":"ImageObject","inLanguage":"es","@id":"https:\/\/www.historieta.es\/?product=manga-arcades-y-karaokes-como-la-cultura-japonesa-reinvento-el-mundo#primaryimage","url":"https:\/\/www.historieta.es\/wp-content\/uploads\/2023\/06\/Manga-arcades-y-karaokes.png","contentUrl":"https:\/\/www.historieta.es\/wp-content\/uploads\/2023\/06\/Manga-arcades-y-karaokes.png","width":600,"height":600},{"@type":"BreadcrumbList","@id":"https:\/\/www.historieta.es\/?product=manga-arcades-y-karaokes-como-la-cultura-japonesa-reinvento-el-mundo#breadcrumb","itemListElement":[{"@type":"ListItem","position":1,"name":"Portada","item":"https:\/\/www.historieta.es\/"},{"@type":"ListItem","position":2,"name":"Productos","item":"https:\/\/www.historieta.es\/?post_type=product"},{"@type":"ListItem","position":3,"name":"Manga, arcades y karaokes. C\u00f3mo la cultura japonesa reinvent\u00f3 el mundo"}]},{"@type":"WebSite","@id":"https:\/\/www.historieta.es\/#website","url":"https:\/\/www.historieta.es\/","name":"historieta","description":"sitio de comic","potentialAction":[{"@type":"SearchAction","target":{"@type":"EntryPoint","urlTemplate":"https:\/\/www.historieta.es\/?s={search_term_string}"},"query-input":{"@type":"PropertyValueSpecification","valueRequired":true,"valueName":"search_term_string"}}],"inLanguage":"es"}]}},"_links":{"self":[{"href":"https:\/\/www.historieta.es\/index.php?rest_route=\/wp\/v2\/product\/4330","targetHints":{"allow":["GET"]}}],"collection":[{"href":"https:\/\/www.historieta.es\/index.php?rest_route=\/wp\/v2\/product"}],"about":[{"href":"https:\/\/www.historieta.es\/index.php?rest_route=\/wp\/v2\/types\/product"}],"wp:featuredmedia":[{"embeddable":true,"href":"https:\/\/www.historieta.es\/index.php?rest_route=\/wp\/v2\/media\/4331"}],"wp:attachment":[{"href":"https:\/\/www.historieta.es\/index.php?rest_route=%2Fwp%2Fv2%2Fmedia&parent=4330"}],"wp:term":[{"taxonomy":"product_brand","embeddable":true,"href":"https:\/\/www.historieta.es\/index.php?rest_route=%2Fwp%2Fv2%2Fproduct_brand&post=4330"},{"taxonomy":"product_cat","embeddable":true,"href":"https:\/\/www.historieta.es\/index.php?rest_route=%2Fwp%2Fv2%2Fproduct_cat&post=4330"},{"taxonomy":"product_tag","embeddable":true,"href":"https:\/\/www.historieta.es\/index.php?rest_route=%2Fwp%2Fv2%2Fproduct_tag&post=4330"}],"curies":[{"name":"wp","href":"https:\/\/api.w.org\/{rel}","templated":true}]}}