{"id":26853,"date":"2026-01-29T20:29:41","date_gmt":"2026-01-29T20:29:41","guid":{"rendered":"https:\/\/www.historieta.es\/?post_type=product&#038;p=26853"},"modified":"2026-01-29T20:37:00","modified_gmt":"2026-01-29T20:37:00","slug":"mutt-and-jeff-1916","status":"publish","type":"product","link":"https:\/\/www.historieta.es\/?product=mutt-and-jeff-1916","title":{"rendered":"Mutt and Jeff (1916)"},"content":{"rendered":"<p>[et_pb_section fb_built=\u00bb1&#8243; _builder_version=\u00bb4.20.2&#8243; custom_margin=\u00bb-44px|0px|-44px|0px|true|true\u00bb custom_padding=\u00bb0px|0px|0px|0px|true|true\u00bb collapsed=\u00bboff\u00bb global_colors_info=\u00bb{}\u00bb][et_pb_row column_structure=\u00bb2_5,3_5&#8243; _builder_version=\u00bb4.20.2&#8243; background_size=\u00bbinitial\u00bb background_position=\u00bbtop_left\u00bb background_repeat=\u00bbrepeat\u00bb width=\u00bb100%\u00bb custom_margin=\u00bb0px|0px|0px|0px|true|true\u00bb custom_padding=\u00bb0px|0px|0px|0px|true|true\u00bb global_colors_info=\u00bb{}\u00bb][et_pb_column type=\u00bb2_5&#8243; _builder_version=\u00bb4.20.2&#8243; custom_padding=\u00bb|||\u00bb global_colors_info=\u00bb{}\u00bb custom_padding__hover=\u00bb|||\u00bb][et_pb_wc_images _builder_version=\u00bb4.20.2&#8243; box_shadow_style=\u00bbpreset1&#8243; global_colors_info=\u00bb{}\u00bb][\/et_pb_wc_images][\/et_pb_column][et_pb_column type=\u00bb3_5&#8243; _builder_version=\u00bb4.20.2&#8243; _module_preset=\u00bbdefault\u00bb global_colors_info=\u00bb{}\u00bb][et_pb_tabs _builder_version=\u00bb4.27.5&#8243; _module_preset=\u00bbdefault\u00bb global_colors_info=\u00bb{}\u00bb][et_pb_tab title=\u00bbDatos\u00bb _builder_version=\u00bb4.27.5&#8243; _module_preset=\u00bbdefault\u00bb global_colors_info=\u00bb{}\u00bb]<\/p>\n<p>T\u00edtulo espa\u00f1ol:<\/p>\n<p>Direcci\u00f3n:<\/p>\n<p>Guion: <\/p>\n<p>M\u00fasica:<\/p>\n<p>Fotograf\u00eda:<\/p>\n<p>Pa\u00eds: USA<\/p>\n<p>Duraci\u00f3n:<\/p>\n<p>A\u00f1o: 1916<\/p>\n<p>G\u00e9nero: Animaci\u00f3n<\/p>\n<p>Reparto:<\/p>\n<p><strong>HISTORIETA: Mutt and Jeff<br \/><\/strong><\/p>\n<p>[\/et_pb_tab][et_pb_tab title=\u00bbSinopsis\u00bb _builder_version=\u00bb4.27.5&#8243; _module_preset=\u00bbdefault\u00bb global_colors_info=\u00bb{}\u00bb]<\/p>\n<p>Mutt and Jeff es una tira c\u00f3mica estadounidense de larga trayectoria, creada por el caricaturista Bud Fisher en 1907 sobre dos \u00abfan\u00e1ticos de poca monta\u00bb. Se considera la primera tira c\u00f3mica diaria. El concepto de una tira con personajes recurrentes en m\u00faltiples vi\u00f1etas, con una frecuencia de seis d\u00edas a la semana, ya hab\u00eda sido pionero en la ef\u00edmera A. Piker Clerk de Clare Briggs, pero fue Mutt and Jeff, la primera tira c\u00f3mica diaria de \u00e9xito, la que marc\u00f3 el rumbo de la futura tendencia.<\/p>\n<p>[\/et_pb_tab][et_pb_tab title=\u00bbDocumentaci\u00f3n\u00bb _builder_version=\u00bb4.27.5&#8243; _module_preset=\u00bbdefault\u00bb global_colors_info=\u00bb{}\u00bb]<\/p>\n<p>En 1916, Bud Fisher licenci\u00f3 la producci\u00f3n de Mutt and Jeff para animaci\u00f3n con los pioneros Charles Bowers y Raoul Barr\u00e9, del Estudio Barr\u00e9. Esto dio como resultado 292 cortos animados de Mutt and Jeff, convirti\u00e9ndola en la serie de cortometrajes animados de mayor duraci\u00f3n en cines de la era del cine mudo, superada por Krazy Kat en cuanto a n\u00famero de a\u00f1os. La serie se emiti\u00f3 de 1916 a 1923 y de 1925 a 1926. Algunos cortos de la segunda temporada fueron refilmados a principios de la d\u00e9cada de 1930 por Modern Film Sales Corporation con el proceso Kromocolor y reeditados con efectos de sonido y m\u00fasica. Algunos de ellos se reeditaron en 1934 gracias al sistema de sonido Brunswick. A continuaci\u00f3n, se presenta una lista de las pel\u00edculas animadas de la serie, clasificadas por a\u00f1o:<br \/>1916<br \/>Jeff&#8217;s Toothache<br \/>Mutt and Jeff in the Submarine<br \/>Domestic Difficulties<br \/>A Restless Night<br \/>The Indestructible Hats<br \/>Cramps<br \/>The Dog Pound<br \/>The Hock Shop<br \/>The Promoters<br \/>Two for Five<br \/>Wall Street<\/p>\n<p>1917<br \/>The Submarine Chasers<br \/>A Chemical Calamity<br \/>A Day in Camp<br \/>A Dog&#8217;s Life<br \/>Cows and Caws<br \/>In the Theatrical Business<br \/>Preparedness<br \/>Revenge Is Sweet<br \/>The Bell Hops<br \/>The Circus<br \/>The Boarding House<br \/>The Chamber of Horrors<br \/>The Cheese Tamers<br \/>The Interpreters<br \/>The Janitors<br \/>The Prospectors<br \/>Laughing Gas<\/p>\n<p>1918<br \/>The DeCoy<br \/>A Lot of Bull<br \/>An Ace and a Joker<br \/>Around the World in Nine Minutes<br \/>Bulling the Bolshevik<br \/>Efficiency<br \/>At the Front<br \/>Saving Russia<br \/>Hitting the High Spots<br \/>Hotel De Mutt<br \/>Joining the Tanks<br \/>Landing a Spy<br \/>Our Four Days in Germany<br \/>Pot Luck in the Army<br \/>The Accident Attorney<br \/>The Doughboy<br \/>The Draft Board<br \/>The Kaiser&#8217;s New Dentist<br \/>The New Champion<br \/>The Side Show<br \/>Throwing the Bull<br \/>To the Rescue<br \/>Back to the Balkans<br \/>The Leak<br \/>Freight Investigation<br \/>On Ice<br \/>Helping McAdoo<br \/>A Fisherless Cartoon<br \/>Occultism<br \/>Superintendents<br \/>The Tonsorial Artists<br \/>The Tale of a Pig<br \/>Hospital Orderlies<br \/>Life Savers<br \/>Meeting Theda Bara<br \/>The Seventy-Mile Gun<br \/>The Burglar Alarm<br \/>The Extra-Quick Lunch<br \/>Hunting the U-Boats<\/p>\n<p>1919<br \/>The Lion Tamers<br \/>Here And There<br \/>The Hula Hula Cabaret<br \/>Dog-Gone Tough Luck<br \/>Landing An Heiress<br \/>The Bearded Lady<br \/>500 Miles On A Gallon Of Gas<br \/>The Pousse Cafe<br \/>Fireman Save My Child<br \/>Wild Waves And Angry Woman<br \/>William Hohenzollern Sausage Maker<br \/>Out an&#8217; In Again<br \/>The Cow&#8217;s Husband<br \/>Mutt The Mutt Trainer<br \/>Subbing For Tom Mix<br \/>Pigtails And Peaches<br \/>Seeing Things<br \/>The Cave Man&#8217;s Bride<br \/>Sir Sidney<br \/>Left at The Post<br \/>The Shell Game<br \/>Oh Teacher<br \/>Hands Up<br \/>Sweet Papa<br \/>Pets And Pests<br \/>A Prize Fight<br \/>Look Pleasant Please<br \/>Downstairs And Up<br \/>A Tropical Eggs-pedi-tion<br \/>West Is East<br \/>Sound Your &#8216;A&#8217;<br \/>Hard Lions<br \/>Mutt And Jeff In Paris<br \/>Mutt And Jeff In London<br \/>Mutt And Jeff In Switzerland<br \/>All That Glitters Is Not Goldfish<br \/>Everybody&#8217;s Doing It<br \/>Mutt And Jeff In Spain<br \/>The Honest Book Agent<br \/>Bound In Spaghetti<br \/>In The Money<br \/>The Window Cleaners<br \/>Confessions Of A Telephone Girl<br \/>The Chambermaid&#8217;s Revenge<br \/>Why Mutt Left The Village<br \/>Cutting Out His Nonsense<br \/>For Bitter Or For Verse<br \/>He Ain&#8217;t Done Right by Our Nell<br \/>Another Man&#8217;s Wife<br \/>New York Night Life<br \/>Oil&#8217;s Well That Ends Well<br \/>The Frozen North<br \/>The Jazz Instructors<\/p>\n<p>1920<br \/>Dead Eye Jeff<br \/>Fishing<br \/>I&#8217;m Ringing Your Party<br \/>Putting On The Dog<br \/>The Chemists<br \/>The Mint Spy<br \/>The Pawnbrokers<br \/>The Plumbers<br \/>The Soul Violin<br \/>Hula Hula Town<br \/>The Beautiful Model<br \/>The Chewing Gum Industry<br \/>The Great Pickle Robbery<br \/>The Honest Jockey<br \/>The Price Of A Good Sneeze<br \/>Nothing But Girls<br \/>The Bicycle Race<br \/>The Bowling Alley<br \/>The Paper Hangers<br \/>The Private Detectives<br \/>The Wrestlers<br \/>A Trip To Mars<br \/>One Round Jeff<br \/>The Tango Dancers<br \/>The Toy Makers<br \/>Departed Spirits<br \/>The Breakfast Food Industry<br \/>The Mystery Of Galvanized Iron Ash Can<br \/>Three Raisins And A Cake Of Yeast<br \/>The Bare Idea<br \/>Hot Dogs<br \/>In Wrong<br \/>The Merry Cafe<br \/>The Politicians<br \/>The Yacht Race<br \/>Home Sweet Home<br \/>Napoleon<br \/>The Cowpunchers<br \/>The Song Birds<br \/>A Tightrope Romance<br \/>Flapjacks<br \/>The Brave Toreador<br \/>The High Cost Of Living<br \/>The League Of Nations<br \/>The Tailor Shop<br \/>A Hard Luck Santa Claus<br \/>All Stuck Up<br \/>Farm Efficiency<br \/>Gum Shoe Work<br \/>Home Brew<br \/>The Medicine Man<br \/>Cleopatra<br \/>On The Hop<br \/>Sherlock Hawkshaw And Company<br \/>The Hypnotist<br \/>The North Woods<br \/>The Papoose<br \/>The Parlor Bolshevist<br \/>A Glutton For Punishment<br \/>A Rose by Any Other Name<br \/>Fisherman&#8217;s Luck<br \/>His Musical Soup<br \/>Mutt And Jeff In Iceland<br \/>Mutt And Jeff&#8217;s Nooze Weekly<br \/>On Strike<br \/>Pretzel Farming<br \/>Shaking The Shimmy<br \/>The Berth Of A Nation<br \/>The Latest In Underwear<br \/>The Rum Runners<\/p>\n<p>1921<br \/>The Lion Hunters<br \/>The Ventriloquist<br \/>Dr. Killjoy<br \/>Factory To Consumer<br \/>A Crazy Idea<br \/>The Naturalists<br \/>Gathering Coconuts<br \/>It&#8217;s A Bear<br \/>Mademoiselle Fifi<br \/>The Vacuum Cleaner<br \/>A Hard Shell Game<br \/>A Rare Bird<br \/>White Meat<br \/>Flivvering<br \/>Cold Tea<br \/>The Glue Factory<br \/>The Gusher<br \/>Watering The Elephants<br \/>The Far East<br \/>A Shocking Idea<br \/>The Far North<br \/>Touring<br \/>Training Woodpeckers<br \/>Crows And Scarecrows<br \/>Darkest Africa<br \/>Not Wedded But A Wife<br \/>The Painter&#8217;s Frolic<br \/>The Stampede<br \/>The Big Mystery<br \/>The Tong Sandwich<br \/>Shadowed<br \/>The Turkish Bath<br \/>A Messy Christmas<br \/>Fast Freight<br \/>The Village Cutups<br \/>The Stolen Snooze<br \/>Getting Ahead<\/p>\n<p>1922<br \/>Bony Parts<br \/>Stuck In The Mud<br \/>The Crystal Gazer<br \/>The Hole Cheese<br \/>The Phoney Focus<br \/>The Last Shot<br \/>Any Ice Today<br \/>The Cashier<br \/>Too Much Soap<br \/>Around The Pyramids<br \/>Getting Even<br \/>Golfing<br \/>Hoot Mon<br \/>Tin Foiled<br \/>Hop, Skip And Jump<br \/>Hither And Thither<br \/>Modern Fishing<br \/>Court Plastered<br \/>Falls Ahead<br \/>Riding The Goat<br \/>The Fallen Archers<br \/>Cold Turkey<br \/>The Wishing Duck<br \/>Bumps And Things<br \/>Nearing The End<br \/>Gym Jams<br \/>A Ghostly Wallop<br \/>Beside The Cider<br \/>Long Live The King<br \/>The Last Laugh<br \/>The Bull Fight<\/p>\n<p>1923<br \/>Down In Dixie<\/p>\n<p>1925<br \/>A Kick For Cinderella<br \/>Accidents Won&#8217;t Happen<br \/>Soda Jerks<br \/>The Invisible Revenge<br \/>Where Am I?<br \/>The Bear Facts<br \/>Mixing in Mexico<br \/>Oceans Of Trouble<br \/>A Link Missing<br \/>Thou Shalt Not Pass<br \/>Aroma Of The South Seas<br \/>The Globe Trotters<\/p>\n<p>1926<br \/>Lots of Water<br \/>When Hell Freezes Over<br \/>Westward Whoa<br \/>Slick Sleuths<br \/>Ups and Downs<br \/>Playing with Fire<br \/>Dog Gone<br \/>The Big Swim<br \/>Mummy o&#8217; Mine<br \/>A Roman Scandal<br \/>Bombs and Bums<br \/>Skating Instructors&#8217;<br \/>Set &#8216;em Up Again<br \/>A Stretch in Time<\/p>\n<p>[\/et_pb_tab][\/et_pb_tabs][et_pb_wc_title _builder_version=\u00bb4.20.2&#8243; header_font=\u00bb|600|||||||\u00bb header_text_color=\u00bb#0C71C3&#8243; header_font_size=\u00bb25px\u00bb custom_margin=\u00bb0px|0px|0px|0px|true|true\u00bb custom_padding=\u00bb0px|0px|0px|0px|true|true\u00bb global_colors_info=\u00bb{}\u00bb][\/et_pb_wc_title][\/et_pb_column][\/et_pb_row][et_pb_row column_structure=\u00bb3_5,2_5&#8243; _builder_version=\u00bb4.20.2&#8243; background_size=\u00bbinitial\u00bb background_position=\u00bbtop_left\u00bb background_repeat=\u00bbrepeat\u00bb width=\u00bb100%\u00bb custom_margin=\u00bb0px|0px|0px|0px|true|true\u00bb custom_padding=\u00bb0px|0px|0px|0px|true|true\u00bb global_colors_info=\u00bb{}\u00bb][et_pb_column type=\u00bb3_5&#8243; _builder_version=\u00bb4.20.2&#8243; _module_preset=\u00bbdefault\u00bb global_colors_info=\u00bb{}\u00bb][\/et_pb_column][et_pb_column type=\u00bb2_5&#8243; _builder_version=\u00bb4.20.2&#8243; custom_padding=\u00bb|||\u00bb global_colors_info=\u00bb{}\u00bb custom_padding__hover=\u00bb|||\u00bb][\/et_pb_column][\/et_pb_row][\/et_pb_section][et_pb_section fb_built=\u00bb1&#8243; _builder_version=\u00bb4.20.2&#8243; _module_preset=\u00bbdefault\u00bb custom_margin=\u00bb||9px|||\u00bb custom_padding=\u00bb||14px|||\u00bb global_colors_info=\u00bb{}\u00bb][et_pb_row column_structure=\u00bb1_3,1_3,1_3&#8243; _builder_version=\u00bb4.20.2&#8243; _module_preset=\u00bbdefault\u00bb global_colors_info=\u00bb{}\u00bb][et_pb_column type=\u00bb1_3&#8243; _builder_version=\u00bb4.20.2&#8243; _module_preset=\u00bbdefault\u00bb global_colors_info=\u00bb{}\u00bb][\/et_pb_column][et_pb_column type=\u00bb1_3&#8243; _builder_version=\u00bb4.20.2&#8243; _module_preset=\u00bbdefault\u00bb global_colors_info=\u00bb{}\u00bb][\/et_pb_column][et_pb_column type=\u00bb1_3&#8243; _builder_version=\u00bb4.20.2&#8243; _module_preset=\u00bbdefault\u00bb global_colors_info=\u00bb{}\u00bb][et_pb_image src=\u00bbhttps:\/\/www.historieta.es\/wp-content\/uploads\/2026\/01\/Mutt-and-Jeff-1916-comic.png\u00bb title_text=\u00bbMutt-and-Jeff-1916-comic\u00bb show_in_lightbox=\u00bbon\u00bb _builder_version=\u00bb4.27.5&#8243; _module_preset=\u00bbdefault\u00bb global_colors_info=\u00bb{}\u00bb][\/et_pb_image][\/et_pb_column][\/et_pb_row][\/et_pb_section]<\/p>\n","protected":false},"excerpt":{"rendered":"<p>Mutt and Jeff (1916), USA, Bud Fisher<\/p>\n","protected":false},"featured_media":26857,"template":"","meta":{"_et_pb_use_builder":"on","_et_pb_old_content":"","_et_gb_content_width":"","_monsterinsights_skip_tracking":false,"_monsterinsights_sitenote_active":false,"_monsterinsights_sitenote_note":"","_monsterinsights_sitenote_category":0},"product_brand":[],"product_cat":[28,64],"product_tag":[],"class_list":{"0":"post-26853","1":"product","2":"type-product","3":"status-publish","4":"has-post-thumbnail","6":"product_cat-peliculas","7":"product_cat-peliculas-clasicos-usa","9":"first","10":"instock","11":"shipping-taxable","12":"product-type-simple"},"yoast_head":"<!-- This site is optimized with the Yoast SEO plugin v27.2 - https:\/\/yoast.com\/product\/yoast-seo-wordpress\/ -->\n<title>Mutt and Jeff (1916)<\/title>\n<meta name=\"robots\" content=\"index, follow, max-snippet:-1, max-image-preview:large, max-video-preview:-1\" \/>\n<link rel=\"canonical\" href=\"https:\/\/www.historieta.es\/?product=mutt-and-jeff-1916\" \/>\n<meta property=\"og:locale\" content=\"es_ES\" \/>\n<meta property=\"og:type\" content=\"article\" \/>\n<meta property=\"og:title\" content=\"Mutt and Jeff (1916)\" \/>\n<meta property=\"og:description\" content=\"Mutt and Jeff (1916), USA, Bud Fisher\" \/>\n<meta property=\"og:url\" content=\"https:\/\/www.historieta.es\/?product=mutt-and-jeff-1916\" \/>\n<meta property=\"og:site_name\" content=\"historieta\" \/>\n<meta property=\"article:modified_time\" content=\"2026-01-29T20:37:00+00:00\" \/>\n<meta property=\"og:image\" content=\"https:\/\/www.historieta.es\/wp-content\/uploads\/2026\/01\/Mutt-and-Jeff-1916.png\" \/>\n\t<meta property=\"og:image:width\" content=\"600\" \/>\n\t<meta property=\"og:image:height\" content=\"600\" \/>\n\t<meta property=\"og:image:type\" content=\"image\/png\" \/>\n<meta name=\"twitter:card\" content=\"summary_large_image\" \/>\n<meta name=\"twitter:label1\" content=\"Tiempo de lectura\" \/>\n\t<meta name=\"twitter:data1\" content=\"6 minutos\" \/>\n<script type=\"application\/ld+json\" class=\"yoast-schema-graph\">{\"@context\":\"https:\/\/schema.org\",\"@graph\":[{\"@type\":\"WebPage\",\"@id\":\"https:\/\/www.historieta.es\/?product=mutt-and-jeff-1916\",\"url\":\"https:\/\/www.historieta.es\/?product=mutt-and-jeff-1916\",\"name\":\"Mutt and Jeff (1916)\",\"isPartOf\":{\"@id\":\"https:\/\/www.historieta.es\/#website\"},\"primaryImageOfPage\":{\"@id\":\"https:\/\/www.historieta.es\/?product=mutt-and-jeff-1916#primaryimage\"},\"image\":{\"@id\":\"https:\/\/www.historieta.es\/?product=mutt-and-jeff-1916#primaryimage\"},\"thumbnailUrl\":\"https:\/\/www.historieta.es\/wp-content\/uploads\/2026\/01\/Mutt-and-Jeff-1916.png\",\"datePublished\":\"2026-01-29T20:29:41+00:00\",\"dateModified\":\"2026-01-29T20:37:00+00:00\",\"breadcrumb\":{\"@id\":\"https:\/\/www.historieta.es\/?product=mutt-and-jeff-1916#breadcrumb\"},\"inLanguage\":\"es\",\"potentialAction\":[{\"@type\":\"ReadAction\",\"target\":[\"https:\/\/www.historieta.es\/?product=mutt-and-jeff-1916\"]}]},{\"@type\":\"ImageObject\",\"inLanguage\":\"es\",\"@id\":\"https:\/\/www.historieta.es\/?product=mutt-and-jeff-1916#primaryimage\",\"url\":\"https:\/\/www.historieta.es\/wp-content\/uploads\/2026\/01\/Mutt-and-Jeff-1916.png\",\"contentUrl\":\"https:\/\/www.historieta.es\/wp-content\/uploads\/2026\/01\/Mutt-and-Jeff-1916.png\",\"width\":600,\"height\":600},{\"@type\":\"BreadcrumbList\",\"@id\":\"https:\/\/www.historieta.es\/?product=mutt-and-jeff-1916#breadcrumb\",\"itemListElement\":[{\"@type\":\"ListItem\",\"position\":1,\"name\":\"Portada\",\"item\":\"https:\/\/www.historieta.es\/\"},{\"@type\":\"ListItem\",\"position\":2,\"name\":\"Productos\",\"item\":\"https:\/\/www.historieta.es\/?post_type=product\"},{\"@type\":\"ListItem\",\"position\":3,\"name\":\"Mutt and Jeff (1916)\"}]},{\"@type\":\"WebSite\",\"@id\":\"https:\/\/www.historieta.es\/#website\",\"url\":\"https:\/\/www.historieta.es\/\",\"name\":\"historieta\",\"description\":\"sitio de comic\",\"potentialAction\":[{\"@type\":\"SearchAction\",\"target\":{\"@type\":\"EntryPoint\",\"urlTemplate\":\"https:\/\/www.historieta.es\/?s={search_term_string}\"},\"query-input\":{\"@type\":\"PropertyValueSpecification\",\"valueRequired\":true,\"valueName\":\"search_term_string\"}}],\"inLanguage\":\"es\"}]}<\/script>\n<!-- \/ Yoast SEO plugin. -->","yoast_head_json":{"title":"Mutt and Jeff (1916)","robots":{"index":"index","follow":"follow","max-snippet":"max-snippet:-1","max-image-preview":"max-image-preview:large","max-video-preview":"max-video-preview:-1"},"canonical":"https:\/\/www.historieta.es\/?product=mutt-and-jeff-1916","og_locale":"es_ES","og_type":"article","og_title":"Mutt and Jeff (1916)","og_description":"Mutt and Jeff (1916), USA, Bud Fisher","og_url":"https:\/\/www.historieta.es\/?product=mutt-and-jeff-1916","og_site_name":"historieta","article_modified_time":"2026-01-29T20:37:00+00:00","og_image":[{"width":600,"height":600,"url":"https:\/\/www.historieta.es\/wp-content\/uploads\/2026\/01\/Mutt-and-Jeff-1916.png","type":"image\/png"}],"twitter_card":"summary_large_image","twitter_misc":{"Tiempo de lectura":"6 minutos"},"schema":{"@context":"https:\/\/schema.org","@graph":[{"@type":"WebPage","@id":"https:\/\/www.historieta.es\/?product=mutt-and-jeff-1916","url":"https:\/\/www.historieta.es\/?product=mutt-and-jeff-1916","name":"Mutt and Jeff (1916)","isPartOf":{"@id":"https:\/\/www.historieta.es\/#website"},"primaryImageOfPage":{"@id":"https:\/\/www.historieta.es\/?product=mutt-and-jeff-1916#primaryimage"},"image":{"@id":"https:\/\/www.historieta.es\/?product=mutt-and-jeff-1916#primaryimage"},"thumbnailUrl":"https:\/\/www.historieta.es\/wp-content\/uploads\/2026\/01\/Mutt-and-Jeff-1916.png","datePublished":"2026-01-29T20:29:41+00:00","dateModified":"2026-01-29T20:37:00+00:00","breadcrumb":{"@id":"https:\/\/www.historieta.es\/?product=mutt-and-jeff-1916#breadcrumb"},"inLanguage":"es","potentialAction":[{"@type":"ReadAction","target":["https:\/\/www.historieta.es\/?product=mutt-and-jeff-1916"]}]},{"@type":"ImageObject","inLanguage":"es","@id":"https:\/\/www.historieta.es\/?product=mutt-and-jeff-1916#primaryimage","url":"https:\/\/www.historieta.es\/wp-content\/uploads\/2026\/01\/Mutt-and-Jeff-1916.png","contentUrl":"https:\/\/www.historieta.es\/wp-content\/uploads\/2026\/01\/Mutt-and-Jeff-1916.png","width":600,"height":600},{"@type":"BreadcrumbList","@id":"https:\/\/www.historieta.es\/?product=mutt-and-jeff-1916#breadcrumb","itemListElement":[{"@type":"ListItem","position":1,"name":"Portada","item":"https:\/\/www.historieta.es\/"},{"@type":"ListItem","position":2,"name":"Productos","item":"https:\/\/www.historieta.es\/?post_type=product"},{"@type":"ListItem","position":3,"name":"Mutt and Jeff (1916)"}]},{"@type":"WebSite","@id":"https:\/\/www.historieta.es\/#website","url":"https:\/\/www.historieta.es\/","name":"historieta","description":"sitio de comic","potentialAction":[{"@type":"SearchAction","target":{"@type":"EntryPoint","urlTemplate":"https:\/\/www.historieta.es\/?s={search_term_string}"},"query-input":{"@type":"PropertyValueSpecification","valueRequired":true,"valueName":"search_term_string"}}],"inLanguage":"es"}]}},"_links":{"self":[{"href":"https:\/\/www.historieta.es\/index.php?rest_route=\/wp\/v2\/product\/26853","targetHints":{"allow":["GET"]}}],"collection":[{"href":"https:\/\/www.historieta.es\/index.php?rest_route=\/wp\/v2\/product"}],"about":[{"href":"https:\/\/www.historieta.es\/index.php?rest_route=\/wp\/v2\/types\/product"}],"wp:featuredmedia":[{"embeddable":true,"href":"https:\/\/www.historieta.es\/index.php?rest_route=\/wp\/v2\/media\/26857"}],"wp:attachment":[{"href":"https:\/\/www.historieta.es\/index.php?rest_route=%2Fwp%2Fv2%2Fmedia&parent=26853"}],"wp:term":[{"taxonomy":"product_brand","embeddable":true,"href":"https:\/\/www.historieta.es\/index.php?rest_route=%2Fwp%2Fv2%2Fproduct_brand&post=26853"},{"taxonomy":"product_cat","embeddable":true,"href":"https:\/\/www.historieta.es\/index.php?rest_route=%2Fwp%2Fv2%2Fproduct_cat&post=26853"},{"taxonomy":"product_tag","embeddable":true,"href":"https:\/\/www.historieta.es\/index.php?rest_route=%2Fwp%2Fv2%2Fproduct_tag&post=26853"}],"curies":[{"name":"wp","href":"https:\/\/api.w.org\/{rel}","templated":true}]}}