{"id":18756,"date":"2025-01-09T07:12:26","date_gmt":"2025-01-09T07:12:26","guid":{"rendered":"https:\/\/www.historieta.es\/?post_type=product&#038;p=18756"},"modified":"2025-01-09T07:12:26","modified_gmt":"2025-01-09T07:12:26","slug":"manual-del-caballero-oscuro-herramientas-armas-vehiculos-y-documentos-de-la-batcueva","status":"publish","type":"product","link":"https:\/\/www.historieta.es\/?product=manual-del-caballero-oscuro-herramientas-armas-vehiculos-y-documentos-de-la-batcueva","title":{"rendered":"Manual del Caballero Oscuro. Herramientas, armas, veh\u00edculos y documentos de la Batcueva"},"content":{"rendered":"<p>[et_pb_section fb_built=\u00bb1&#8243; _builder_version=\u00bb4.20.2&#8243; custom_margin=\u00bb-44px|0px|-44px|0px|true|true\u00bb custom_padding=\u00bb0px|0px|0px|0px|true|true\u00bb collapsed=\u00bboff\u00bb global_colors_info=\u00bb{}\u00bb theme_builder_area=\u00bbpost_content\u00bb][et_pb_row column_structure=\u00bb2_5,3_5&#8243; _builder_version=\u00bb4.20.2&#8243; background_size=\u00bbinitial\u00bb background_position=\u00bbtop_left\u00bb background_repeat=\u00bbrepeat\u00bb width=\u00bb100%\u00bb custom_margin=\u00bb0px|0px|0px|0px|true|true\u00bb custom_padding=\u00bb0px|0px|0px|0px|true|true\u00bb global_colors_info=\u00bb{}\u00bb theme_builder_area=\u00bbpost_content\u00bb][et_pb_column type=\u00bb2_5&#8243; _builder_version=\u00bb4.16&#8243; custom_padding=\u00bb|||\u00bb global_colors_info=\u00bb{}\u00bb custom_padding__hover=\u00bb|||\u00bb theme_builder_area=\u00bbpost_content\u00bb][et_pb_wc_images _builder_version=\u00bb4.20.2&#8243; box_shadow_style=\u00bbpreset1&#8243; global_colors_info=\u00bb{}\u00bb theme_builder_area=\u00bbpost_content\u00bb][\/et_pb_wc_images][\/et_pb_column][et_pb_column type=\u00bb3_5&#8243; _builder_version=\u00bb4.20.2&#8243; _module_preset=\u00bbdefault\u00bb global_colors_info=\u00bb{}\u00bb theme_builder_area=\u00bbpost_content\u00bb][et_pb_tabs _builder_version=\u00bb4.25.0&#8243; _module_preset=\u00bbdefault\u00bb hover_enabled=\u00bb0&#8243; global_colors_info=\u00bb{}\u00bb theme_builder_area=\u00bbpost_content\u00bb sticky_enabled=\u00bb0&#8243;][et_pb_tab title=\u00bbDatos\u00bb _builder_version=\u00bb4.25.0&#8243; _module_preset=\u00bbdefault\u00bb hover_enabled=\u00bb0&#8243; global_colors_info=\u00bb{}\u00bb theme_builder_area=\u00bbpost_content\u00bb sticky_enabled=\u00bb0&#8243;]<\/p>\n<p>Autor:<\/p>\n<p>Editorial: Timun Mas \/ Planeta<\/p>\n<p>Ciudad: Barcelona<\/p>\n<p>Pa\u00eds: Espa\u00f1a<\/p>\n<p>Tama\u00f1o: 23,5&#215;30<\/p>\n<p>P\u00e1ginas: 112<\/p>\n<p>A\u00f1o: 2012<\/p>\n<p>Dep\u00f3sito legal:<\/p>\n<p>ISBN: 978-8448006426<\/p>\n<p><strong>IDIOMA: Castellano<br \/><\/strong><\/p>\n<p>[\/et_pb_tab][et_pb_tab title=\u00bbDescripci\u00f3n\u00bb _builder_version=\u00bb4.25.0&#8243; _module_preset=\u00bbdefault\u00bb hover_enabled=\u00bb0&#8243; global_colors_info=\u00bb{}\u00bb theme_builder_area=\u00bbpost_content\u00bb sticky_enabled=\u00bb0&#8243;]<\/p>\n<p>Este fascinante manual contiene bocetos, diagramas, notas, archivos policiales y otros documentos secretos reunidos por Bruce Wayne cuando se convirti\u00f3 en el Caballero Oscuro de Gotham.<br \/>Todos los momentos decisivos se encuentran aqu\u00ed: desde su colaboraci\u00f3n con Lucius Fox, hasta la alianza con James Gordon en el DPG, pasando por las notas manuscritas que envi\u00f3 a su fiel mayordomo, Alfred Pennyworth. En este libro encontrar\u00e1s m\u00e1s de una docena de documentos extra\u00edbles, incluido el dise\u00f1o del c\u00e9lebre Bat-traje, los planos que revelan el funcionamiento interno de la Bat-cueva, su impresionante arsenal de armas y herramientas, y mucho m\u00e1s.<br \/>Adem\u00e1s, busca los contenidos ocultos y las exclusivas im\u00e1genes de la pel\u00edcula final de la Trilog\u00eda del Caballero Oscuro de Nolan: El Caballero Oscuro: La leyenda renace.<\/p>\n<p>[\/et_pb_tab][et_pb_tab title=\u00bbBibliograf\u00eda\u00bb _builder_version=\u00bb4.20.2&#8243; _module_preset=\u00bbdefault\u00bb global_colors_info=\u00bb{}\u00bb theme_builder_area=\u00bbpost_content\u00bb][\/et_pb_tab][\/et_pb_tabs][et_pb_wc_title _builder_version=\u00bb4.20.2&#8243; header_font=\u00bb|600|||||||\u00bb header_text_color=\u00bb#0C71C3&#8243; header_font_size=\u00bb25px\u00bb custom_margin=\u00bb0px|0px|0px|0px|true|true\u00bb custom_padding=\u00bb0px|0px|0px|0px|true|true\u00bb global_colors_info=\u00bb{}\u00bb theme_builder_area=\u00bbpost_content\u00bb][\/et_pb_wc_title][\/et_pb_column][\/et_pb_row][\/et_pb_section][et_pb_section fb_built=\u00bb1&#8243; _builder_version=\u00bb4.20.2&#8243; _module_preset=\u00bbdefault\u00bb global_colors_info=\u00bb{}\u00bb theme_builder_area=\u00bbpost_content\u00bb][\/et_pb_section][et_pb_section fb_built=\u00bb1&#8243; _builder_version=\u00bb4.20.2&#8243; _module_preset=\u00bbdefault\u00bb global_colors_info=\u00bb{}\u00bb theme_builder_area=\u00bbpost_content\u00bb][\/et_pb_section]<\/p>\n","protected":false},"excerpt":{"rendered":"<p>Manual del Caballero Oscuro. Herramientas, armas, veh\u00edculos y documentos de la Batcueva, Superh\u00e9roes, Espa\u00f1a, Castellano, Timun Mas, Planeta, Barcelona<\/p>\n","protected":false},"featured_media":18757,"template":"","meta":{"_et_pb_use_builder":"on","_et_pb_old_content":"","_et_gb_content_width":"","_monsterinsights_skip_tracking":false,"_monsterinsights_sitenote_active":false,"_monsterinsights_sitenote_note":"","_monsterinsights_sitenote_category":0},"product_brand":[],"product_cat":[31,53],"product_tag":[],"class_list":{"0":"post-18756","1":"product","2":"type-product","3":"status-publish","4":"has-post-thumbnail","6":"product_cat-libros","7":"product_cat-tema-superheroes","9":"first","10":"instock","11":"shipping-taxable","12":"product-type-simple"},"yoast_head":"<!-- This site is optimized with the Yoast SEO plugin v27.2 - https:\/\/yoast.com\/product\/yoast-seo-wordpress\/ -->\n<title>Manual del Caballero Oscuro. Herramientas, armas, veh\u00edculos y documentos de la Batcueva<\/title>\n<meta name=\"robots\" content=\"index, follow, max-snippet:-1, max-image-preview:large, max-video-preview:-1\" \/>\n<link rel=\"canonical\" href=\"https:\/\/www.historieta.es\/?product=manual-del-caballero-oscuro-herramientas-armas-vehiculos-y-documentos-de-la-batcueva\" \/>\n<meta property=\"og:locale\" content=\"es_ES\" \/>\n<meta property=\"og:type\" content=\"article\" \/>\n<meta property=\"og:title\" content=\"Manual del Caballero Oscuro. Herramientas, armas, veh\u00edculos y documentos de la Batcueva\" \/>\n<meta property=\"og:description\" content=\"Manual del Caballero Oscuro. Herramientas, armas, veh\u00edculos y documentos de la Batcueva, Superh\u00e9roes, Espa\u00f1a, Castellano, Timun Mas, Planeta, Barcelona\" \/>\n<meta property=\"og:url\" content=\"https:\/\/www.historieta.es\/?product=manual-del-caballero-oscuro-herramientas-armas-vehiculos-y-documentos-de-la-batcueva\" \/>\n<meta property=\"og:site_name\" content=\"historieta\" \/>\n<meta property=\"og:image\" content=\"https:\/\/www.historieta.es\/wp-content\/uploads\/2025\/01\/Manual-del-Caballero-Oscuro.-Herramientas-armas-vehiculos-y-documentos-de-la-Batcueva.png\" \/>\n\t<meta property=\"og:image:width\" content=\"600\" \/>\n\t<meta property=\"og:image:height\" content=\"600\" \/>\n\t<meta property=\"og:image:type\" content=\"image\/png\" \/>\n<meta name=\"twitter:card\" content=\"summary_large_image\" \/>\n<meta name=\"twitter:label1\" content=\"Tiempo de lectura\" \/>\n\t<meta name=\"twitter:data1\" content=\"2 minutos\" \/>\n<script type=\"application\/ld+json\" class=\"yoast-schema-graph\">{\"@context\":\"https:\/\/schema.org\",\"@graph\":[{\"@type\":\"WebPage\",\"@id\":\"https:\/\/www.historieta.es\/?product=manual-del-caballero-oscuro-herramientas-armas-vehiculos-y-documentos-de-la-batcueva\",\"url\":\"https:\/\/www.historieta.es\/?product=manual-del-caballero-oscuro-herramientas-armas-vehiculos-y-documentos-de-la-batcueva\",\"name\":\"Manual del Caballero Oscuro. Herramientas, armas, veh\u00edculos y documentos de la Batcueva\",\"isPartOf\":{\"@id\":\"https:\/\/www.historieta.es\/#website\"},\"primaryImageOfPage\":{\"@id\":\"https:\/\/www.historieta.es\/?product=manual-del-caballero-oscuro-herramientas-armas-vehiculos-y-documentos-de-la-batcueva#primaryimage\"},\"image\":{\"@id\":\"https:\/\/www.historieta.es\/?product=manual-del-caballero-oscuro-herramientas-armas-vehiculos-y-documentos-de-la-batcueva#primaryimage\"},\"thumbnailUrl\":\"https:\/\/www.historieta.es\/wp-content\/uploads\/2025\/01\/Manual-del-Caballero-Oscuro.-Herramientas-armas-vehiculos-y-documentos-de-la-Batcueva.png\",\"datePublished\":\"2025-01-09T07:12:26+00:00\",\"breadcrumb\":{\"@id\":\"https:\/\/www.historieta.es\/?product=manual-del-caballero-oscuro-herramientas-armas-vehiculos-y-documentos-de-la-batcueva#breadcrumb\"},\"inLanguage\":\"es\",\"potentialAction\":[{\"@type\":\"ReadAction\",\"target\":[\"https:\/\/www.historieta.es\/?product=manual-del-caballero-oscuro-herramientas-armas-vehiculos-y-documentos-de-la-batcueva\"]}]},{\"@type\":\"ImageObject\",\"inLanguage\":\"es\",\"@id\":\"https:\/\/www.historieta.es\/?product=manual-del-caballero-oscuro-herramientas-armas-vehiculos-y-documentos-de-la-batcueva#primaryimage\",\"url\":\"https:\/\/www.historieta.es\/wp-content\/uploads\/2025\/01\/Manual-del-Caballero-Oscuro.-Herramientas-armas-vehiculos-y-documentos-de-la-Batcueva.png\",\"contentUrl\":\"https:\/\/www.historieta.es\/wp-content\/uploads\/2025\/01\/Manual-del-Caballero-Oscuro.-Herramientas-armas-vehiculos-y-documentos-de-la-Batcueva.png\",\"width\":600,\"height\":600},{\"@type\":\"BreadcrumbList\",\"@id\":\"https:\/\/www.historieta.es\/?product=manual-del-caballero-oscuro-herramientas-armas-vehiculos-y-documentos-de-la-batcueva#breadcrumb\",\"itemListElement\":[{\"@type\":\"ListItem\",\"position\":1,\"name\":\"Portada\",\"item\":\"https:\/\/www.historieta.es\/\"},{\"@type\":\"ListItem\",\"position\":2,\"name\":\"Productos\",\"item\":\"https:\/\/www.historieta.es\/?post_type=product\"},{\"@type\":\"ListItem\",\"position\":3,\"name\":\"Manual del Caballero Oscuro. Herramientas, armas, veh\u00edculos y documentos de la Batcueva\"}]},{\"@type\":\"WebSite\",\"@id\":\"https:\/\/www.historieta.es\/#website\",\"url\":\"https:\/\/www.historieta.es\/\",\"name\":\"historieta\",\"description\":\"sitio de comic\",\"potentialAction\":[{\"@type\":\"SearchAction\",\"target\":{\"@type\":\"EntryPoint\",\"urlTemplate\":\"https:\/\/www.historieta.es\/?s={search_term_string}\"},\"query-input\":{\"@type\":\"PropertyValueSpecification\",\"valueRequired\":true,\"valueName\":\"search_term_string\"}}],\"inLanguage\":\"es\"}]}<\/script>\n<!-- \/ Yoast SEO plugin. -->","yoast_head_json":{"title":"Manual del Caballero Oscuro. Herramientas, armas, veh\u00edculos y documentos de la Batcueva","robots":{"index":"index","follow":"follow","max-snippet":"max-snippet:-1","max-image-preview":"max-image-preview:large","max-video-preview":"max-video-preview:-1"},"canonical":"https:\/\/www.historieta.es\/?product=manual-del-caballero-oscuro-herramientas-armas-vehiculos-y-documentos-de-la-batcueva","og_locale":"es_ES","og_type":"article","og_title":"Manual del Caballero Oscuro. Herramientas, armas, veh\u00edculos y documentos de la Batcueva","og_description":"Manual del Caballero Oscuro. Herramientas, armas, veh\u00edculos y documentos de la Batcueva, Superh\u00e9roes, Espa\u00f1a, Castellano, Timun Mas, Planeta, Barcelona","og_url":"https:\/\/www.historieta.es\/?product=manual-del-caballero-oscuro-herramientas-armas-vehiculos-y-documentos-de-la-batcueva","og_site_name":"historieta","og_image":[{"width":600,"height":600,"url":"https:\/\/www.historieta.es\/wp-content\/uploads\/2025\/01\/Manual-del-Caballero-Oscuro.-Herramientas-armas-vehiculos-y-documentos-de-la-Batcueva.png","type":"image\/png"}],"twitter_card":"summary_large_image","twitter_misc":{"Tiempo de lectura":"2 minutos"},"schema":{"@context":"https:\/\/schema.org","@graph":[{"@type":"WebPage","@id":"https:\/\/www.historieta.es\/?product=manual-del-caballero-oscuro-herramientas-armas-vehiculos-y-documentos-de-la-batcueva","url":"https:\/\/www.historieta.es\/?product=manual-del-caballero-oscuro-herramientas-armas-vehiculos-y-documentos-de-la-batcueva","name":"Manual del Caballero Oscuro. Herramientas, armas, veh\u00edculos y documentos de la Batcueva","isPartOf":{"@id":"https:\/\/www.historieta.es\/#website"},"primaryImageOfPage":{"@id":"https:\/\/www.historieta.es\/?product=manual-del-caballero-oscuro-herramientas-armas-vehiculos-y-documentos-de-la-batcueva#primaryimage"},"image":{"@id":"https:\/\/www.historieta.es\/?product=manual-del-caballero-oscuro-herramientas-armas-vehiculos-y-documentos-de-la-batcueva#primaryimage"},"thumbnailUrl":"https:\/\/www.historieta.es\/wp-content\/uploads\/2025\/01\/Manual-del-Caballero-Oscuro.-Herramientas-armas-vehiculos-y-documentos-de-la-Batcueva.png","datePublished":"2025-01-09T07:12:26+00:00","breadcrumb":{"@id":"https:\/\/www.historieta.es\/?product=manual-del-caballero-oscuro-herramientas-armas-vehiculos-y-documentos-de-la-batcueva#breadcrumb"},"inLanguage":"es","potentialAction":[{"@type":"ReadAction","target":["https:\/\/www.historieta.es\/?product=manual-del-caballero-oscuro-herramientas-armas-vehiculos-y-documentos-de-la-batcueva"]}]},{"@type":"ImageObject","inLanguage":"es","@id":"https:\/\/www.historieta.es\/?product=manual-del-caballero-oscuro-herramientas-armas-vehiculos-y-documentos-de-la-batcueva#primaryimage","url":"https:\/\/www.historieta.es\/wp-content\/uploads\/2025\/01\/Manual-del-Caballero-Oscuro.-Herramientas-armas-vehiculos-y-documentos-de-la-Batcueva.png","contentUrl":"https:\/\/www.historieta.es\/wp-content\/uploads\/2025\/01\/Manual-del-Caballero-Oscuro.-Herramientas-armas-vehiculos-y-documentos-de-la-Batcueva.png","width":600,"height":600},{"@type":"BreadcrumbList","@id":"https:\/\/www.historieta.es\/?product=manual-del-caballero-oscuro-herramientas-armas-vehiculos-y-documentos-de-la-batcueva#breadcrumb","itemListElement":[{"@type":"ListItem","position":1,"name":"Portada","item":"https:\/\/www.historieta.es\/"},{"@type":"ListItem","position":2,"name":"Productos","item":"https:\/\/www.historieta.es\/?post_type=product"},{"@type":"ListItem","position":3,"name":"Manual del Caballero Oscuro. Herramientas, armas, veh\u00edculos y documentos de la Batcueva"}]},{"@type":"WebSite","@id":"https:\/\/www.historieta.es\/#website","url":"https:\/\/www.historieta.es\/","name":"historieta","description":"sitio de comic","potentialAction":[{"@type":"SearchAction","target":{"@type":"EntryPoint","urlTemplate":"https:\/\/www.historieta.es\/?s={search_term_string}"},"query-input":{"@type":"PropertyValueSpecification","valueRequired":true,"valueName":"search_term_string"}}],"inLanguage":"es"}]}},"_links":{"self":[{"href":"https:\/\/www.historieta.es\/index.php?rest_route=\/wp\/v2\/product\/18756","targetHints":{"allow":["GET"]}}],"collection":[{"href":"https:\/\/www.historieta.es\/index.php?rest_route=\/wp\/v2\/product"}],"about":[{"href":"https:\/\/www.historieta.es\/index.php?rest_route=\/wp\/v2\/types\/product"}],"wp:featuredmedia":[{"embeddable":true,"href":"https:\/\/www.historieta.es\/index.php?rest_route=\/wp\/v2\/media\/18757"}],"wp:attachment":[{"href":"https:\/\/www.historieta.es\/index.php?rest_route=%2Fwp%2Fv2%2Fmedia&parent=18756"}],"wp:term":[{"taxonomy":"product_brand","embeddable":true,"href":"https:\/\/www.historieta.es\/index.php?rest_route=%2Fwp%2Fv2%2Fproduct_brand&post=18756"},{"taxonomy":"product_cat","embeddable":true,"href":"https:\/\/www.historieta.es\/index.php?rest_route=%2Fwp%2Fv2%2Fproduct_cat&post=18756"},{"taxonomy":"product_tag","embeddable":true,"href":"https:\/\/www.historieta.es\/index.php?rest_route=%2Fwp%2Fv2%2Fproduct_tag&post=18756"}],"curies":[{"name":"wp","href":"https:\/\/api.w.org\/{rel}","templated":true}]}}