{"id":17040,"date":"2024-11-14T16:01:01","date_gmt":"2024-11-14T16:01:01","guid":{"rendered":"https:\/\/www.historieta.es\/?post_type=product&#038;p=17040"},"modified":"2024-11-14T16:01:09","modified_gmt":"2024-11-14T16:01:09","slug":"el-lenguaje-del-anime-del-papel-a-la-pantalla","status":"publish","type":"product","link":"https:\/\/www.historieta.es\/?product=el-lenguaje-del-anime-del-papel-a-la-pantalla","title":{"rendered":"El lenguaje del anime. Del papel a la pantalla"},"content":{"rendered":"<p>[et_pb_section fb_built=\u00bb1&#8243; _builder_version=\u00bb4.20.2&#8243; custom_margin=\u00bb-44px|0px|-44px|0px|true|true\u00bb custom_padding=\u00bb0px|0px|0px|0px|true|true\u00bb collapsed=\u00bboff\u00bb global_colors_info=\u00bb{}\u00bb theme_builder_area=\u00bbpost_content\u00bb][et_pb_row column_structure=\u00bb2_5,3_5&#8243; _builder_version=\u00bb4.20.2&#8243; background_size=\u00bbinitial\u00bb background_position=\u00bbtop_left\u00bb background_repeat=\u00bbrepeat\u00bb width=\u00bb100%\u00bb custom_margin=\u00bb0px|0px|0px|0px|true|true\u00bb custom_padding=\u00bb0px|0px|0px|0px|true|true\u00bb global_colors_info=\u00bb{}\u00bb theme_builder_area=\u00bbpost_content\u00bb][et_pb_column type=\u00bb2_5&#8243; _builder_version=\u00bb4.16&#8243; custom_padding=\u00bb|||\u00bb global_colors_info=\u00bb{}\u00bb custom_padding__hover=\u00bb|||\u00bb theme_builder_area=\u00bbpost_content\u00bb][et_pb_wc_images _builder_version=\u00bb4.20.2&#8243; box_shadow_style=\u00bbpreset1&#8243; global_colors_info=\u00bb{}\u00bb theme_builder_area=\u00bbpost_content\u00bb][\/et_pb_wc_images][\/et_pb_column][et_pb_column type=\u00bb3_5&#8243; _builder_version=\u00bb4.20.2&#8243; _module_preset=\u00bbdefault\u00bb global_colors_info=\u00bb{}\u00bb theme_builder_area=\u00bbpost_content\u00bb][et_pb_tabs _builder_version=\u00bb4.25.0&#8243; _module_preset=\u00bbdefault\u00bb hover_enabled=\u00bb0&#8243; global_colors_info=\u00bb{}\u00bb theme_builder_area=\u00bbpost_content\u00bb sticky_enabled=\u00bb0&#8243;][et_pb_tab title=\u00bbDatos\u00bb _builder_version=\u00bb4.25.0&#8243; _module_preset=\u00bbdefault\u00bb hover_enabled=\u00bb0&#8243; global_colors_info=\u00bb{}\u00bb theme_builder_area=\u00bbpost_content\u00bb sticky_enabled=\u00bb0&#8243;]<\/p>\n<p>Autor: Antonio Horno L\u00f3pez<\/p>\n<p>Editorial: <\/p>\n<p>Ciudad: Madrid<\/p>\n<p>Pa\u00eds: Espa\u00f1a<\/p>\n<p>Tama\u00f1o: 17&#215;24<\/p>\n<p>P\u00e1ginas: 228<\/p>\n<p>A\u00f1o: 2017<\/p>\n<p>Dep\u00f3sito legal:<\/p>\n<p>ISBN: 978-8494699597<\/p>\n<p><strong>IDIOMA: Castellano<br \/><\/strong><\/p>\n<p>[\/et_pb_tab][et_pb_tab title=\u00bbDescripci\u00f3n\u00bb _builder_version=\u00bb4.25.0&#8243; _module_preset=\u00bbdefault\u00bb hover_enabled=\u00bb0&#8243; global_colors_info=\u00bb{}\u00bb theme_builder_area=\u00bbpost_content\u00bb sticky_enabled=\u00bb0&#8243;]<\/p>\n<p>La gran mayor\u00eda de los que somos aficionados al mundo del manga y al anime, sentimos curiosidad por conocer m\u00e1s all\u00e1 de lo que vemos dibujado en las p\u00e1ginas de un tomo o plasmado en una pantalla. En este sentido es bastante dif\u00edcil encontrar material original en castellano que muestre detalladamente c\u00f3mo se crea una animaci\u00f3n en Jap\u00f3n, cu\u00e1les son las etapas del proceso de elaboraci\u00f3n de un anime o qu\u00e9 herramientas se utilizan para dar vida a los personajes que nos han fascinado desde hace tantos a\u00f1os. En este libro se da respuesta a cada una de esas preguntas, presentando el particular lenguaje del anime a trav\u00e9s de sus or\u00edgenes, su est\u00e9tica, sus t\u00e9cnicas tantos tradicionales como digitales y, en especial, las bases de su proceso de su producci\u00f3n. Una valiosa Informaci\u00f3n que nos mostrar\u00e1 el fant\u00e1stico mundo del anime desde una perspectiva diferente, indagando en sus secuencias fotograma a fotograma y redescubriendo la animaci\u00f3n japonesa desde los primeros dibujos en papel hasta su aparici\u00f3n en pantalla.<\/p>\n<p>[\/et_pb_tab][et_pb_tab title=\u00bbBibliograf\u00eda\u00bb _builder_version=\u00bb4.20.2&#8243; _module_preset=\u00bbdefault\u00bb global_colors_info=\u00bb{}\u00bb theme_builder_area=\u00bbpost_content\u00bb][\/et_pb_tab][\/et_pb_tabs][et_pb_wc_title _builder_version=\u00bb4.20.2&#8243; header_font=\u00bb|600|||||||\u00bb header_text_color=\u00bb#0C71C3&#8243; header_font_size=\u00bb25px\u00bb custom_margin=\u00bb0px|0px|0px|0px|true|true\u00bb custom_padding=\u00bb0px|0px|0px|0px|true|true\u00bb global_colors_info=\u00bb{}\u00bb theme_builder_area=\u00bbpost_content\u00bb][\/et_pb_wc_title][\/et_pb_column][\/et_pb_row][\/et_pb_section][et_pb_section fb_built=\u00bb1&#8243; _builder_version=\u00bb4.20.2&#8243; _module_preset=\u00bbdefault\u00bb global_colors_info=\u00bb{}\u00bb theme_builder_area=\u00bbpost_content\u00bb][\/et_pb_section][et_pb_section fb_built=\u00bb1&#8243; _builder_version=\u00bb4.20.2&#8243; _module_preset=\u00bbdefault\u00bb global_colors_info=\u00bb{}\u00bb theme_builder_area=\u00bbpost_content\u00bb][\/et_pb_section]<\/p>\n","protected":false},"excerpt":{"rendered":"<p>El lenguaje del anime. Del papel a la pantalla, Castellano, Espa\u00f1a, Di\u00e1bolo Ediciones, Antonio Horno L\u00f3pez, Madrid<\/p>\n","protected":false},"featured_media":17042,"template":"","meta":{"_et_pb_use_builder":"on","_et_pb_old_content":"","_et_gb_content_width":"","_monsterinsights_skip_tracking":false,"_monsterinsights_sitenote_active":false,"_monsterinsights_sitenote_note":"","_monsterinsights_sitenote_category":0},"product_brand":[],"product_cat":[31,54],"product_tag":[],"class_list":{"0":"post-17040","1":"product","2":"type-product","3":"status-publish","4":"has-post-thumbnail","6":"product_cat-libros","7":"product_cat-tema-animacion-y-anime","9":"first","10":"instock","11":"shipping-taxable","12":"product-type-simple"},"yoast_head":"<!-- This site is optimized with the Yoast SEO plugin v27.2 - https:\/\/yoast.com\/product\/yoast-seo-wordpress\/ -->\n<title>El lenguaje del anime. Del papel a la pantalla<\/title>\n<meta name=\"robots\" content=\"index, follow, max-snippet:-1, max-image-preview:large, max-video-preview:-1\" \/>\n<link rel=\"canonical\" href=\"https:\/\/www.historieta.es\/?product=el-lenguaje-del-anime-del-papel-a-la-pantalla\" \/>\n<meta property=\"og:locale\" content=\"es_ES\" \/>\n<meta property=\"og:type\" content=\"article\" \/>\n<meta property=\"og:title\" content=\"El lenguaje del anime. Del papel a la pantalla\" \/>\n<meta property=\"og:description\" content=\"El lenguaje del anime. Del papel a la pantalla, Castellano, Espa\u00f1a, Di\u00e1bolo Ediciones, Antonio Horno L\u00f3pez, Madrid\" \/>\n<meta property=\"og:url\" content=\"https:\/\/www.historieta.es\/?product=el-lenguaje-del-anime-del-papel-a-la-pantalla\" \/>\n<meta property=\"og:site_name\" content=\"historieta\" \/>\n<meta property=\"article:modified_time\" content=\"2024-11-14T16:01:09+00:00\" \/>\n<meta property=\"og:image\" content=\"https:\/\/www.historieta.es\/wp-content\/uploads\/2024\/11\/El-lenguaje-del-anime.-Del-papel-a-la-pantalla.png\" \/>\n\t<meta property=\"og:image:width\" content=\"600\" \/>\n\t<meta property=\"og:image:height\" content=\"600\" \/>\n\t<meta property=\"og:image:type\" content=\"image\/png\" \/>\n<meta name=\"twitter:card\" content=\"summary_large_image\" \/>\n<meta name=\"twitter:label1\" content=\"Tiempo de lectura\" \/>\n\t<meta name=\"twitter:data1\" content=\"3 minutos\" \/>\n<script type=\"application\/ld+json\" class=\"yoast-schema-graph\">{\"@context\":\"https:\/\/schema.org\",\"@graph\":[{\"@type\":\"WebPage\",\"@id\":\"https:\/\/www.historieta.es\/?product=el-lenguaje-del-anime-del-papel-a-la-pantalla\",\"url\":\"https:\/\/www.historieta.es\/?product=el-lenguaje-del-anime-del-papel-a-la-pantalla\",\"name\":\"El lenguaje del anime. Del papel a la pantalla\",\"isPartOf\":{\"@id\":\"https:\/\/www.historieta.es\/#website\"},\"primaryImageOfPage\":{\"@id\":\"https:\/\/www.historieta.es\/?product=el-lenguaje-del-anime-del-papel-a-la-pantalla#primaryimage\"},\"image\":{\"@id\":\"https:\/\/www.historieta.es\/?product=el-lenguaje-del-anime-del-papel-a-la-pantalla#primaryimage\"},\"thumbnailUrl\":\"https:\/\/www.historieta.es\/wp-content\/uploads\/2024\/11\/El-lenguaje-del-anime.-Del-papel-a-la-pantalla.png\",\"datePublished\":\"2024-11-14T16:01:01+00:00\",\"dateModified\":\"2024-11-14T16:01:09+00:00\",\"breadcrumb\":{\"@id\":\"https:\/\/www.historieta.es\/?product=el-lenguaje-del-anime-del-papel-a-la-pantalla#breadcrumb\"},\"inLanguage\":\"es\",\"potentialAction\":[{\"@type\":\"ReadAction\",\"target\":[\"https:\/\/www.historieta.es\/?product=el-lenguaje-del-anime-del-papel-a-la-pantalla\"]}]},{\"@type\":\"ImageObject\",\"inLanguage\":\"es\",\"@id\":\"https:\/\/www.historieta.es\/?product=el-lenguaje-del-anime-del-papel-a-la-pantalla#primaryimage\",\"url\":\"https:\/\/www.historieta.es\/wp-content\/uploads\/2024\/11\/El-lenguaje-del-anime.-Del-papel-a-la-pantalla.png\",\"contentUrl\":\"https:\/\/www.historieta.es\/wp-content\/uploads\/2024\/11\/El-lenguaje-del-anime.-Del-papel-a-la-pantalla.png\",\"width\":600,\"height\":600},{\"@type\":\"BreadcrumbList\",\"@id\":\"https:\/\/www.historieta.es\/?product=el-lenguaje-del-anime-del-papel-a-la-pantalla#breadcrumb\",\"itemListElement\":[{\"@type\":\"ListItem\",\"position\":1,\"name\":\"Portada\",\"item\":\"https:\/\/www.historieta.es\/\"},{\"@type\":\"ListItem\",\"position\":2,\"name\":\"Productos\",\"item\":\"https:\/\/www.historieta.es\/?post_type=product\"},{\"@type\":\"ListItem\",\"position\":3,\"name\":\"El lenguaje del anime. Del papel a la pantalla\"}]},{\"@type\":\"WebSite\",\"@id\":\"https:\/\/www.historieta.es\/#website\",\"url\":\"https:\/\/www.historieta.es\/\",\"name\":\"historieta\",\"description\":\"sitio de comic\",\"potentialAction\":[{\"@type\":\"SearchAction\",\"target\":{\"@type\":\"EntryPoint\",\"urlTemplate\":\"https:\/\/www.historieta.es\/?s={search_term_string}\"},\"query-input\":{\"@type\":\"PropertyValueSpecification\",\"valueRequired\":true,\"valueName\":\"search_term_string\"}}],\"inLanguage\":\"es\"}]}<\/script>\n<!-- \/ Yoast SEO plugin. -->","yoast_head_json":{"title":"El lenguaje del anime. Del papel a la pantalla","robots":{"index":"index","follow":"follow","max-snippet":"max-snippet:-1","max-image-preview":"max-image-preview:large","max-video-preview":"max-video-preview:-1"},"canonical":"https:\/\/www.historieta.es\/?product=el-lenguaje-del-anime-del-papel-a-la-pantalla","og_locale":"es_ES","og_type":"article","og_title":"El lenguaje del anime. Del papel a la pantalla","og_description":"El lenguaje del anime. Del papel a la pantalla, Castellano, Espa\u00f1a, Di\u00e1bolo Ediciones, Antonio Horno L\u00f3pez, Madrid","og_url":"https:\/\/www.historieta.es\/?product=el-lenguaje-del-anime-del-papel-a-la-pantalla","og_site_name":"historieta","article_modified_time":"2024-11-14T16:01:09+00:00","og_image":[{"width":600,"height":600,"url":"https:\/\/www.historieta.es\/wp-content\/uploads\/2024\/11\/El-lenguaje-del-anime.-Del-papel-a-la-pantalla.png","type":"image\/png"}],"twitter_card":"summary_large_image","twitter_misc":{"Tiempo de lectura":"3 minutos"},"schema":{"@context":"https:\/\/schema.org","@graph":[{"@type":"WebPage","@id":"https:\/\/www.historieta.es\/?product=el-lenguaje-del-anime-del-papel-a-la-pantalla","url":"https:\/\/www.historieta.es\/?product=el-lenguaje-del-anime-del-papel-a-la-pantalla","name":"El lenguaje del anime. Del papel a la pantalla","isPartOf":{"@id":"https:\/\/www.historieta.es\/#website"},"primaryImageOfPage":{"@id":"https:\/\/www.historieta.es\/?product=el-lenguaje-del-anime-del-papel-a-la-pantalla#primaryimage"},"image":{"@id":"https:\/\/www.historieta.es\/?product=el-lenguaje-del-anime-del-papel-a-la-pantalla#primaryimage"},"thumbnailUrl":"https:\/\/www.historieta.es\/wp-content\/uploads\/2024\/11\/El-lenguaje-del-anime.-Del-papel-a-la-pantalla.png","datePublished":"2024-11-14T16:01:01+00:00","dateModified":"2024-11-14T16:01:09+00:00","breadcrumb":{"@id":"https:\/\/www.historieta.es\/?product=el-lenguaje-del-anime-del-papel-a-la-pantalla#breadcrumb"},"inLanguage":"es","potentialAction":[{"@type":"ReadAction","target":["https:\/\/www.historieta.es\/?product=el-lenguaje-del-anime-del-papel-a-la-pantalla"]}]},{"@type":"ImageObject","inLanguage":"es","@id":"https:\/\/www.historieta.es\/?product=el-lenguaje-del-anime-del-papel-a-la-pantalla#primaryimage","url":"https:\/\/www.historieta.es\/wp-content\/uploads\/2024\/11\/El-lenguaje-del-anime.-Del-papel-a-la-pantalla.png","contentUrl":"https:\/\/www.historieta.es\/wp-content\/uploads\/2024\/11\/El-lenguaje-del-anime.-Del-papel-a-la-pantalla.png","width":600,"height":600},{"@type":"BreadcrumbList","@id":"https:\/\/www.historieta.es\/?product=el-lenguaje-del-anime-del-papel-a-la-pantalla#breadcrumb","itemListElement":[{"@type":"ListItem","position":1,"name":"Portada","item":"https:\/\/www.historieta.es\/"},{"@type":"ListItem","position":2,"name":"Productos","item":"https:\/\/www.historieta.es\/?post_type=product"},{"@type":"ListItem","position":3,"name":"El lenguaje del anime. Del papel a la pantalla"}]},{"@type":"WebSite","@id":"https:\/\/www.historieta.es\/#website","url":"https:\/\/www.historieta.es\/","name":"historieta","description":"sitio de comic","potentialAction":[{"@type":"SearchAction","target":{"@type":"EntryPoint","urlTemplate":"https:\/\/www.historieta.es\/?s={search_term_string}"},"query-input":{"@type":"PropertyValueSpecification","valueRequired":true,"valueName":"search_term_string"}}],"inLanguage":"es"}]}},"_links":{"self":[{"href":"https:\/\/www.historieta.es\/index.php?rest_route=\/wp\/v2\/product\/17040","targetHints":{"allow":["GET"]}}],"collection":[{"href":"https:\/\/www.historieta.es\/index.php?rest_route=\/wp\/v2\/product"}],"about":[{"href":"https:\/\/www.historieta.es\/index.php?rest_route=\/wp\/v2\/types\/product"}],"wp:featuredmedia":[{"embeddable":true,"href":"https:\/\/www.historieta.es\/index.php?rest_route=\/wp\/v2\/media\/17042"}],"wp:attachment":[{"href":"https:\/\/www.historieta.es\/index.php?rest_route=%2Fwp%2Fv2%2Fmedia&parent=17040"}],"wp:term":[{"taxonomy":"product_brand","embeddable":true,"href":"https:\/\/www.historieta.es\/index.php?rest_route=%2Fwp%2Fv2%2Fproduct_brand&post=17040"},{"taxonomy":"product_cat","embeddable":true,"href":"https:\/\/www.historieta.es\/index.php?rest_route=%2Fwp%2Fv2%2Fproduct_cat&post=17040"},{"taxonomy":"product_tag","embeddable":true,"href":"https:\/\/www.historieta.es\/index.php?rest_route=%2Fwp%2Fv2%2Fproduct_tag&post=17040"}],"curies":[{"name":"wp","href":"https:\/\/api.w.org\/{rel}","templated":true}]}}