{"id":14009,"date":"2024-08-05T16:06:42","date_gmt":"2024-08-05T16:06:42","guid":{"rendered":"https:\/\/www.historieta.es\/?post_type=product&#038;p=14009"},"modified":"2026-01-27T21:30:28","modified_gmt":"2026-01-27T21:30:28","slug":"3-dev-adam-uc-dev-adam-captain-america-and-santo-vs-spider-man","status":"publish","type":"product","link":"https:\/\/www.historieta.es\/?product=3-dev-adam-uc-dev-adam-captain-america-and-santo-vs-spider-man","title":{"rendered":"3 dev adam &#8211; U\u00e7 dev adam (Captain America and Santo vs. Spider-Man)"},"content":{"rendered":"<p>[et_pb_section fb_built=\u00bb1&#8243; _builder_version=\u00bb4.20.2&#8243; custom_margin=\u00bb-44px|0px|-44px|0px|true|true\u00bb custom_padding=\u00bb0px|0px|0px|0px|true|true\u00bb collapsed=\u00bboff\u00bb global_colors_info=\u00bb{}\u00bb][et_pb_row column_structure=\u00bb2_5,3_5&#8243; _builder_version=\u00bb4.20.2&#8243; background_size=\u00bbinitial\u00bb background_position=\u00bbtop_left\u00bb background_repeat=\u00bbrepeat\u00bb width=\u00bb100%\u00bb custom_margin=\u00bb0px|0px|0px|0px|true|true\u00bb custom_padding=\u00bb0px|0px|0px|0px|true|true\u00bb global_colors_info=\u00bb{}\u00bb][et_pb_column type=\u00bb2_5&#8243; _builder_version=\u00bb4.20.2&#8243; custom_padding=\u00bb|||\u00bb global_colors_info=\u00bb{}\u00bb custom_padding__hover=\u00bb|||\u00bb][et_pb_wc_images _builder_version=\u00bb4.20.2&#8243; box_shadow_style=\u00bbpreset1&#8243; global_colors_info=\u00bb{}\u00bb][\/et_pb_wc_images][\/et_pb_column][et_pb_column type=\u00bb3_5&#8243; _builder_version=\u00bb4.20.2&#8243; _module_preset=\u00bbdefault\u00bb global_colors_info=\u00bb{}\u00bb][et_pb_tabs _builder_version=\u00bb4.27.5&#8243; _module_preset=\u00bbdefault\u00bb global_colors_info=\u00bb{}\u00bb][et_pb_tab title=\u00bbDatos\u00bb _builder_version=\u00bb4.27.5&#8243; _module_preset=\u00bbdefault\u00bb global_colors_info=\u00bb{}\u00bb]<\/p>\n<p>T\u00edtulo espa\u00f1ol: Capit\u00e1n Am\u00e9rica y El Santo contra Spiderman<\/p>\n<p>Direcci\u00f3n: T. Fikret U\u00e7ak<\/p>\n<p>Guion: Dogan Tamer<\/p>\n<p>M\u00fasica:<\/p>\n<p>Fotograf\u00eda: Color<\/p>\n<p>Pa\u00eds: Turqu\u00eda<\/p>\n<p>Duraci\u00f3n: 81<\/p>\n<p>A\u00f1o: 1973<\/p>\n<p>G\u00e9nero: Acci\u00f3n<\/p>\n<p>Reparto: Aytekin Akkaya, Deniz Erkanat, Yavuz Selekman<\/p>\n<p><strong>HISTORIETA: Captain America | Spider-man<br \/><\/strong><\/p>\n<p>[\/et_pb_tab][et_pb_tab title=\u00bbSinopsis\u00bb _builder_version=\u00bb4.25.0&#8243; _module_preset=\u00bbdefault\u00bb global_colors_info=\u00bb{}\u00bb]<\/p>\n<p>La historia se desarrolla en Estambul con una violenta organizaci\u00f3n criminal liderada por Spider-Man, un exluchador convertido en supervillano, que arremete contra la ciudad inund\u00e1ndola con dinero falso. En un acto sorprendentemente repulsivo, los miembros de esta organizaci\u00f3n mutilan el rostro de una mujer utilizando la h\u00e9lice de un barco. En respuesta a la crisis, un peque\u00f1o grupo de trabajo, compuesto por el Capit\u00e1n Am\u00e9rica, Santo y la novia y compa\u00f1era superh\u00e9roe del Capit\u00e1n Am\u00e9rica, Julia, llega para ayudar a la polic\u00eda local a detener a Spider-Man y al resto de su pandilla. Y el guionista no se drogaba.<\/p>\n<p>[\/et_pb_tab][et_pb_tab title=\u00bbDocumentaci\u00f3n\u00bb _builder_version=\u00bb4.25.0&#8243; _module_preset=\u00bbdefault\u00bb global_colors_info=\u00bb{}\u00bb]<\/p>\n<p>El Capit\u00e1n Am\u00e9rica, cuyo nombre real es Steven \u00abSteve\u00bb Grant Rogers, es un superh\u00e9roe ficticio que aparece en los c\u00f3mics estadounidenses publicados por Marvel Comics. Creado por los historietistas Joe Simon y Jack Kirby, el personaje apareci\u00f3 por primera vez en Captain America Comics #1 (marzo de 1941) de Timely Comics, predecesor de Marvel Comics. El Capit\u00e1n Am\u00e9rica fue dise\u00f1ado como un supersoldado patriota que luchaba frecuentemente contra las potencias del Eje en la Segunda Guerra Mundial, y fue el personaje m\u00e1s popular de Timely Comics durante el per\u00edodo de guerra. La popularidad de los superh\u00e9roes se desvaneci\u00f3 despu\u00e9s de la guerra, y el c\u00f3mic del Capit\u00e1n Am\u00e9rica dej\u00f3 de editarse en 1950, con un breve resurgimiento en 1953. Desde que Marvel Comics revivi\u00f3 al personaje en 1964, el Capit\u00e1n Am\u00e9rica se ha mantenido en publicaci\u00f3n. <br \/>Spider.man: Personaje creado por los estadounidenses Stan Lee y Steve Ditko publicado por primera vez en la revista Amazing Fantasy n.\u00b0 15, de Marvel Comics, en agosto de 1962.<\/p>\n<p>[\/et_pb_tab][\/et_pb_tabs][et_pb_wc_title _builder_version=\u00bb4.20.2&#8243; header_font=\u00bb|600|||||||\u00bb header_text_color=\u00bb#0C71C3&#8243; header_font_size=\u00bb25px\u00bb custom_margin=\u00bb0px|0px|0px|0px|true|true\u00bb custom_padding=\u00bb0px|0px|0px|0px|true|true\u00bb global_colors_info=\u00bb{}\u00bb][\/et_pb_wc_title][\/et_pb_column][\/et_pb_row][et_pb_row column_structure=\u00bb3_5,2_5&#8243; _builder_version=\u00bb4.20.2&#8243; background_size=\u00bbinitial\u00bb background_position=\u00bbtop_left\u00bb background_repeat=\u00bbrepeat\u00bb width=\u00bb100%\u00bb custom_margin=\u00bb0px|0px|0px|0px|true|true\u00bb custom_padding=\u00bb0px|0px|0px|0px|true|true\u00bb global_colors_info=\u00bb{}\u00bb][et_pb_column type=\u00bb3_5&#8243; _builder_version=\u00bb4.20.2&#8243; _module_preset=\u00bbdefault\u00bb global_colors_info=\u00bb{}\u00bb][\/et_pb_column][et_pb_column type=\u00bb2_5&#8243; _builder_version=\u00bb4.20.2&#8243; custom_padding=\u00bb|||\u00bb global_colors_info=\u00bb{}\u00bb custom_padding__hover=\u00bb|||\u00bb][\/et_pb_column][\/et_pb_row][\/et_pb_section][et_pb_section fb_built=\u00bb1&#8243; _builder_version=\u00bb4.20.2&#8243; _module_preset=\u00bbdefault\u00bb custom_margin=\u00bb||9px|||\u00bb custom_padding=\u00bb||14px|||\u00bb global_colors_info=\u00bb{}\u00bb][et_pb_row column_structure=\u00bb1_3,1_3,1_3&#8243; _builder_version=\u00bb4.20.2&#8243; _module_preset=\u00bbdefault\u00bb global_colors_info=\u00bb{}\u00bb][et_pb_column type=\u00bb1_3&#8243; _builder_version=\u00bb4.20.2&#8243; _module_preset=\u00bbdefault\u00bb global_colors_info=\u00bb{}\u00bb][\/et_pb_column][et_pb_column type=\u00bb1_3&#8243; _builder_version=\u00bb4.20.2&#8243; _module_preset=\u00bbdefault\u00bb global_colors_info=\u00bb{}\u00bb][\/et_pb_column][et_pb_column type=\u00bb1_3&#8243; _builder_version=\u00bb4.20.2&#8243; _module_preset=\u00bbdefault\u00bb global_colors_info=\u00bb{}\u00bb][et_pb_image src=\u00bbhttps:\/\/www.historieta.es\/wp-content\/uploads\/2024\/08\/3-dev-adam-Uc-dev-adam-Captain-America-and-Santo-vs.-Spider-Man-1.png\u00bb title_text=\u00bb3-dev-adam&#8212;Uc\u0327-dev-adam-(Captain-America-and-Santo-vs.-Spider-Man)\u00bb show_in_lightbox=\u00bbon\u00bb _builder_version=\u00bb4.25.0&#8243; _module_preset=\u00bbdefault\u00bb global_colors_info=\u00bb{}\u00bb][\/et_pb_image][\/et_pb_column][\/et_pb_row][\/et_pb_section]<\/p>\n","protected":false},"excerpt":{"rendered":"<p>3 dev adam &#8211; U\u00e7 dev adam (Captain America and Santo vs. Spider-Man), Superh\u00e9roes, T. Fikret U\u00e7ak, Turqu\u00eda, Stan Lee, Steve Ditko, Marvel, Joe Simon, Jack Kirby<\/p>\n","protected":false},"featured_media":14010,"template":"","meta":{"_et_pb_use_builder":"on","_et_pb_old_content":"","_et_gb_content_width":"","_monsterinsights_skip_tracking":false,"_monsterinsights_sitenote_active":false,"_monsterinsights_sitenote_note":"","_monsterinsights_sitenote_category":0},"product_brand":[],"product_cat":[28,75,79],"product_tag":[],"class_list":{"0":"post-14009","1":"product","2":"type-product","3":"status-publish","4":"has-post-thumbnail","6":"product_cat-peliculas","7":"product_cat-peliculas-spider-man","8":"product_cat-peliculas-superheroes","10":"first","11":"instock","12":"shipping-taxable","13":"product-type-simple"},"yoast_head":"<!-- This site is optimized with the Yoast SEO plugin v27.2 - https:\/\/yoast.com\/product\/yoast-seo-wordpress\/ -->\n<title>3 dev adam - U\u00e7 dev adam (Captain America and Santo vs. Spider-Man)<\/title>\n<meta name=\"robots\" content=\"index, follow, max-snippet:-1, max-image-preview:large, max-video-preview:-1\" \/>\n<link rel=\"canonical\" href=\"https:\/\/www.historieta.es\/?product=3-dev-adam-uc-dev-adam-captain-america-and-santo-vs-spider-man\" \/>\n<meta property=\"og:locale\" content=\"es_ES\" \/>\n<meta property=\"og:type\" content=\"article\" \/>\n<meta property=\"og:title\" content=\"3 dev adam - U\u00e7 dev adam (Captain America and Santo vs. Spider-Man)\" \/>\n<meta property=\"og:description\" content=\"3 dev adam - U\u00e7 dev adam (Captain America and Santo vs. Spider-Man), Superh\u00e9roes, T. Fikret U\u00e7ak, Turqu\u00eda, Stan Lee, Steve Ditko, Marvel, Joe Simon, Jack Kirby\" \/>\n<meta property=\"og:url\" content=\"https:\/\/www.historieta.es\/?product=3-dev-adam-uc-dev-adam-captain-america-and-santo-vs-spider-man\" \/>\n<meta property=\"og:site_name\" content=\"historieta\" \/>\n<meta property=\"article:modified_time\" content=\"2026-01-27T21:30:28+00:00\" \/>\n<meta property=\"og:image\" content=\"https:\/\/www.historieta.es\/wp-content\/uploads\/2024\/08\/3-dev-adam-Uc-dev-adam-Captain-America-and-Santo-vs.-Spider-Man.png\" \/>\n\t<meta property=\"og:image:width\" content=\"600\" \/>\n\t<meta property=\"og:image:height\" content=\"600\" \/>\n\t<meta property=\"og:image:type\" content=\"image\/png\" \/>\n<meta name=\"twitter:card\" content=\"summary_large_image\" \/>\n<meta name=\"twitter:label1\" content=\"Tiempo de lectura\" \/>\n\t<meta name=\"twitter:data1\" content=\"4 minutos\" \/>\n<script type=\"application\/ld+json\" class=\"yoast-schema-graph\">{\"@context\":\"https:\/\/schema.org\",\"@graph\":[{\"@type\":\"WebPage\",\"@id\":\"https:\/\/www.historieta.es\/?product=3-dev-adam-uc-dev-adam-captain-america-and-santo-vs-spider-man\",\"url\":\"https:\/\/www.historieta.es\/?product=3-dev-adam-uc-dev-adam-captain-america-and-santo-vs-spider-man\",\"name\":\"3 dev adam - U\u00e7 dev adam (Captain America and Santo vs. Spider-Man)\",\"isPartOf\":{\"@id\":\"https:\/\/www.historieta.es\/#website\"},\"primaryImageOfPage\":{\"@id\":\"https:\/\/www.historieta.es\/?product=3-dev-adam-uc-dev-adam-captain-america-and-santo-vs-spider-man#primaryimage\"},\"image\":{\"@id\":\"https:\/\/www.historieta.es\/?product=3-dev-adam-uc-dev-adam-captain-america-and-santo-vs-spider-man#primaryimage\"},\"thumbnailUrl\":\"https:\/\/www.historieta.es\/wp-content\/uploads\/2024\/08\/3-dev-adam-Uc-dev-adam-Captain-America-and-Santo-vs.-Spider-Man.png\",\"datePublished\":\"2024-08-05T16:06:42+00:00\",\"dateModified\":\"2026-01-27T21:30:28+00:00\",\"breadcrumb\":{\"@id\":\"https:\/\/www.historieta.es\/?product=3-dev-adam-uc-dev-adam-captain-america-and-santo-vs-spider-man#breadcrumb\"},\"inLanguage\":\"es\",\"potentialAction\":[{\"@type\":\"ReadAction\",\"target\":[\"https:\/\/www.historieta.es\/?product=3-dev-adam-uc-dev-adam-captain-america-and-santo-vs-spider-man\"]}]},{\"@type\":\"ImageObject\",\"inLanguage\":\"es\",\"@id\":\"https:\/\/www.historieta.es\/?product=3-dev-adam-uc-dev-adam-captain-america-and-santo-vs-spider-man#primaryimage\",\"url\":\"https:\/\/www.historieta.es\/wp-content\/uploads\/2024\/08\/3-dev-adam-Uc-dev-adam-Captain-America-and-Santo-vs.-Spider-Man.png\",\"contentUrl\":\"https:\/\/www.historieta.es\/wp-content\/uploads\/2024\/08\/3-dev-adam-Uc-dev-adam-Captain-America-and-Santo-vs.-Spider-Man.png\",\"width\":600,\"height\":600},{\"@type\":\"BreadcrumbList\",\"@id\":\"https:\/\/www.historieta.es\/?product=3-dev-adam-uc-dev-adam-captain-america-and-santo-vs-spider-man#breadcrumb\",\"itemListElement\":[{\"@type\":\"ListItem\",\"position\":1,\"name\":\"Portada\",\"item\":\"https:\/\/www.historieta.es\/\"},{\"@type\":\"ListItem\",\"position\":2,\"name\":\"Productos\",\"item\":\"https:\/\/www.historieta.es\/?post_type=product\"},{\"@type\":\"ListItem\",\"position\":3,\"name\":\"3 dev adam &#8211; U\u00e7 dev adam (Captain America and Santo vs. Spider-Man)\"}]},{\"@type\":\"WebSite\",\"@id\":\"https:\/\/www.historieta.es\/#website\",\"url\":\"https:\/\/www.historieta.es\/\",\"name\":\"historieta\",\"description\":\"sitio de comic\",\"potentialAction\":[{\"@type\":\"SearchAction\",\"target\":{\"@type\":\"EntryPoint\",\"urlTemplate\":\"https:\/\/www.historieta.es\/?s={search_term_string}\"},\"query-input\":{\"@type\":\"PropertyValueSpecification\",\"valueRequired\":true,\"valueName\":\"search_term_string\"}}],\"inLanguage\":\"es\"}]}<\/script>\n<!-- \/ Yoast SEO plugin. -->","yoast_head_json":{"title":"3 dev adam - U\u00e7 dev adam (Captain America and Santo vs. Spider-Man)","robots":{"index":"index","follow":"follow","max-snippet":"max-snippet:-1","max-image-preview":"max-image-preview:large","max-video-preview":"max-video-preview:-1"},"canonical":"https:\/\/www.historieta.es\/?product=3-dev-adam-uc-dev-adam-captain-america-and-santo-vs-spider-man","og_locale":"es_ES","og_type":"article","og_title":"3 dev adam - U\u00e7 dev adam (Captain America and Santo vs. Spider-Man)","og_description":"3 dev adam - U\u00e7 dev adam (Captain America and Santo vs. Spider-Man), Superh\u00e9roes, T. Fikret U\u00e7ak, Turqu\u00eda, Stan Lee, Steve Ditko, Marvel, Joe Simon, Jack Kirby","og_url":"https:\/\/www.historieta.es\/?product=3-dev-adam-uc-dev-adam-captain-america-and-santo-vs-spider-man","og_site_name":"historieta","article_modified_time":"2026-01-27T21:30:28+00:00","og_image":[{"width":600,"height":600,"url":"https:\/\/www.historieta.es\/wp-content\/uploads\/2024\/08\/3-dev-adam-Uc-dev-adam-Captain-America-and-Santo-vs.-Spider-Man.png","type":"image\/png"}],"twitter_card":"summary_large_image","twitter_misc":{"Tiempo de lectura":"4 minutos"},"schema":{"@context":"https:\/\/schema.org","@graph":[{"@type":"WebPage","@id":"https:\/\/www.historieta.es\/?product=3-dev-adam-uc-dev-adam-captain-america-and-santo-vs-spider-man","url":"https:\/\/www.historieta.es\/?product=3-dev-adam-uc-dev-adam-captain-america-and-santo-vs-spider-man","name":"3 dev adam - U\u00e7 dev adam (Captain America and Santo vs. Spider-Man)","isPartOf":{"@id":"https:\/\/www.historieta.es\/#website"},"primaryImageOfPage":{"@id":"https:\/\/www.historieta.es\/?product=3-dev-adam-uc-dev-adam-captain-america-and-santo-vs-spider-man#primaryimage"},"image":{"@id":"https:\/\/www.historieta.es\/?product=3-dev-adam-uc-dev-adam-captain-america-and-santo-vs-spider-man#primaryimage"},"thumbnailUrl":"https:\/\/www.historieta.es\/wp-content\/uploads\/2024\/08\/3-dev-adam-Uc-dev-adam-Captain-America-and-Santo-vs.-Spider-Man.png","datePublished":"2024-08-05T16:06:42+00:00","dateModified":"2026-01-27T21:30:28+00:00","breadcrumb":{"@id":"https:\/\/www.historieta.es\/?product=3-dev-adam-uc-dev-adam-captain-america-and-santo-vs-spider-man#breadcrumb"},"inLanguage":"es","potentialAction":[{"@type":"ReadAction","target":["https:\/\/www.historieta.es\/?product=3-dev-adam-uc-dev-adam-captain-america-and-santo-vs-spider-man"]}]},{"@type":"ImageObject","inLanguage":"es","@id":"https:\/\/www.historieta.es\/?product=3-dev-adam-uc-dev-adam-captain-america-and-santo-vs-spider-man#primaryimage","url":"https:\/\/www.historieta.es\/wp-content\/uploads\/2024\/08\/3-dev-adam-Uc-dev-adam-Captain-America-and-Santo-vs.-Spider-Man.png","contentUrl":"https:\/\/www.historieta.es\/wp-content\/uploads\/2024\/08\/3-dev-adam-Uc-dev-adam-Captain-America-and-Santo-vs.-Spider-Man.png","width":600,"height":600},{"@type":"BreadcrumbList","@id":"https:\/\/www.historieta.es\/?product=3-dev-adam-uc-dev-adam-captain-america-and-santo-vs-spider-man#breadcrumb","itemListElement":[{"@type":"ListItem","position":1,"name":"Portada","item":"https:\/\/www.historieta.es\/"},{"@type":"ListItem","position":2,"name":"Productos","item":"https:\/\/www.historieta.es\/?post_type=product"},{"@type":"ListItem","position":3,"name":"3 dev adam &#8211; U\u00e7 dev adam (Captain America and Santo vs. Spider-Man)"}]},{"@type":"WebSite","@id":"https:\/\/www.historieta.es\/#website","url":"https:\/\/www.historieta.es\/","name":"historieta","description":"sitio de comic","potentialAction":[{"@type":"SearchAction","target":{"@type":"EntryPoint","urlTemplate":"https:\/\/www.historieta.es\/?s={search_term_string}"},"query-input":{"@type":"PropertyValueSpecification","valueRequired":true,"valueName":"search_term_string"}}],"inLanguage":"es"}]}},"_links":{"self":[{"href":"https:\/\/www.historieta.es\/index.php?rest_route=\/wp\/v2\/product\/14009","targetHints":{"allow":["GET"]}}],"collection":[{"href":"https:\/\/www.historieta.es\/index.php?rest_route=\/wp\/v2\/product"}],"about":[{"href":"https:\/\/www.historieta.es\/index.php?rest_route=\/wp\/v2\/types\/product"}],"wp:featuredmedia":[{"embeddable":true,"href":"https:\/\/www.historieta.es\/index.php?rest_route=\/wp\/v2\/media\/14010"}],"wp:attachment":[{"href":"https:\/\/www.historieta.es\/index.php?rest_route=%2Fwp%2Fv2%2Fmedia&parent=14009"}],"wp:term":[{"taxonomy":"product_brand","embeddable":true,"href":"https:\/\/www.historieta.es\/index.php?rest_route=%2Fwp%2Fv2%2Fproduct_brand&post=14009"},{"taxonomy":"product_cat","embeddable":true,"href":"https:\/\/www.historieta.es\/index.php?rest_route=%2Fwp%2Fv2%2Fproduct_cat&post=14009"},{"taxonomy":"product_tag","embeddable":true,"href":"https:\/\/www.historieta.es\/index.php?rest_route=%2Fwp%2Fv2%2Fproduct_tag&post=14009"}],"curies":[{"name":"wp","href":"https:\/\/api.w.org\/{rel}","templated":true}]}}