{"id":13396,"date":"2024-07-07T07:15:44","date_gmt":"2024-07-07T07:15:44","guid":{"rendered":"https:\/\/www.historieta.es\/?post_type=product&#038;p=13396"},"modified":"2024-07-07T07:16:02","modified_gmt":"2024-07-07T07:16:02","slug":"son-of-the-mask-the-mask-ii","status":"publish","type":"product","link":"https:\/\/www.historieta.es\/?product=son-of-the-mask-the-mask-ii","title":{"rendered":"Son of the Mask (The Mask II)"},"content":{"rendered":"<p>[et_pb_section fb_built=\u00bb1&#8243; _builder_version=\u00bb4.20.2&#8243; custom_margin=\u00bb-44px|0px|-44px|0px|true|true\u00bb custom_padding=\u00bb0px|0px|0px|0px|true|true\u00bb collapsed=\u00bboff\u00bb global_colors_info=\u00bb{}\u00bb theme_builder_area=\u00bbpost_content\u00bb][et_pb_row column_structure=\u00bb2_5,3_5&#8243; _builder_version=\u00bb4.20.2&#8243; background_size=\u00bbinitial\u00bb background_position=\u00bbtop_left\u00bb background_repeat=\u00bbrepeat\u00bb width=\u00bb100%\u00bb custom_margin=\u00bb0px|0px|0px|0px|true|true\u00bb custom_padding=\u00bb0px|0px|0px|0px|true|true\u00bb global_colors_info=\u00bb{}\u00bb theme_builder_area=\u00bbpost_content\u00bb][et_pb_column type=\u00bb2_5&#8243; _builder_version=\u00bb4.20.2&#8243; custom_padding=\u00bb|||\u00bb global_colors_info=\u00bb{}\u00bb custom_padding__hover=\u00bb|||\u00bb theme_builder_area=\u00bbpost_content\u00bb][et_pb_wc_images _builder_version=\u00bb4.20.2&#8243; box_shadow_style=\u00bbpreset1&#8243; global_colors_info=\u00bb{}\u00bb theme_builder_area=\u00bbpost_content\u00bb][\/et_pb_wc_images][\/et_pb_column][et_pb_column type=\u00bb3_5&#8243; _builder_version=\u00bb4.20.2&#8243; _module_preset=\u00bbdefault\u00bb global_colors_info=\u00bb{}\u00bb theme_builder_area=\u00bbpost_content\u00bb][et_pb_tabs _builder_version=\u00bb4.25.0&#8243; _module_preset=\u00bbdefault\u00bb hover_enabled=\u00bb0&#8243; global_colors_info=\u00bb{}\u00bb theme_builder_area=\u00bbpost_content\u00bb sticky_enabled=\u00bb0&#8243;][et_pb_tab title=\u00bbDatos\u00bb _builder_version=\u00bb4.25.0&#8243; _module_preset=\u00bbdefault\u00bb hover_enabled=\u00bb0&#8243; global_colors_info=\u00bb{}\u00bb theme_builder_area=\u00bbpost_content\u00bb sticky_enabled=\u00bb0&#8243;]<\/p>\n<p>T\u00edtulo espa\u00f1ol: La m\u00e1scara 2 (El hijo de la m\u00e1scara)\u00a0<\/p>\n<p>Direcci\u00f3n: Lawrence Guterman<\/p>\n<p>Gion: Lance Khazei<\/p>\n<p>M\u00fasica: Randy Edelman<\/p>\n<p>Fotograf\u00eda: Color<\/p>\n<p>Pa\u00eds: USA<\/p>\n<p>Duraci\u00f3n: 86<\/p>\n<p>A\u00f1o: 2005<\/p>\n<p>G\u00e9nero: Fant\u00e1stico<\/p>\n<p>Reparto: Jamie Kennedy, Alan Cumming, Liam Falcone<\/p>\n<p><strong>HISTORIETA: The Mask\u00a0<br \/><\/strong><\/p>\n<p>[\/et_pb_tab][et_pb_tab title=\u00bbSinopsis\u00bb _builder_version=\u00bb4.25.0&#8243; _module_preset=\u00bbdefault\u00bb hover_enabled=\u00bb0&#8243; global_colors_info=\u00bb{}\u00bb theme_builder_area=\u00bbpost_content\u00bb sticky_enabled=\u00bb0&#8243;]<\/p>\n<p>El aspirante a dibujante de animaci\u00f3n Tim vive con su esposa Tonya en una casita de aspecto caricaturesco. Ella quiere un beb\u00e9, pero \u00e9l no est\u00e1 listo. En su camino a la fiesta de Halloween de la oficina, Tim encuentra la m\u00e1scara m\u00e1gica de la primera pel\u00edcula y decide usarla, sin saber que desatar\u00e1 sus deseos ocultos y eliminar\u00e1 todas sus inhibiciones. Tim impresiona a los asistentes a la fiesta con su comportamiento salvaje: todos creen que est\u00e1 ensayando un nuevo personaje de dibujos animados. En casa, ahora est\u00e1 dispuesto a ayudar a su esposa a concebir. Nueve meses despu\u00e9s, el beb\u00e9 nace con algunos de los poderes de la m\u00e1scara porque Tim la ten\u00eda puesta cuando fue concebido. Esto llama la atenci\u00f3n de Loki, el dios n\u00f3rdico de la travesura y el due\u00f1o original de la m\u00e1scara. Su padre, Odin, le ordena que la recupere, por lo que Loki comienza a investigar a cada beb\u00e9 que naci\u00f3 en la misma fecha del beb\u00e9 de Tim. Este tambi\u00e9n est\u00e1 buscando la m\u00e1scara. No es consciente de las extra\u00f1as habilidades de su beb\u00e9; necesita la m\u00e1scara para terminar de crear un nuevo personaje de dibujos animados. Tonya se va de la ciudad en un viaje de negocios, y Tim debe cuidar al beb\u00e9 todo el d\u00eda, justo cuando los poderes transformadores del beb\u00e9 realmente comienzan a activarse y Loki encuentra lo que estaba buscando. Luego, los efectos especiales toman el control de toda la pel\u00edcula para generar una gran diversi\u00f3n animada.<\/p>\n<p>[\/et_pb_tab][et_pb_tab title=\u00bbDocumentaci\u00f3n\u00bb _builder_version=\u00bb4.25.0&#8243; _module_preset=\u00bbdefault\u00bb hover_enabled=\u00bb0&#8243; global_colors_info=\u00bb{}\u00bb theme_builder_area=\u00bbpost_content\u00bb sticky_enabled=\u00bb0&#8243;]<\/p>\n<p>La m\u00e1scara (The Mask) es una serie de c\u00f3mics de Dark Horse Comics creada por el escritor Mike Richardson, y los artistas Mark Badger, John Arcudi y Doug Mahnke. La serie sigue una m\u00e1scara m\u00e1gica que impregna al portador de poderes que doblegan la realidad y la impermeabilidad f\u00edsica, al mismo tiempo que permite eludir las inhibiciones psicol\u00f3gicas del portador. El concepto de la m\u00e1scara fue creado por Mike Richardson en 1982. Al principio fue un escena de APA-5, una revista de publicaci\u00f3n y creaci\u00f3n amateur de Mark Verheiden, despu\u00e9s del nacimiento de Dark Horse, Richardson se uni\u00f3 con el artista y escritor de Marvel Comics, Mark Badger y lo crearon con el nombre de Masque quien debut\u00f3 en Dark Horse Presents #10.<\/p>\n<p>[\/et_pb_tab][\/et_pb_tabs][et_pb_wc_title _builder_version=\u00bb4.20.2&#8243; header_font=\u00bb|600|||||||\u00bb header_text_color=\u00bb#0C71C3&#8243; header_font_size=\u00bb25px\u00bb custom_margin=\u00bb0px|0px|0px|0px|true|true\u00bb custom_padding=\u00bb0px|0px|0px|0px|true|true\u00bb global_colors_info=\u00bb{}\u00bb theme_builder_area=\u00bbpost_content\u00bb][\/et_pb_wc_title][\/et_pb_column][\/et_pb_row][et_pb_row column_structure=\u00bb3_5,2_5&#8243; _builder_version=\u00bb4.20.2&#8243; background_size=\u00bbinitial\u00bb background_position=\u00bbtop_left\u00bb background_repeat=\u00bbrepeat\u00bb width=\u00bb100%\u00bb custom_margin=\u00bb0px|0px|0px|0px|true|true\u00bb custom_padding=\u00bb0px|0px|0px|0px|true|true\u00bb global_colors_info=\u00bb{}\u00bb theme_builder_area=\u00bbpost_content\u00bb][et_pb_column type=\u00bb3_5&#8243; _builder_version=\u00bb4.20.2&#8243; _module_preset=\u00bbdefault\u00bb global_colors_info=\u00bb{}\u00bb theme_builder_area=\u00bbpost_content\u00bb][\/et_pb_column][et_pb_column type=\u00bb2_5&#8243; _builder_version=\u00bb4.20.2&#8243; custom_padding=\u00bb|||\u00bb global_colors_info=\u00bb{}\u00bb custom_padding__hover=\u00bb|||\u00bb theme_builder_area=\u00bbpost_content\u00bb][\/et_pb_column][\/et_pb_row][\/et_pb_section][et_pb_section fb_built=\u00bb1&#8243; _builder_version=\u00bb4.20.2&#8243; _module_preset=\u00bbdefault\u00bb custom_margin=\u00bb||9px|||\u00bb custom_padding=\u00bb||14px|||\u00bb global_colors_info=\u00bb{}\u00bb theme_builder_area=\u00bbpost_content\u00bb][et_pb_row column_structure=\u00bb1_3,1_3,1_3&#8243; _builder_version=\u00bb4.20.2&#8243; _module_preset=\u00bbdefault\u00bb global_colors_info=\u00bb{}\u00bb theme_builder_area=\u00bbpost_content\u00bb][et_pb_column type=\u00bb1_3&#8243; _builder_version=\u00bb4.20.2&#8243; _module_preset=\u00bbdefault\u00bb global_colors_info=\u00bb{}\u00bb theme_builder_area=\u00bbpost_content\u00bb][\/et_pb_column][et_pb_column type=\u00bb1_3&#8243; _builder_version=\u00bb4.20.2&#8243; _module_preset=\u00bbdefault\u00bb global_colors_info=\u00bb{}\u00bb theme_builder_area=\u00bbpost_content\u00bb][\/et_pb_column][et_pb_column type=\u00bb1_3&#8243; _builder_version=\u00bb4.20.2&#8243; _module_preset=\u00bbdefault\u00bb global_colors_info=\u00bb{}\u00bb theme_builder_area=\u00bbpost_content\u00bb][et_pb_image src=\u00bbhttps:\/\/www.historieta.es\/wp-content\/uploads\/2024\/07\/Son-of-the-Mask-The-Mask-II-1.png\u00bb _builder_version=\u00bb4.25.0&#8243; _module_preset=\u00bbdefault\u00bb theme_builder_area=\u00bbpost_content\u00bb title_text=\u00bbSon-of-the-Mask-(The-Mask-II)\u00bb show_in_lightbox=\u00bbon\u00bb hover_enabled=\u00bb0&#8243; sticky_enabled=\u00bb0&#8243;][\/et_pb_image][\/et_pb_column][\/et_pb_row][\/et_pb_section]<\/p>\n","protected":false},"excerpt":{"rendered":"<p>Son of the Mask (The Mask II), USA, Lawrence Guterman, Mike Richardson, Mark Badger, John Arcudi, Doug Mahnke<\/p>\n","protected":false},"featured_media":13397,"template":"","meta":{"_et_pb_use_builder":"on","_et_pb_old_content":"","_et_gb_content_width":"","_monsterinsights_skip_tracking":false,"_monsterinsights_sitenote_active":false,"_monsterinsights_sitenote_note":"","_monsterinsights_sitenote_category":0},"product_brand":[],"product_cat":[28],"product_tag":[],"class_list":{"0":"post-13396","1":"product","2":"type-product","3":"status-publish","4":"has-post-thumbnail","6":"product_cat-peliculas","8":"first","9":"instock","10":"shipping-taxable","11":"product-type-simple"},"yoast_head":"<!-- This site is optimized with the Yoast SEO plugin v27.2 - https:\/\/yoast.com\/product\/yoast-seo-wordpress\/ -->\n<title>Son of the Mask (The Mask II)<\/title>\n<meta name=\"robots\" content=\"index, follow, max-snippet:-1, max-image-preview:large, max-video-preview:-1\" \/>\n<link rel=\"canonical\" href=\"https:\/\/www.historieta.es\/?product=son-of-the-mask-the-mask-ii\" \/>\n<meta property=\"og:locale\" content=\"es_ES\" \/>\n<meta property=\"og:type\" content=\"article\" \/>\n<meta property=\"og:title\" content=\"Son of the Mask (The Mask II)\" \/>\n<meta property=\"og:description\" content=\"Son of the Mask (The Mask II), USA, Lawrence Guterman, Mike Richardson, Mark Badger, John Arcudi, Doug Mahnke\" \/>\n<meta property=\"og:url\" content=\"https:\/\/www.historieta.es\/?product=son-of-the-mask-the-mask-ii\" \/>\n<meta property=\"og:site_name\" content=\"historieta\" \/>\n<meta property=\"article:modified_time\" content=\"2024-07-07T07:16:02+00:00\" \/>\n<meta property=\"og:image\" content=\"https:\/\/www.historieta.es\/wp-content\/uploads\/2024\/07\/Son-of-the-Mask-The-Mask-II.png\" \/>\n\t<meta property=\"og:image:width\" content=\"600\" \/>\n\t<meta property=\"og:image:height\" content=\"600\" \/>\n\t<meta property=\"og:image:type\" content=\"image\/png\" \/>\n<meta name=\"twitter:card\" content=\"summary_large_image\" \/>\n<meta name=\"twitter:label1\" content=\"Tiempo de lectura\" \/>\n\t<meta name=\"twitter:data1\" content=\"5 minutos\" \/>\n<script type=\"application\/ld+json\" class=\"yoast-schema-graph\">{\"@context\":\"https:\/\/schema.org\",\"@graph\":[{\"@type\":\"WebPage\",\"@id\":\"https:\/\/www.historieta.es\/?product=son-of-the-mask-the-mask-ii\",\"url\":\"https:\/\/www.historieta.es\/?product=son-of-the-mask-the-mask-ii\",\"name\":\"Son of the Mask (The Mask II)\",\"isPartOf\":{\"@id\":\"https:\/\/www.historieta.es\/#website\"},\"primaryImageOfPage\":{\"@id\":\"https:\/\/www.historieta.es\/?product=son-of-the-mask-the-mask-ii#primaryimage\"},\"image\":{\"@id\":\"https:\/\/www.historieta.es\/?product=son-of-the-mask-the-mask-ii#primaryimage\"},\"thumbnailUrl\":\"https:\/\/www.historieta.es\/wp-content\/uploads\/2024\/07\/Son-of-the-Mask-The-Mask-II.png\",\"datePublished\":\"2024-07-07T07:15:44+00:00\",\"dateModified\":\"2024-07-07T07:16:02+00:00\",\"breadcrumb\":{\"@id\":\"https:\/\/www.historieta.es\/?product=son-of-the-mask-the-mask-ii#breadcrumb\"},\"inLanguage\":\"es\",\"potentialAction\":[{\"@type\":\"ReadAction\",\"target\":[\"https:\/\/www.historieta.es\/?product=son-of-the-mask-the-mask-ii\"]}]},{\"@type\":\"ImageObject\",\"inLanguage\":\"es\",\"@id\":\"https:\/\/www.historieta.es\/?product=son-of-the-mask-the-mask-ii#primaryimage\",\"url\":\"https:\/\/www.historieta.es\/wp-content\/uploads\/2024\/07\/Son-of-the-Mask-The-Mask-II.png\",\"contentUrl\":\"https:\/\/www.historieta.es\/wp-content\/uploads\/2024\/07\/Son-of-the-Mask-The-Mask-II.png\",\"width\":600,\"height\":600},{\"@type\":\"BreadcrumbList\",\"@id\":\"https:\/\/www.historieta.es\/?product=son-of-the-mask-the-mask-ii#breadcrumb\",\"itemListElement\":[{\"@type\":\"ListItem\",\"position\":1,\"name\":\"Portada\",\"item\":\"https:\/\/www.historieta.es\/\"},{\"@type\":\"ListItem\",\"position\":2,\"name\":\"Productos\",\"item\":\"https:\/\/www.historieta.es\/?post_type=product\"},{\"@type\":\"ListItem\",\"position\":3,\"name\":\"Son of the Mask (The Mask II)\"}]},{\"@type\":\"WebSite\",\"@id\":\"https:\/\/www.historieta.es\/#website\",\"url\":\"https:\/\/www.historieta.es\/\",\"name\":\"historieta\",\"description\":\"sitio de comic\",\"potentialAction\":[{\"@type\":\"SearchAction\",\"target\":{\"@type\":\"EntryPoint\",\"urlTemplate\":\"https:\/\/www.historieta.es\/?s={search_term_string}\"},\"query-input\":{\"@type\":\"PropertyValueSpecification\",\"valueRequired\":true,\"valueName\":\"search_term_string\"}}],\"inLanguage\":\"es\"}]}<\/script>\n<!-- \/ Yoast SEO plugin. -->","yoast_head_json":{"title":"Son of the Mask (The Mask II)","robots":{"index":"index","follow":"follow","max-snippet":"max-snippet:-1","max-image-preview":"max-image-preview:large","max-video-preview":"max-video-preview:-1"},"canonical":"https:\/\/www.historieta.es\/?product=son-of-the-mask-the-mask-ii","og_locale":"es_ES","og_type":"article","og_title":"Son of the Mask (The Mask II)","og_description":"Son of the Mask (The Mask II), USA, Lawrence Guterman, Mike Richardson, Mark Badger, John Arcudi, Doug Mahnke","og_url":"https:\/\/www.historieta.es\/?product=son-of-the-mask-the-mask-ii","og_site_name":"historieta","article_modified_time":"2024-07-07T07:16:02+00:00","og_image":[{"width":600,"height":600,"url":"https:\/\/www.historieta.es\/wp-content\/uploads\/2024\/07\/Son-of-the-Mask-The-Mask-II.png","type":"image\/png"}],"twitter_card":"summary_large_image","twitter_misc":{"Tiempo de lectura":"5 minutos"},"schema":{"@context":"https:\/\/schema.org","@graph":[{"@type":"WebPage","@id":"https:\/\/www.historieta.es\/?product=son-of-the-mask-the-mask-ii","url":"https:\/\/www.historieta.es\/?product=son-of-the-mask-the-mask-ii","name":"Son of the Mask (The Mask II)","isPartOf":{"@id":"https:\/\/www.historieta.es\/#website"},"primaryImageOfPage":{"@id":"https:\/\/www.historieta.es\/?product=son-of-the-mask-the-mask-ii#primaryimage"},"image":{"@id":"https:\/\/www.historieta.es\/?product=son-of-the-mask-the-mask-ii#primaryimage"},"thumbnailUrl":"https:\/\/www.historieta.es\/wp-content\/uploads\/2024\/07\/Son-of-the-Mask-The-Mask-II.png","datePublished":"2024-07-07T07:15:44+00:00","dateModified":"2024-07-07T07:16:02+00:00","breadcrumb":{"@id":"https:\/\/www.historieta.es\/?product=son-of-the-mask-the-mask-ii#breadcrumb"},"inLanguage":"es","potentialAction":[{"@type":"ReadAction","target":["https:\/\/www.historieta.es\/?product=son-of-the-mask-the-mask-ii"]}]},{"@type":"ImageObject","inLanguage":"es","@id":"https:\/\/www.historieta.es\/?product=son-of-the-mask-the-mask-ii#primaryimage","url":"https:\/\/www.historieta.es\/wp-content\/uploads\/2024\/07\/Son-of-the-Mask-The-Mask-II.png","contentUrl":"https:\/\/www.historieta.es\/wp-content\/uploads\/2024\/07\/Son-of-the-Mask-The-Mask-II.png","width":600,"height":600},{"@type":"BreadcrumbList","@id":"https:\/\/www.historieta.es\/?product=son-of-the-mask-the-mask-ii#breadcrumb","itemListElement":[{"@type":"ListItem","position":1,"name":"Portada","item":"https:\/\/www.historieta.es\/"},{"@type":"ListItem","position":2,"name":"Productos","item":"https:\/\/www.historieta.es\/?post_type=product"},{"@type":"ListItem","position":3,"name":"Son of the Mask (The Mask II)"}]},{"@type":"WebSite","@id":"https:\/\/www.historieta.es\/#website","url":"https:\/\/www.historieta.es\/","name":"historieta","description":"sitio de comic","potentialAction":[{"@type":"SearchAction","target":{"@type":"EntryPoint","urlTemplate":"https:\/\/www.historieta.es\/?s={search_term_string}"},"query-input":{"@type":"PropertyValueSpecification","valueRequired":true,"valueName":"search_term_string"}}],"inLanguage":"es"}]}},"_links":{"self":[{"href":"https:\/\/www.historieta.es\/index.php?rest_route=\/wp\/v2\/product\/13396","targetHints":{"allow":["GET"]}}],"collection":[{"href":"https:\/\/www.historieta.es\/index.php?rest_route=\/wp\/v2\/product"}],"about":[{"href":"https:\/\/www.historieta.es\/index.php?rest_route=\/wp\/v2\/types\/product"}],"wp:featuredmedia":[{"embeddable":true,"href":"https:\/\/www.historieta.es\/index.php?rest_route=\/wp\/v2\/media\/13397"}],"wp:attachment":[{"href":"https:\/\/www.historieta.es\/index.php?rest_route=%2Fwp%2Fv2%2Fmedia&parent=13396"}],"wp:term":[{"taxonomy":"product_brand","embeddable":true,"href":"https:\/\/www.historieta.es\/index.php?rest_route=%2Fwp%2Fv2%2Fproduct_brand&post=13396"},{"taxonomy":"product_cat","embeddable":true,"href":"https:\/\/www.historieta.es\/index.php?rest_route=%2Fwp%2Fv2%2Fproduct_cat&post=13396"},{"taxonomy":"product_tag","embeddable":true,"href":"https:\/\/www.historieta.es\/index.php?rest_route=%2Fwp%2Fv2%2Fproduct_tag&post=13396"}],"curies":[{"name":"wp","href":"https:\/\/api.w.org\/{rel}","templated":true}]}}