{"id":10929,"date":"2024-03-29T11:32:27","date_gmt":"2024-03-29T11:32:27","guid":{"rendered":"https:\/\/www.historieta.es\/?post_type=product&#038;p=10929"},"modified":"2024-03-29T11:32:50","modified_gmt":"2024-03-29T11:32:50","slug":"tintin-a-barcelona-homenatge-a-herge","status":"publish","type":"product","link":"https:\/\/www.historieta.es\/?product=tintin-a-barcelona-homenatge-a-herge","title":{"rendered":"Tint\u00edn a Barcelona. Homenatge a Herg\u00e9"},"content":{"rendered":"<p>[et_pb_section fb_built=\u00bb1&#8243; _builder_version=\u00bb4.20.2&#8243; custom_margin=\u00bb-44px|0px|-44px|0px|true|true\u00bb custom_padding=\u00bb0px|0px|0px|0px|true|true\u00bb collapsed=\u00bboff\u00bb global_colors_info=\u00bb{}\u00bb theme_builder_area=\u00bbpost_content\u00bb][et_pb_row column_structure=\u00bb2_5,3_5&#8243; _builder_version=\u00bb4.20.2&#8243; background_size=\u00bbinitial\u00bb background_position=\u00bbtop_left\u00bb background_repeat=\u00bbrepeat\u00bb width=\u00bb100%\u00bb custom_margin=\u00bb0px|0px|0px|0px|true|true\u00bb custom_padding=\u00bb0px|0px|0px|0px|true|true\u00bb global_colors_info=\u00bb{}\u00bb theme_builder_area=\u00bbpost_content\u00bb][et_pb_column type=\u00bb2_5&#8243; _builder_version=\u00bb4.16&#8243; custom_padding=\u00bb|||\u00bb global_colors_info=\u00bb{}\u00bb custom_padding__hover=\u00bb|||\u00bb theme_builder_area=\u00bbpost_content\u00bb][et_pb_wc_images _builder_version=\u00bb4.20.2&#8243; box_shadow_style=\u00bbpreset1&#8243; global_colors_info=\u00bb{}\u00bb theme_builder_area=\u00bbpost_content\u00bb][\/et_pb_wc_images][\/et_pb_column][et_pb_column type=\u00bb3_5&#8243; _builder_version=\u00bb4.20.2&#8243; _module_preset=\u00bbdefault\u00bb global_colors_info=\u00bb{}\u00bb theme_builder_area=\u00bbpost_content\u00bb][et_pb_tabs _builder_version=\u00bb4.20.2&#8243; _module_preset=\u00bbdefault\u00bb hover_enabled=\u00bb0&#8243; global_colors_info=\u00bb{}\u00bb theme_builder_area=\u00bbpost_content\u00bb sticky_enabled=\u00bb0&#8243;][et_pb_tab title=\u00bbDatos\u00bb _builder_version=\u00bb4.20.2&#8243; _module_preset=\u00bbdefault\u00bb hover_enabled=\u00bb0&#8243; global_colors_info=\u00bb{}\u00bb theme_builder_area=\u00bbpost_content\u00bb sticky_enabled=\u00bb0&#8243;]<\/p>\n<p>Autor:<\/p>\n<p>Entidad: Fundaci\u00f3n Joan Mir\u00f3<\/p>\n<p>Ciudad: Barcelona<\/p>\n<p>Pa\u00eds: Espa\u00f1a<\/p>\n<p>Tama\u00f1o: 23&#215;30<\/p>\n<p>P\u00e1ginas: 64<\/p>\n<p>A\u00f1o: 1984<\/p>\n<p>Dep\u00f3sito legal:<\/p>\n<p>ISBN: <\/p>\n<p><strong>IDIOMA: Catal\u00e1n<br \/><\/strong><\/p>\n<p>[\/et_pb_tab][et_pb_tab title=\u00bbDescripci\u00f3n\u00bb _builder_version=\u00bb4.20.2&#8243; _module_preset=\u00bbdefault\u00bb hover_enabled=\u00bb0&#8243; global_colors_info=\u00bb{}\u00bb theme_builder_area=\u00bbpost_content\u00bb sticky_enabled=\u00bb0&#8243;]<\/p>\n<p>El Cat\u00e1logo homenaje lleva obras de: Jean-Claude Denis, Diego, Diek, Dan Fern, Juan Jos\u00e9 Fern\u00e1ndez, Esteve Fort, Miguel Gallardo, Toninho Gon\u00e7alves, Gonz\u00e1lez Teja, Mick Haggerthy, Georges Hardie, Carmelo Hernando, El Hortelano, Daniel Huidobro, J. J., Yosuke Kawamura, Josep Llonch, Roser Maestu, Maracaibo, Mariscal, Max, Juan Mediavilla, Fernando Medina, Ever Meulen, Micharmut, Flavio Morais, Ops, Ouka Lele, Pamies, Gary Panter, Perico Pastor, Jordi Paris, Pere Joan, Peret, Toni Barjau, Joan Barjau, Carles Bar\u00f3, Baxter, Mique Beltr\u00e1n, Ted Benoit, Ben Radis, Mick Brownfield, Juan Bufill, Bug Rogers, Charles Burns, Calonge, Marc Caro, Ceesepe, Guillem Cifr\u00e9, Joaqn Colominas, Xavier Conesa, Pussin, Carles Prats, Cesc Riera, Roger, Manuel Rubiales, Carles Rubio, Sabino, Am\u00e9rica S\u00e1nchez, Scaramuix, Sento, Joost Swarte, Daniel Torres, Theo van den Boogard, Juli Vivas y Bob Zoell, Montxo Algora, Nacho Balaguer.<\/p>\n<p>[\/et_pb_tab][et_pb_tab title=\u00bbBibliograf\u00eda\u00bb _builder_version=\u00bb4.20.2&#8243; _module_preset=\u00bbdefault\u00bb global_colors_info=\u00bb{}\u00bb theme_builder_area=\u00bbpost_content\u00bb][\/et_pb_tab][\/et_pb_tabs][et_pb_wc_title _builder_version=\u00bb4.20.2&#8243; header_font=\u00bb|600|||||||\u00bb header_text_color=\u00bb#0C71C3&#8243; header_font_size=\u00bb25px\u00bb custom_margin=\u00bb0px|0px|0px|0px|true|true\u00bb custom_padding=\u00bb0px|0px|0px|0px|true|true\u00bb global_colors_info=\u00bb{}\u00bb theme_builder_area=\u00bbpost_content\u00bb][\/et_pb_wc_title][\/et_pb_column][\/et_pb_row][\/et_pb_section][et_pb_section fb_built=\u00bb1&#8243; _builder_version=\u00bb4.20.2&#8243; _module_preset=\u00bbdefault\u00bb global_colors_info=\u00bb{}\u00bb theme_builder_area=\u00bbpost_content\u00bb][\/et_pb_section][et_pb_section fb_built=\u00bb1&#8243; _builder_version=\u00bb4.20.2&#8243; _module_preset=\u00bbdefault\u00bb global_colors_info=\u00bb{}\u00bb theme_builder_area=\u00bbpost_content\u00bb][\/et_pb_section]<\/p>\n","protected":false},"excerpt":{"rendered":"<p>Tint\u00edn a Barcelona. Homenatge a Herg\u00e9, Espa\u00f1a, Catal\u00e1n, Barcelona, Fundaci\u00f3n Joan Mir\u00f3<\/p>\n","protected":false},"featured_media":10930,"template":"","meta":{"_et_pb_use_builder":"on","_et_pb_old_content":"","_et_gb_content_width":"","_monsterinsights_skip_tracking":false,"_monsterinsights_sitenote_active":false,"_monsterinsights_sitenote_note":"","_monsterinsights_sitenote_category":0},"product_brand":[],"product_cat":[33],"product_tag":[],"class_list":{"0":"post-10929","1":"product","2":"type-product","3":"status-publish","4":"has-post-thumbnail","6":"product_cat-catalogos","8":"first","9":"instock","10":"shipping-taxable","11":"product-type-simple"},"yoast_head":"<!-- This site is optimized with the Yoast SEO plugin v27.2 - https:\/\/yoast.com\/product\/yoast-seo-wordpress\/ -->\n<title>Tint\u00edn a Barcelona. Homenatge a Herg\u00e9<\/title>\n<meta name=\"robots\" content=\"index, follow, max-snippet:-1, max-image-preview:large, max-video-preview:-1\" \/>\n<link rel=\"canonical\" href=\"https:\/\/www.historieta.es\/?product=tintin-a-barcelona-homenatge-a-herge\" \/>\n<meta property=\"og:locale\" content=\"es_ES\" \/>\n<meta property=\"og:type\" content=\"article\" \/>\n<meta property=\"og:title\" content=\"Tint\u00edn a Barcelona. Homenatge a Herg\u00e9\" \/>\n<meta property=\"og:description\" content=\"Tint\u00edn a Barcelona. Homenatge a Herg\u00e9, Espa\u00f1a, Catal\u00e1n, Barcelona, Fundaci\u00f3n Joan Mir\u00f3\" \/>\n<meta property=\"og:url\" content=\"https:\/\/www.historieta.es\/?product=tintin-a-barcelona-homenatge-a-herge\" \/>\n<meta property=\"og:site_name\" content=\"historieta\" \/>\n<meta property=\"article:modified_time\" content=\"2024-03-29T11:32:50+00:00\" \/>\n<meta property=\"og:image\" content=\"https:\/\/www.historieta.es\/wp-content\/uploads\/2024\/03\/Tintin-a-Barcelona.-Homenatge-a-Herge.png\" \/>\n\t<meta property=\"og:image:width\" content=\"600\" \/>\n\t<meta property=\"og:image:height\" content=\"600\" \/>\n\t<meta property=\"og:image:type\" content=\"image\/png\" \/>\n<meta name=\"twitter:card\" content=\"summary_large_image\" \/>\n<meta name=\"twitter:label1\" content=\"Tiempo de lectura\" \/>\n\t<meta name=\"twitter:data1\" content=\"2 minutos\" \/>\n<script type=\"application\/ld+json\" class=\"yoast-schema-graph\">{\"@context\":\"https:\/\/schema.org\",\"@graph\":[{\"@type\":\"WebPage\",\"@id\":\"https:\/\/www.historieta.es\/?product=tintin-a-barcelona-homenatge-a-herge\",\"url\":\"https:\/\/www.historieta.es\/?product=tintin-a-barcelona-homenatge-a-herge\",\"name\":\"Tint\u00edn a Barcelona. Homenatge a Herg\u00e9\",\"isPartOf\":{\"@id\":\"https:\/\/www.historieta.es\/#website\"},\"primaryImageOfPage\":{\"@id\":\"https:\/\/www.historieta.es\/?product=tintin-a-barcelona-homenatge-a-herge#primaryimage\"},\"image\":{\"@id\":\"https:\/\/www.historieta.es\/?product=tintin-a-barcelona-homenatge-a-herge#primaryimage\"},\"thumbnailUrl\":\"https:\/\/www.historieta.es\/wp-content\/uploads\/2024\/03\/Tintin-a-Barcelona.-Homenatge-a-Herge.png\",\"datePublished\":\"2024-03-29T11:32:27+00:00\",\"dateModified\":\"2024-03-29T11:32:50+00:00\",\"breadcrumb\":{\"@id\":\"https:\/\/www.historieta.es\/?product=tintin-a-barcelona-homenatge-a-herge#breadcrumb\"},\"inLanguage\":\"es\",\"potentialAction\":[{\"@type\":\"ReadAction\",\"target\":[\"https:\/\/www.historieta.es\/?product=tintin-a-barcelona-homenatge-a-herge\"]}]},{\"@type\":\"ImageObject\",\"inLanguage\":\"es\",\"@id\":\"https:\/\/www.historieta.es\/?product=tintin-a-barcelona-homenatge-a-herge#primaryimage\",\"url\":\"https:\/\/www.historieta.es\/wp-content\/uploads\/2024\/03\/Tintin-a-Barcelona.-Homenatge-a-Herge.png\",\"contentUrl\":\"https:\/\/www.historieta.es\/wp-content\/uploads\/2024\/03\/Tintin-a-Barcelona.-Homenatge-a-Herge.png\",\"width\":600,\"height\":600},{\"@type\":\"BreadcrumbList\",\"@id\":\"https:\/\/www.historieta.es\/?product=tintin-a-barcelona-homenatge-a-herge#breadcrumb\",\"itemListElement\":[{\"@type\":\"ListItem\",\"position\":1,\"name\":\"Portada\",\"item\":\"https:\/\/www.historieta.es\/\"},{\"@type\":\"ListItem\",\"position\":2,\"name\":\"Productos\",\"item\":\"https:\/\/www.historieta.es\/?post_type=product\"},{\"@type\":\"ListItem\",\"position\":3,\"name\":\"Tint\u00edn a Barcelona. Homenatge a Herg\u00e9\"}]},{\"@type\":\"WebSite\",\"@id\":\"https:\/\/www.historieta.es\/#website\",\"url\":\"https:\/\/www.historieta.es\/\",\"name\":\"historieta\",\"description\":\"sitio de comic\",\"potentialAction\":[{\"@type\":\"SearchAction\",\"target\":{\"@type\":\"EntryPoint\",\"urlTemplate\":\"https:\/\/www.historieta.es\/?s={search_term_string}\"},\"query-input\":{\"@type\":\"PropertyValueSpecification\",\"valueRequired\":true,\"valueName\":\"search_term_string\"}}],\"inLanguage\":\"es\"}]}<\/script>\n<!-- \/ Yoast SEO plugin. -->","yoast_head_json":{"title":"Tint\u00edn a Barcelona. Homenatge a Herg\u00e9","robots":{"index":"index","follow":"follow","max-snippet":"max-snippet:-1","max-image-preview":"max-image-preview:large","max-video-preview":"max-video-preview:-1"},"canonical":"https:\/\/www.historieta.es\/?product=tintin-a-barcelona-homenatge-a-herge","og_locale":"es_ES","og_type":"article","og_title":"Tint\u00edn a Barcelona. Homenatge a Herg\u00e9","og_description":"Tint\u00edn a Barcelona. Homenatge a Herg\u00e9, Espa\u00f1a, Catal\u00e1n, Barcelona, Fundaci\u00f3n Joan Mir\u00f3","og_url":"https:\/\/www.historieta.es\/?product=tintin-a-barcelona-homenatge-a-herge","og_site_name":"historieta","article_modified_time":"2024-03-29T11:32:50+00:00","og_image":[{"width":600,"height":600,"url":"https:\/\/www.historieta.es\/wp-content\/uploads\/2024\/03\/Tintin-a-Barcelona.-Homenatge-a-Herge.png","type":"image\/png"}],"twitter_card":"summary_large_image","twitter_misc":{"Tiempo de lectura":"2 minutos"},"schema":{"@context":"https:\/\/schema.org","@graph":[{"@type":"WebPage","@id":"https:\/\/www.historieta.es\/?product=tintin-a-barcelona-homenatge-a-herge","url":"https:\/\/www.historieta.es\/?product=tintin-a-barcelona-homenatge-a-herge","name":"Tint\u00edn a Barcelona. Homenatge a Herg\u00e9","isPartOf":{"@id":"https:\/\/www.historieta.es\/#website"},"primaryImageOfPage":{"@id":"https:\/\/www.historieta.es\/?product=tintin-a-barcelona-homenatge-a-herge#primaryimage"},"image":{"@id":"https:\/\/www.historieta.es\/?product=tintin-a-barcelona-homenatge-a-herge#primaryimage"},"thumbnailUrl":"https:\/\/www.historieta.es\/wp-content\/uploads\/2024\/03\/Tintin-a-Barcelona.-Homenatge-a-Herge.png","datePublished":"2024-03-29T11:32:27+00:00","dateModified":"2024-03-29T11:32:50+00:00","breadcrumb":{"@id":"https:\/\/www.historieta.es\/?product=tintin-a-barcelona-homenatge-a-herge#breadcrumb"},"inLanguage":"es","potentialAction":[{"@type":"ReadAction","target":["https:\/\/www.historieta.es\/?product=tintin-a-barcelona-homenatge-a-herge"]}]},{"@type":"ImageObject","inLanguage":"es","@id":"https:\/\/www.historieta.es\/?product=tintin-a-barcelona-homenatge-a-herge#primaryimage","url":"https:\/\/www.historieta.es\/wp-content\/uploads\/2024\/03\/Tintin-a-Barcelona.-Homenatge-a-Herge.png","contentUrl":"https:\/\/www.historieta.es\/wp-content\/uploads\/2024\/03\/Tintin-a-Barcelona.-Homenatge-a-Herge.png","width":600,"height":600},{"@type":"BreadcrumbList","@id":"https:\/\/www.historieta.es\/?product=tintin-a-barcelona-homenatge-a-herge#breadcrumb","itemListElement":[{"@type":"ListItem","position":1,"name":"Portada","item":"https:\/\/www.historieta.es\/"},{"@type":"ListItem","position":2,"name":"Productos","item":"https:\/\/www.historieta.es\/?post_type=product"},{"@type":"ListItem","position":3,"name":"Tint\u00edn a Barcelona. Homenatge a Herg\u00e9"}]},{"@type":"WebSite","@id":"https:\/\/www.historieta.es\/#website","url":"https:\/\/www.historieta.es\/","name":"historieta","description":"sitio de comic","potentialAction":[{"@type":"SearchAction","target":{"@type":"EntryPoint","urlTemplate":"https:\/\/www.historieta.es\/?s={search_term_string}"},"query-input":{"@type":"PropertyValueSpecification","valueRequired":true,"valueName":"search_term_string"}}],"inLanguage":"es"}]}},"_links":{"self":[{"href":"https:\/\/www.historieta.es\/index.php?rest_route=\/wp\/v2\/product\/10929","targetHints":{"allow":["GET"]}}],"collection":[{"href":"https:\/\/www.historieta.es\/index.php?rest_route=\/wp\/v2\/product"}],"about":[{"href":"https:\/\/www.historieta.es\/index.php?rest_route=\/wp\/v2\/types\/product"}],"wp:featuredmedia":[{"embeddable":true,"href":"https:\/\/www.historieta.es\/index.php?rest_route=\/wp\/v2\/media\/10930"}],"wp:attachment":[{"href":"https:\/\/www.historieta.es\/index.php?rest_route=%2Fwp%2Fv2%2Fmedia&parent=10929"}],"wp:term":[{"taxonomy":"product_brand","embeddable":true,"href":"https:\/\/www.historieta.es\/index.php?rest_route=%2Fwp%2Fv2%2Fproduct_brand&post=10929"},{"taxonomy":"product_cat","embeddable":true,"href":"https:\/\/www.historieta.es\/index.php?rest_route=%2Fwp%2Fv2%2Fproduct_cat&post=10929"},{"taxonomy":"product_tag","embeddable":true,"href":"https:\/\/www.historieta.es\/index.php?rest_route=%2Fwp%2Fv2%2Fproduct_tag&post=10929"}],"curies":[{"name":"wp","href":"https:\/\/api.w.org\/{rel}","templated":true}]}}