{"id":10845,"date":"2024-03-29T06:58:03","date_gmt":"2024-03-29T06:58:03","guid":{"rendered":"https:\/\/www.historieta.es\/?post_type=product&#038;p=10845"},"modified":"2024-03-29T07:00:14","modified_gmt":"2024-03-29T07:00:14","slug":"la-historieta-peruana-los-promeros-80-anos-1887-1967","status":"publish","type":"product","link":"https:\/\/www.historieta.es\/?product=la-historieta-peruana-los-promeros-80-anos-1887-1967","title":{"rendered":"La historieta peruana. Los promeros 80 a\u00f1os 1887-1967"},"content":{"rendered":"<p>[et_pb_section fb_built=\u00bb1&#8243; _builder_version=\u00bb4.20.2&#8243; custom_margin=\u00bb-44px|0px|-44px|0px|true|true\u00bb custom_padding=\u00bb0px|0px|0px|0px|true|true\u00bb collapsed=\u00bboff\u00bb global_colors_info=\u00bb{}\u00bb theme_builder_area=\u00bbpost_content\u00bb][et_pb_row column_structure=\u00bb2_5,3_5&#8243; _builder_version=\u00bb4.20.2&#8243; background_size=\u00bbinitial\u00bb background_position=\u00bbtop_left\u00bb background_repeat=\u00bbrepeat\u00bb width=\u00bb100%\u00bb custom_margin=\u00bb0px|0px|0px|0px|true|true\u00bb custom_padding=\u00bb0px|0px|0px|0px|true|true\u00bb global_colors_info=\u00bb{}\u00bb theme_builder_area=\u00bbpost_content\u00bb][et_pb_column type=\u00bb2_5&#8243; _builder_version=\u00bb4.16&#8243; custom_padding=\u00bb|||\u00bb global_colors_info=\u00bb{}\u00bb custom_padding__hover=\u00bb|||\u00bb theme_builder_area=\u00bbpost_content\u00bb][et_pb_wc_images _builder_version=\u00bb4.20.2&#8243; box_shadow_style=\u00bbpreset1&#8243; global_colors_info=\u00bb{}\u00bb theme_builder_area=\u00bbpost_content\u00bb][\/et_pb_wc_images][\/et_pb_column][et_pb_column type=\u00bb3_5&#8243; _builder_version=\u00bb4.20.2&#8243; _module_preset=\u00bbdefault\u00bb global_colors_info=\u00bb{}\u00bb theme_builder_area=\u00bbpost_content\u00bb][et_pb_tabs _builder_version=\u00bb4.20.2&#8243; _module_preset=\u00bbdefault\u00bb hover_enabled=\u00bb0&#8243; global_colors_info=\u00bb{}\u00bb theme_builder_area=\u00bbpost_content\u00bb sticky_enabled=\u00bb0&#8243;][et_pb_tab title=\u00bbDatos\u00bb _builder_version=\u00bb4.20.2&#8243; _module_preset=\u00bbdefault\u00bb hover_enabled=\u00bb0&#8243; global_colors_info=\u00bb{}\u00bb theme_builder_area=\u00bbpost_content\u00bb sticky_enabled=\u00bb0&#8243;]<\/p>\n<p>Autor: Carla Sag\u00e1stegui<\/p>\n<p>Entidad: Instituto cultural peruano norteamericano<\/p>\n<p>Ciudad: Lima<\/p>\n<p>Pa\u00eds: Per\u00fa<\/p>\n<p>Tama\u00f1o: 22,6&#215;29<\/p>\n<p>P\u00e1ginas: 124<\/p>\n<p>A\u00f1o: 2004<\/p>\n<p>Dep\u00f3sito legal:<\/p>\n<p>ISBN: 978-9972955969\u00a0<\/p>\n<p><strong>IDIOMA: Castellano<br \/><\/strong><\/p>\n<p>[\/et_pb_tab][et_pb_tab title=\u00bbDescripci\u00f3n\u00bb _builder_version=\u00bb4.20.2&#8243; _module_preset=\u00bbdefault\u00bb hover_enabled=\u00bb0&#8243; global_colors_info=\u00bb{}\u00bb theme_builder_area=\u00bbpost_content\u00bb sticky_enabled=\u00bb0&#8243;]<\/p>\n<p>Cat\u00e1logo de la exposici\u00f3n, presentada por el icpna, que nos muestra la investigaci\u00f3n, dirigida por carla sag\u00e1stegui, sobre la vida de la historieta en el per\u00fa. incluidas est\u00e1n las im\u00e1genes del \u00abper\u00fa ilustrado\u00bb, las publicaciones de mordaz humor pol\u00edtico de \u00abfray k bez\u00f3n\u00bb y \u00abmonos y monadas\u00bb en los primeros a\u00f1os del siglo xx, la tira c\u00f3mica de mediados de siglo y la larga saga de \u00abavanzada\u00bb de la d\u00e9cada de 1960. en este recorrido vemos c\u00f3mo desde muy temprano la s\u00e1tira acompa\u00f1\u00f3 el fervor pol\u00edtico del per\u00fa republicano y en qu\u00e9 medida a trav\u00e9s de la revista \u00abavanzada\u00bb se propici\u00f3 la integraci\u00f3n de un pa\u00eds tan complejo como el nuestro.enlacela historieta peruana. los primeros 80 a\u00f1os. 1887 1967.<\/p>\n<p>[\/et_pb_tab][et_pb_tab title=\u00bbBibliograf\u00eda\u00bb _builder_version=\u00bb4.20.2&#8243; _module_preset=\u00bbdefault\u00bb global_colors_info=\u00bb{}\u00bb theme_builder_area=\u00bbpost_content\u00bb][\/et_pb_tab][\/et_pb_tabs][et_pb_wc_title _builder_version=\u00bb4.20.2&#8243; header_font=\u00bb|600|||||||\u00bb header_text_color=\u00bb#0C71C3&#8243; header_font_size=\u00bb25px\u00bb custom_margin=\u00bb0px|0px|0px|0px|true|true\u00bb custom_padding=\u00bb0px|0px|0px|0px|true|true\u00bb global_colors_info=\u00bb{}\u00bb theme_builder_area=\u00bbpost_content\u00bb][\/et_pb_wc_title][\/et_pb_column][\/et_pb_row][\/et_pb_section][et_pb_section fb_built=\u00bb1&#8243; _builder_version=\u00bb4.20.2&#8243; _module_preset=\u00bbdefault\u00bb global_colors_info=\u00bb{}\u00bb theme_builder_area=\u00bbpost_content\u00bb][\/et_pb_section][et_pb_section fb_built=\u00bb1&#8243; _builder_version=\u00bb4.20.2&#8243; _module_preset=\u00bbdefault\u00bb global_colors_info=\u00bb{}\u00bb theme_builder_area=\u00bbpost_content\u00bb][\/et_pb_section]<\/p>\n","protected":false},"excerpt":{"rendered":"<p>La historieta peruana. Los promeros 80 a\u00f1os 1887-1967, Per\u00fa , Castellano, Carla Sag\u00e1stegui, Instituto cultural peruano norteamericano, Lima<\/p>\n","protected":false},"featured_media":10846,"template":"","meta":{"_et_pb_use_builder":"on","_et_pb_old_content":"","_et_gb_content_width":"","_monsterinsights_skip_tracking":false,"_monsterinsights_sitenote_active":false,"_monsterinsights_sitenote_note":"","_monsterinsights_sitenote_category":0},"product_brand":[],"product_cat":[33],"product_tag":[],"class_list":{"0":"post-10845","1":"product","2":"type-product","3":"status-publish","4":"has-post-thumbnail","6":"product_cat-catalogos","8":"first","9":"instock","10":"shipping-taxable","11":"product-type-simple"},"yoast_head":"<!-- This site is optimized with the Yoast SEO plugin v27.2 - https:\/\/yoast.com\/product\/yoast-seo-wordpress\/ -->\n<title>La historieta peruana. Los promeros 80 a\u00f1os 1887-1967<\/title>\n<meta name=\"robots\" content=\"index, follow, max-snippet:-1, max-image-preview:large, max-video-preview:-1\" \/>\n<link rel=\"canonical\" href=\"https:\/\/www.historieta.es\/?product=la-historieta-peruana-los-promeros-80-anos-1887-1967\" \/>\n<meta property=\"og:locale\" content=\"es_ES\" \/>\n<meta property=\"og:type\" content=\"article\" \/>\n<meta property=\"og:title\" content=\"La historieta peruana. Los promeros 80 a\u00f1os 1887-1967\" \/>\n<meta property=\"og:description\" content=\"La historieta peruana. Los promeros 80 a\u00f1os 1887-1967, Per\u00fa , Castellano, Carla Sag\u00e1stegui, Instituto cultural peruano norteamericano, Lima\" \/>\n<meta property=\"og:url\" content=\"https:\/\/www.historieta.es\/?product=la-historieta-peruana-los-promeros-80-anos-1887-1967\" \/>\n<meta property=\"og:site_name\" content=\"historieta\" \/>\n<meta property=\"article:modified_time\" content=\"2024-03-29T07:00:14+00:00\" \/>\n<meta property=\"og:image\" content=\"https:\/\/www.historieta.es\/wp-content\/uploads\/2024\/03\/La-historieta-peruana.-Los-primeros-80-anos-1887-1967.png\" \/>\n\t<meta property=\"og:image:width\" content=\"600\" \/>\n\t<meta property=\"og:image:height\" content=\"600\" \/>\n\t<meta property=\"og:image:type\" content=\"image\/png\" \/>\n<meta name=\"twitter:card\" content=\"summary_large_image\" \/>\n<meta name=\"twitter:label1\" content=\"Tiempo de lectura\" \/>\n\t<meta name=\"twitter:data1\" content=\"2 minutos\" \/>\n<script type=\"application\/ld+json\" class=\"yoast-schema-graph\">{\"@context\":\"https:\/\/schema.org\",\"@graph\":[{\"@type\":\"WebPage\",\"@id\":\"https:\/\/www.historieta.es\/?product=la-historieta-peruana-los-promeros-80-anos-1887-1967\",\"url\":\"https:\/\/www.historieta.es\/?product=la-historieta-peruana-los-promeros-80-anos-1887-1967\",\"name\":\"La historieta peruana. Los promeros 80 a\u00f1os 1887-1967\",\"isPartOf\":{\"@id\":\"https:\/\/www.historieta.es\/#website\"},\"primaryImageOfPage\":{\"@id\":\"https:\/\/www.historieta.es\/?product=la-historieta-peruana-los-promeros-80-anos-1887-1967#primaryimage\"},\"image\":{\"@id\":\"https:\/\/www.historieta.es\/?product=la-historieta-peruana-los-promeros-80-anos-1887-1967#primaryimage\"},\"thumbnailUrl\":\"https:\/\/www.historieta.es\/wp-content\/uploads\/2024\/03\/La-historieta-peruana.-Los-primeros-80-anos-1887-1967.png\",\"datePublished\":\"2024-03-29T06:58:03+00:00\",\"dateModified\":\"2024-03-29T07:00:14+00:00\",\"breadcrumb\":{\"@id\":\"https:\/\/www.historieta.es\/?product=la-historieta-peruana-los-promeros-80-anos-1887-1967#breadcrumb\"},\"inLanguage\":\"es\",\"potentialAction\":[{\"@type\":\"ReadAction\",\"target\":[\"https:\/\/www.historieta.es\/?product=la-historieta-peruana-los-promeros-80-anos-1887-1967\"]}]},{\"@type\":\"ImageObject\",\"inLanguage\":\"es\",\"@id\":\"https:\/\/www.historieta.es\/?product=la-historieta-peruana-los-promeros-80-anos-1887-1967#primaryimage\",\"url\":\"https:\/\/www.historieta.es\/wp-content\/uploads\/2024\/03\/La-historieta-peruana.-Los-primeros-80-anos-1887-1967.png\",\"contentUrl\":\"https:\/\/www.historieta.es\/wp-content\/uploads\/2024\/03\/La-historieta-peruana.-Los-primeros-80-anos-1887-1967.png\",\"width\":600,\"height\":600},{\"@type\":\"BreadcrumbList\",\"@id\":\"https:\/\/www.historieta.es\/?product=la-historieta-peruana-los-promeros-80-anos-1887-1967#breadcrumb\",\"itemListElement\":[{\"@type\":\"ListItem\",\"position\":1,\"name\":\"Portada\",\"item\":\"https:\/\/www.historieta.es\/\"},{\"@type\":\"ListItem\",\"position\":2,\"name\":\"Productos\",\"item\":\"https:\/\/www.historieta.es\/?post_type=product\"},{\"@type\":\"ListItem\",\"position\":3,\"name\":\"La historieta peruana. Los promeros 80 a\u00f1os 1887-1967\"}]},{\"@type\":\"WebSite\",\"@id\":\"https:\/\/www.historieta.es\/#website\",\"url\":\"https:\/\/www.historieta.es\/\",\"name\":\"historieta\",\"description\":\"sitio de comic\",\"potentialAction\":[{\"@type\":\"SearchAction\",\"target\":{\"@type\":\"EntryPoint\",\"urlTemplate\":\"https:\/\/www.historieta.es\/?s={search_term_string}\"},\"query-input\":{\"@type\":\"PropertyValueSpecification\",\"valueRequired\":true,\"valueName\":\"search_term_string\"}}],\"inLanguage\":\"es\"}]}<\/script>\n<!-- \/ Yoast SEO plugin. -->","yoast_head_json":{"title":"La historieta peruana. Los promeros 80 a\u00f1os 1887-1967","robots":{"index":"index","follow":"follow","max-snippet":"max-snippet:-1","max-image-preview":"max-image-preview:large","max-video-preview":"max-video-preview:-1"},"canonical":"https:\/\/www.historieta.es\/?product=la-historieta-peruana-los-promeros-80-anos-1887-1967","og_locale":"es_ES","og_type":"article","og_title":"La historieta peruana. Los promeros 80 a\u00f1os 1887-1967","og_description":"La historieta peruana. Los promeros 80 a\u00f1os 1887-1967, Per\u00fa , Castellano, Carla Sag\u00e1stegui, Instituto cultural peruano norteamericano, Lima","og_url":"https:\/\/www.historieta.es\/?product=la-historieta-peruana-los-promeros-80-anos-1887-1967","og_site_name":"historieta","article_modified_time":"2024-03-29T07:00:14+00:00","og_image":[{"width":600,"height":600,"url":"https:\/\/www.historieta.es\/wp-content\/uploads\/2024\/03\/La-historieta-peruana.-Los-primeros-80-anos-1887-1967.png","type":"image\/png"}],"twitter_card":"summary_large_image","twitter_misc":{"Tiempo de lectura":"2 minutos"},"schema":{"@context":"https:\/\/schema.org","@graph":[{"@type":"WebPage","@id":"https:\/\/www.historieta.es\/?product=la-historieta-peruana-los-promeros-80-anos-1887-1967","url":"https:\/\/www.historieta.es\/?product=la-historieta-peruana-los-promeros-80-anos-1887-1967","name":"La historieta peruana. Los promeros 80 a\u00f1os 1887-1967","isPartOf":{"@id":"https:\/\/www.historieta.es\/#website"},"primaryImageOfPage":{"@id":"https:\/\/www.historieta.es\/?product=la-historieta-peruana-los-promeros-80-anos-1887-1967#primaryimage"},"image":{"@id":"https:\/\/www.historieta.es\/?product=la-historieta-peruana-los-promeros-80-anos-1887-1967#primaryimage"},"thumbnailUrl":"https:\/\/www.historieta.es\/wp-content\/uploads\/2024\/03\/La-historieta-peruana.-Los-primeros-80-anos-1887-1967.png","datePublished":"2024-03-29T06:58:03+00:00","dateModified":"2024-03-29T07:00:14+00:00","breadcrumb":{"@id":"https:\/\/www.historieta.es\/?product=la-historieta-peruana-los-promeros-80-anos-1887-1967#breadcrumb"},"inLanguage":"es","potentialAction":[{"@type":"ReadAction","target":["https:\/\/www.historieta.es\/?product=la-historieta-peruana-los-promeros-80-anos-1887-1967"]}]},{"@type":"ImageObject","inLanguage":"es","@id":"https:\/\/www.historieta.es\/?product=la-historieta-peruana-los-promeros-80-anos-1887-1967#primaryimage","url":"https:\/\/www.historieta.es\/wp-content\/uploads\/2024\/03\/La-historieta-peruana.-Los-primeros-80-anos-1887-1967.png","contentUrl":"https:\/\/www.historieta.es\/wp-content\/uploads\/2024\/03\/La-historieta-peruana.-Los-primeros-80-anos-1887-1967.png","width":600,"height":600},{"@type":"BreadcrumbList","@id":"https:\/\/www.historieta.es\/?product=la-historieta-peruana-los-promeros-80-anos-1887-1967#breadcrumb","itemListElement":[{"@type":"ListItem","position":1,"name":"Portada","item":"https:\/\/www.historieta.es\/"},{"@type":"ListItem","position":2,"name":"Productos","item":"https:\/\/www.historieta.es\/?post_type=product"},{"@type":"ListItem","position":3,"name":"La historieta peruana. Los promeros 80 a\u00f1os 1887-1967"}]},{"@type":"WebSite","@id":"https:\/\/www.historieta.es\/#website","url":"https:\/\/www.historieta.es\/","name":"historieta","description":"sitio de comic","potentialAction":[{"@type":"SearchAction","target":{"@type":"EntryPoint","urlTemplate":"https:\/\/www.historieta.es\/?s={search_term_string}"},"query-input":{"@type":"PropertyValueSpecification","valueRequired":true,"valueName":"search_term_string"}}],"inLanguage":"es"}]}},"_links":{"self":[{"href":"https:\/\/www.historieta.es\/index.php?rest_route=\/wp\/v2\/product\/10845","targetHints":{"allow":["GET"]}}],"collection":[{"href":"https:\/\/www.historieta.es\/index.php?rest_route=\/wp\/v2\/product"}],"about":[{"href":"https:\/\/www.historieta.es\/index.php?rest_route=\/wp\/v2\/types\/product"}],"wp:featuredmedia":[{"embeddable":true,"href":"https:\/\/www.historieta.es\/index.php?rest_route=\/wp\/v2\/media\/10846"}],"wp:attachment":[{"href":"https:\/\/www.historieta.es\/index.php?rest_route=%2Fwp%2Fv2%2Fmedia&parent=10845"}],"wp:term":[{"taxonomy":"product_brand","embeddable":true,"href":"https:\/\/www.historieta.es\/index.php?rest_route=%2Fwp%2Fv2%2Fproduct_brand&post=10845"},{"taxonomy":"product_cat","embeddable":true,"href":"https:\/\/www.historieta.es\/index.php?rest_route=%2Fwp%2Fv2%2Fproduct_cat&post=10845"},{"taxonomy":"product_tag","embeddable":true,"href":"https:\/\/www.historieta.es\/index.php?rest_route=%2Fwp%2Fv2%2Fproduct_tag&post=10845"}],"curies":[{"name":"wp","href":"https:\/\/api.w.org\/{rel}","templated":true}]}}