{"id":2578,"date":"2023-05-17T06:59:17","date_gmt":"2023-05-17T06:59:17","guid":{"rendered":"https:\/\/www.historieta.es\/?page_id=2578"},"modified":"2025-12-26T20:40:54","modified_gmt":"2025-12-26T20:40:54","slug":"underground","status":"publish","type":"page","link":"https:\/\/www.historieta.es\/?page_id=2578","title":{"rendered":"underground"},"content":{"rendered":"<p>[et_pb_section fb_built=\u00bb1&#8243; _builder_version=\u00bb4.24.3&#8243; _module_preset=\u00bbdefault\u00bb custom_padding=\u00bb25px||14px|||\u00bb global_colors_info=\u00bb{}\u00bb][et_pb_row column_structure=\u00bb3_4,1_4&#8243; _builder_version=\u00bb4.24.3&#8243; _module_preset=\u00bbdefault\u00bb global_colors_info=\u00bb{}\u00bb][et_pb_column type=\u00bb3_4&#8243; _builder_version=\u00bb4.24.3&#8243; _module_preset=\u00bbdefault\u00bb global_colors_info=\u00bb{}\u00bb][et_pb_image src=\u00bbhttps:\/\/www.historieta.es\/wp-content\/uploads\/2024\/04\/Underground-Nazario.png\u00bb title_text=\u00bbUnderground&#8212;Nazario\u00bb show_in_lightbox=\u00bbon\u00bb _builder_version=\u00bb4.24.3&#8243; _module_preset=\u00bbdefault\u00bb global_colors_info=\u00bb{}\u00bb]<\/p>\n<p>[\/et_pb_image][et_pb_text _builder_version=\u00bb4.24.3&#8243; _module_preset=\u00bbdefault\u00bb text_font=\u00bb|700|||||||\u00bb text_text_color=\u00bb#0C71C3&#8243; text_orientation=\u00bbjustified\u00bb global_colors_info=\u00bb{}\u00bb]<\/p>\n<p>subterraneo<span style=\"color: #000000;\"> \u2013<\/span> <span style=\"color: #808080;\">subterr\u00e2neo<\/span><\/p>\n<p>Este apartado recoger\u00e1 todas las publicaciones Underground de Espa\u00f1a, as\u00ed como las ediciones te\u00f3ricas que, sobre este fen\u00f3meno, se han ido produciendo, tanto en vida del movimiento como en a\u00f1os posteriores. Una tercera pesta\u00f1a nos introducir\u00e1 en el terreno de las miscel\u00e1neas producidas durante los a\u00f1os del Underground y que fueron creadas por sus autores o tuvieron que ver con ellos. <span style=\"color: #000000;\">&#8211;<\/span> <span style=\"color: #808080;\">Esta sec\u00e7\u00e3o incluir\u00e1 todas as publica\u00e7\u00f5es underground em Espanha, bem como as edi\u00e7\u00f5es te\u00f3ricas que, sobre este fen\u00f3meno, foram produzidas, tanto durante a vida do movimento como nos anos subsequentes. Uma terceira aba nos apresentar\u00e1 o campo das miscel\u00e2neas produzidas durante os anos do Underground e que foram criadas por seus autores ou tiveram a ver com eles.<\/span><\/p>\n<p>[\/et_pb_text][et_pb_divider _builder_version=\u00bb4.24.3&#8243; _module_preset=\u00bbdefault\u00bb global_colors_info=\u00bb{}\u00bb][\/et_pb_divider][et_pb_image src=\u00bbhttps:\/\/www.historieta.es\/wp-content\/uploads\/2024\/04\/publicaciones-color.jpg\u00bb title_text=\u00bbpublicaciones-color\u00bb url=\u00bbhttps:\/\/www.historieta.es\/?page_id=2588&#8243; align=\u00bbcenter\u00bb _builder_version=\u00bb4.24.3&#8243; _module_preset=\u00bbdefault\u00bb width=\u00bb20%\u00bb global_colors_info=\u00bb{}\u00bb][\/et_pb_image][et_pb_image src=\u00bbhttps:\/\/www.historieta.es\/wp-content\/uploads\/2024\/04\/teoria-y-compilacion.jpg\u00bb title_text=\u00bbteoria y compilacion\u00bb url=\u00bbhttps:\/\/www.historieta.es\/?page_id=5512&#8243; show_bottom_space=\u00bboff\u00bb align=\u00bbcenter\u00bb _builder_version=\u00bb4.24.3&#8243; _module_preset=\u00bbdefault\u00bb width=\u00bb20%\u00bb custom_margin=\u00bb-31px||||false|false\u00bb global_colors_info=\u00bb{}\u00bb][\/et_pb_image][et_pb_image src=\u00bbhttps:\/\/www.historieta.es\/wp-content\/uploads\/2024\/04\/miscelanea.jpg\u00bb title_text=\u00bbmiscelanea\u00bb url=\u00bbhttps:\/\/www.historieta.es\/?page_id=19547&#8243; show_bottom_space=\u00bboff\u00bb align=\u00bbcenter\u00bb _builder_version=\u00bb4.25.0&#8243; _module_preset=\u00bbdefault\u00bb width=\u00bb20%\u00bb custom_margin=\u00bb0px||||false|false\u00bb global_colors_info=\u00bb{}\u00bb][\/et_pb_image][\/et_pb_column][et_pb_column type=\u00bb1_4&#8243; _builder_version=\u00bb4.24.3&#8243; _module_preset=\u00bbdefault\u00bb global_colors_info=\u00bb{}\u00bb][et_pb_image src=\u00bbhttps:\/\/www.historieta.es\/wp-content\/uploads\/2024\/04\/Underground-noticias.png\u00bb title_text=\u00bbUnderground-noticias\u00bb _builder_version=\u00bb4.24.3&#8243; _module_preset=\u00bbdefault\u00bb global_colors_info=\u00bb{}\u00bb]<\/p>\n<p>[\/et_pb_image][et_pb_image src=\u00bbhttps:\/\/www.historieta.es\/wp-content\/uploads\/2025\/03\/Cronicas-del-gran-tirano.png\u00bb title_text=\u00bbCro\u0301nicas-del-gran-tirano\u00bb show_in_lightbox=\u00bbon\u00bb _builder_version=\u00bb4.25.0&#8243; _module_preset=\u00bbdefault\u00bb global_colors_info=\u00bb{}\u00bb]<\/p>\n<p>[\/et_pb_image][et_pb_text _builder_version=\u00bb4.25.0&#8243; _module_preset=\u00bbdefault\u00bb text_text_color=\u00bbRGBA(255,255,255,0)\u00bb text_font_size=\u00bb12px\u00bb text_line_height=\u00bb1.6em\u00bb text_orientation=\u00bbjustified\u00bb global_colors_info=\u00bb{}\u00bb]<\/p>\n<p><span style=\"color: #993300;\">Un cap\u00edtulo m\u00e1s en la ya dilatada biograf\u00eda de Nazario. Tras La vida cotidiana del dibujante underground (2016), Sevilla y la Casita de las Pira\u00f1as (2018) y Un pacto con el placer (2021), nos llega ahora Cr\u00f3nicas del gran tirano (2025), visi\u00f3n contempor\u00e1nea de La plaza Real de Barcelona y de los personajes que en ella deambulaban antes de la llegada de la limpieza social de la Guardia Urbana como protectora del turismo de masas.<\/span><\/p>\n<p><span style=\"color: #993300;\">Nazario es para la historieta marginal espa\u00f1ola lo que Crumb fue para la norteamericana. Alguien sin el cual no se entender\u00eda el fen\u00f3meno cultural resultante.<\/span><\/p>\n<p>[\/et_pb_text][et_pb_divider _builder_version=\u00bb4.25.0&#8243; _module_preset=\u00bbdefault\u00bb hover_enabled=\u00bb0&#8243; sticky_enabled=\u00bb0&#8243;][\/et_pb_divider][\/et_pb_column][\/et_pb_row][et_pb_row _builder_version=\u00bb4.24.3&#8243; _module_preset=\u00bbdefault\u00bb global_colors_info=\u00bb{}\u00bb][et_pb_column type=\u00bb4_4&#8243; _builder_version=\u00bb4.24.3&#8243; _module_preset=\u00bbdefault\u00bb global_colors_info=\u00bb{}\u00bb][\/et_pb_column][\/et_pb_row][\/et_pb_section]<\/p>\n","protected":false},"excerpt":{"rendered":"<p>subterraneo \u2013 subterr\u00e2neo Este apartado recoger\u00e1 todas las publicaciones Underground de Espa\u00f1a, as\u00ed como las ediciones te\u00f3ricas que, sobre este fen\u00f3meno, se han ido produciendo, tanto en vida del movimiento como en a\u00f1os posteriores. Una tercera pesta\u00f1a nos introducir\u00e1 en el terreno de las miscel\u00e1neas producidas durante los a\u00f1os del Underground y que fueron creadas [&hellip;]<\/p>\n","protected":false},"author":1,"featured_media":0,"parent":0,"menu_order":0,"comment_status":"closed","ping_status":"closed","template":"","meta":{"_et_pb_use_builder":"on","_et_pb_old_content":"","_et_gb_content_width":"","_monsterinsights_skip_tracking":false,"_monsterinsights_sitenote_active":false,"_monsterinsights_sitenote_note":"","_monsterinsights_sitenote_category":0,"footnotes":""},"class_list":["post-2578","page","type-page","status-publish","hentry"],"yoast_head":"<!-- This site is optimized with the Yoast SEO plugin v27.2 - https:\/\/yoast.com\/product\/yoast-seo-wordpress\/ -->\n<title>underground | historieta<\/title>\n<meta name=\"robots\" content=\"index, follow, max-snippet:-1, max-image-preview:large, max-video-preview:-1\" \/>\n<link rel=\"canonical\" href=\"https:\/\/www.historieta.es\/?page_id=2578\" \/>\n<meta property=\"og:locale\" content=\"es_ES\" \/>\n<meta property=\"og:type\" content=\"article\" \/>\n<meta property=\"og:title\" content=\"underground | historieta\" \/>\n<meta property=\"og:description\" content=\"subterraneo \u2013 subterr\u00e2neo Este apartado recoger\u00e1 todas las publicaciones Underground de Espa\u00f1a, as\u00ed como las ediciones te\u00f3ricas que, sobre este fen\u00f3meno, se han ido produciendo, tanto en vida del movimiento como en a\u00f1os posteriores. Una tercera pesta\u00f1a nos introducir\u00e1 en el terreno de las miscel\u00e1neas producidas durante los a\u00f1os del Underground y que fueron creadas [&hellip;]\" \/>\n<meta property=\"og:url\" content=\"https:\/\/www.historieta.es\/?page_id=2578\" \/>\n<meta property=\"og:site_name\" content=\"historieta\" \/>\n<meta property=\"article:modified_time\" content=\"2025-12-26T20:40:54+00:00\" \/>\n<meta name=\"twitter:card\" content=\"summary_large_image\" \/>\n<meta name=\"twitter:label1\" content=\"Tiempo de lectura\" \/>\n\t<meta name=\"twitter:data1\" content=\"1 minuto\" \/>\n<script type=\"application\/ld+json\" class=\"yoast-schema-graph\">{\"@context\":\"https:\/\/schema.org\",\"@graph\":[{\"@type\":\"WebPage\",\"@id\":\"https:\/\/www.historieta.es\/?page_id=2578\",\"url\":\"https:\/\/www.historieta.es\/?page_id=2578\",\"name\":\"underground | historieta\",\"isPartOf\":{\"@id\":\"https:\/\/www.historieta.es\/#website\"},\"datePublished\":\"2023-05-17T06:59:17+00:00\",\"dateModified\":\"2025-12-26T20:40:54+00:00\",\"breadcrumb\":{\"@id\":\"https:\/\/www.historieta.es\/?page_id=2578#breadcrumb\"},\"inLanguage\":\"es\",\"potentialAction\":[{\"@type\":\"ReadAction\",\"target\":[\"https:\/\/www.historieta.es\/?page_id=2578\"]}]},{\"@type\":\"BreadcrumbList\",\"@id\":\"https:\/\/www.historieta.es\/?page_id=2578#breadcrumb\",\"itemListElement\":[{\"@type\":\"ListItem\",\"position\":1,\"name\":\"Portada\",\"item\":\"https:\/\/www.historieta.es\/\"},{\"@type\":\"ListItem\",\"position\":2,\"name\":\"underground\"}]},{\"@type\":\"WebSite\",\"@id\":\"https:\/\/www.historieta.es\/#website\",\"url\":\"https:\/\/www.historieta.es\/\",\"name\":\"historieta\",\"description\":\"sitio de comic\",\"potentialAction\":[{\"@type\":\"SearchAction\",\"target\":{\"@type\":\"EntryPoint\",\"urlTemplate\":\"https:\/\/www.historieta.es\/?s={search_term_string}\"},\"query-input\":{\"@type\":\"PropertyValueSpecification\",\"valueRequired\":true,\"valueName\":\"search_term_string\"}}],\"inLanguage\":\"es\"}]}<\/script>\n<!-- \/ Yoast SEO plugin. -->","yoast_head_json":{"title":"underground | historieta","robots":{"index":"index","follow":"follow","max-snippet":"max-snippet:-1","max-image-preview":"max-image-preview:large","max-video-preview":"max-video-preview:-1"},"canonical":"https:\/\/www.historieta.es\/?page_id=2578","og_locale":"es_ES","og_type":"article","og_title":"underground | historieta","og_description":"subterraneo \u2013 subterr\u00e2neo Este apartado recoger\u00e1 todas las publicaciones Underground de Espa\u00f1a, as\u00ed como las ediciones te\u00f3ricas que, sobre este fen\u00f3meno, se han ido produciendo, tanto en vida del movimiento como en a\u00f1os posteriores. Una tercera pesta\u00f1a nos introducir\u00e1 en el terreno de las miscel\u00e1neas producidas durante los a\u00f1os del Underground y que fueron creadas [&hellip;]","og_url":"https:\/\/www.historieta.es\/?page_id=2578","og_site_name":"historieta","article_modified_time":"2025-12-26T20:40:54+00:00","twitter_card":"summary_large_image","twitter_misc":{"Tiempo de lectura":"1 minuto"},"schema":{"@context":"https:\/\/schema.org","@graph":[{"@type":"WebPage","@id":"https:\/\/www.historieta.es\/?page_id=2578","url":"https:\/\/www.historieta.es\/?page_id=2578","name":"underground | historieta","isPartOf":{"@id":"https:\/\/www.historieta.es\/#website"},"datePublished":"2023-05-17T06:59:17+00:00","dateModified":"2025-12-26T20:40:54+00:00","breadcrumb":{"@id":"https:\/\/www.historieta.es\/?page_id=2578#breadcrumb"},"inLanguage":"es","potentialAction":[{"@type":"ReadAction","target":["https:\/\/www.historieta.es\/?page_id=2578"]}]},{"@type":"BreadcrumbList","@id":"https:\/\/www.historieta.es\/?page_id=2578#breadcrumb","itemListElement":[{"@type":"ListItem","position":1,"name":"Portada","item":"https:\/\/www.historieta.es\/"},{"@type":"ListItem","position":2,"name":"underground"}]},{"@type":"WebSite","@id":"https:\/\/www.historieta.es\/#website","url":"https:\/\/www.historieta.es\/","name":"historieta","description":"sitio de comic","potentialAction":[{"@type":"SearchAction","target":{"@type":"EntryPoint","urlTemplate":"https:\/\/www.historieta.es\/?s={search_term_string}"},"query-input":{"@type":"PropertyValueSpecification","valueRequired":true,"valueName":"search_term_string"}}],"inLanguage":"es"}]}},"_links":{"self":[{"href":"https:\/\/www.historieta.es\/index.php?rest_route=\/wp\/v2\/pages\/2578","targetHints":{"allow":["GET"]}}],"collection":[{"href":"https:\/\/www.historieta.es\/index.php?rest_route=\/wp\/v2\/pages"}],"about":[{"href":"https:\/\/www.historieta.es\/index.php?rest_route=\/wp\/v2\/types\/page"}],"author":[{"embeddable":true,"href":"https:\/\/www.historieta.es\/index.php?rest_route=\/wp\/v2\/users\/1"}],"replies":[{"embeddable":true,"href":"https:\/\/www.historieta.es\/index.php?rest_route=%2Fwp%2Fv2%2Fcomments&post=2578"}],"version-history":[{"count":28,"href":"https:\/\/www.historieta.es\/index.php?rest_route=\/wp\/v2\/pages\/2578\/revisions"}],"predecessor-version":[{"id":25765,"href":"https:\/\/www.historieta.es\/index.php?rest_route=\/wp\/v2\/pages\/2578\/revisions\/25765"}],"wp:attachment":[{"href":"https:\/\/www.historieta.es\/index.php?rest_route=%2Fwp%2Fv2%2Fmedia&parent=2578"}],"curies":[{"name":"wp","href":"https:\/\/api.w.org\/{rel}","templated":true}]}}